{"id":9212,"date":"2025-06-02T13:25:05","date_gmt":"2025-06-02T13:25:05","guid":{"rendered":"https:\/\/tarqitamaat.ca\/?page_id=9212"},"modified":"2026-04-13T18:19:24","modified_gmt":"2026-04-13T18:19:24","slug":"%e1%93%87%e1%91%a6%e1%93%af%e1%90%8a%e1%93%95%e1%90%85%e1%91%a6-mars-march-6","status":"publish","type":"page","link":"https:\/\/tarqitamaat.ca\/?page_id=9212","title":{"rendered":"\u14c7\u1466\u14ef\u140a\u14d5\u1405\u1466 | Mars | March"},"content":{"rendered":"\n<h2 class=\"wp-block-heading\"> \u1401\u1455 \u14f4\u1555\u140a\u1550\u152a\u1483 | Ida Saviarjuk<\/h2>\n\n\n\n<p class=\"has-very-light-gray-background-color has-background\"> \n\u14a5\u1550\u14f1\u144e\u1483, \u1401\u1455 \u14f4\u1555\u140a\u1550\u152a\u1483 \u14f4\u14ea\u14d7\u14a5\u1405\u1585. \u140a\u14aa\u1405\u144e\u14d5\u1405\u14f2\u148d\u14ef\u14aa\u14d5\u1550\u1450\u1585 19-\u14c2 \u140a\u1550\u154c\u148d\u14c2. \u14ef\u1557\u14ea\u14d5\u1439\u14c2 \u140a\u14aa\u1405\u14ef\u1405\u1550\u1450\u1555\u14c2\u1585 \u1403\u1550\u1591\u1455\u14a5\u14c2\u1483 \u140a\u1456\u14a6\u14c7\u14a5\u1483. \u1403\u14d5\u14d0\u14c2\u140a\u144e\u1466\u14ef\u1528\u1583\u1550\u14f1\u14c2 \u140b\u14c2 \u14c7\u14d7\u1403\u152a\u14a5\u1483 \u140a\u14bb\u14aa\u14d7 \u1403\u14d5\u1466\u14ef\u14ef\u14aa\u152d\u14a5\u14c2\u1483 \u140b\u14c2\u14a5\u1466 \u1403\u14d5\u14d0\u14c2\u140a\u144e\u1466\u14ef\u148d\u144e\u1583\u14f2\u1585 \u14c4\u14c7\u1555\u14bb\u14a5 \u14c7\u14c2\u1450\u1403\u14d0\u14c7\u1585 \u140a\u14bb\u14aa\u14d7 \u157f\u1450\u1550\u1593\u14a5\u14c2\u1483 \u140a\u14aa\u1405\u14ef\u1405\u1548\u14ef\u14a5\u1483 \u1405\u155d\u1559\u14d8\u14d0\u14c3\u1466 \u1472\u14bb\u14a5\u1405\u1548\u14ef\u14a5\u1483.<br>\n\u1403\u14d5\u1466\u144e\u1405\u144e\u14d5\u1405\u14f2\u1585 \u14c7\u14bb\u14a5\u14c2\u1585, \u140a\u14bb\u14aa\u14d7 \u1403\u14a3\u14d5\u1593\u144e\u14d7\u148e\u14da\u152a\u14c4\u1466 \u144e\u14d5\u1405\u1550\u1455\u1405\u14f2\u148d\u1490\u14c2\u1483 \u14a5\u1550\u14f1\u1548\u1466\u152d\u1405\u148d\u14aa\u152a\u14c4\u1466, \u146d\u14ef\u140a\u14c2 \u1403\u14d5\u1466\u144e\u1405\u144e\u14a5\u14c2\u1483 \u140a\u1450\u1548\u14aa\u152a\u1450\u1403\u14d0\u14c7\u14c2\u1483 \u140a\u1466\u1455\u1450\u1550\u144e\u14ef\u14f2\u148d\u1466\u14f1\u14c2. \u1403\u14da\u14d0\u14c8\u14a5\u14c4\u1466 \u140a\u14bb\u14aa\u14d7 \u1403\u14da\u14a5\u14c4\u1466 \u1401\u1555\u1405\u14f2\u1585 \u1431\u14c7\u14f1\u140a\u1550\u1455\u14a5\u14c2\u1483 \u14c7\u14d7\u14d5\u1550\u1450\u14c4\u1466. \u1405\u14ea\u14d8\u14c2 \u14aa\u1550\u1549\u14c2 \u140a\u14aa\u1405\u144e\u14d5\u140a\u14a5\u14c2\u1483 \u1431\u152d\u1547\u1548\u14d0\u14c7\u1450\u1585, \u140a\u14bb\u14aa\u14d7 \u1405\u14ea\u14d7\u1403\u14c7\u1585 \u1431\u152d\u1547\u1548\u14d0\u14c7\u14f1\u14c2 \u1472\u1483\u1472\u14db\u1550\u14ef\u1405\u144e\u14a5\u1483. \u1472\u14bb\u14a5\u1405\u14f2\u148d\u1466\u14f1\u14c2\u14d7, \u1433\u140a\u14d7\u14d5\u1405\u14f2\u148d\u1466\u14f1\u14c2\u14d7 \u140a\u14bb\u14aa\u14d7 \u14c7\u14f4\u14d5\u1405\u14f2\u148d\u1466\u14f1\u14c2.<br>\n\u1401\u1455 \u1403\u14c4\u1466\u14ef\u1405\u144e\u14c2\u1483 \u140a\u14d0\u14c4\u154c\u14d5\u1405\u1548\u14aa\u1583\u1466\u1455\u14ef\u152a\u1555\u14c2\u1585 \u144c\u14aa\u1595\u1593\u14c2\u1466 \u1403\u14c7\u1581\u148b\u1490\u14a5\u158f\u1466. \u14aa\u14d5\u1466\u14f1\u148b\u1466 \u140a\u14d0\u14c4\u154c\u14d5\u140a\u1546\u152d\u1405\u1583\u1466\u1455\u14d5\u1550\u1450\u1466 \u14c4\u1456\u14c2\u1483 \u140a\u1550\u154c\u148d\u1455\u14ab\u1466 \u1403\u14d5\u1466\u144e\u1405\u144e\u14d5\u1405\u14f2\u1585. \u144c\u14aa\u1595\u1593\u14c2\u1466 \u140a\u14a1\u1490\u14a5\u14c2\u1483 \u1431\u14c7\u14f1\u140a\u1548\u144e\u1583\u1546\u140a\u14a5\u1483 \u140a\u14d5\u140a\u1466\u14ef\u14aa\u152a\u1585, \u140a\u14c8\u14c7\u14a5\u144e\u1450\u1466, \u1403\u14aa\u14ea\u14da \u1455\u152d\u154b\u1550\u14a5\u1483, \u1472\u14bb\u14a5\u1405\u14ef\u144e\u1405\u14ef\u14aa\u152a\u14a5\u1483. \u140a\u14aa\u1405\u14ef\u1405\u14f2\u1585 \u14a5\u1550\u14f1\u152b\u1550\u14f1\u148b\u1466, \u140a\u14a1\u1490\u14a5\u14c4\u1466 \u14a5\u1550\u14f1\u14f2\u148d\u1490\u14d7\u140a\u1550\u14f1\u148b\u1466 \u14c4\u1403\u14da\u158f\u1466.<br>\n\u14a5\u1550\u14f1\u144e \u14aa\u1550\u1548\u1555\u1466\u14f1\u14c2 \u1401\u14ef\u14aa\u152a\u1585 \u14f4\u14c7\u14ef\u14aa\u152a\u14c2\u1483 \u1455\u146f\u1466\u14f4\u1405\u144e\u1466\u14ef\u148b\u140a\u1550\u1450\u1555\u14bb\u14a7\u1466 \u140b\u1450\u1557\u140a\u14a5 Northern Light Trade Show (\u1405\u14c7\u1405\u14c2\u154b\u1550\u1455\u1405\u14d5\u1550\u1450\u1585 Arqarniit Trade Show), \u1555\u1557\u140a\u1528\u1405\u1449 \u1455\u1550\u157f\u1593\u14c2 \u1455\u146f\u1466\u14f4\u1405\u144e\u1466\u14ef\u148b\u140a\u1550\u1450\u14ef\u14aa\u152a\u1585 \u1455\u14aa\u158f\u14d0\u14c2. \u1431\u14c7\u14f1\u140a\u1548\u14aa\u14d5\u1550\u14a5\u152a\u1585 \u140a\u1450\u1550\u14d7\u14c2 \u14c7\u1466\u14ef\u152d\u14c2\u1483 \u1472\u14bb\u14a5\u1405\u14d7\u14c2. \n\n \n<\/p>\n\n\n\n<p class=\"has-very-light-gray-background-color has-background\">La couturi\u00e8re, Ida Saviarjuk vient de Salluit. Elle fait des amautiit (manteaux traditionnels pour les m\u00e8res) depuis 19 ans maintenant. Le tout premier qu\u2019elle a r\u00e9alis\u00e9 \u00e9tait pour sa petite-fille, Ataamina. Sa professeure \u00e9tait Annie Nuluijuk et elle a suivi ses pas en enseignant \u00e0 travers le Nunavik et \u00e0 ses enfants comment faire un amautik ou des kamiik (bottes). <br> Elle fait ses propres patrons et ne fait pas de commandes sur mesure, mais elle partage ses patrons pour celles qui veulent les utiliser. Ses amies et les membres de sa famille vont la voir quand ils ne peuvent plus avancer leurs projets. \u00c7a lui prend deux jours pour faire un manteau pour adulte, et une journ\u00e9e pour faire un manteau pour enfant. Elle fait aussi des kamiik, pualuuk (mitaines) et nassait (tuques). <br>Ida voulait faire des v\u00eatements traditionnels parce qu\u2019elle les a toujours trouv\u00e9s magnifiques. Elle fait des nouveaux patrons chaque ann\u00e9e pour suivre la mode. Elle a toujours aim\u00e9 utiliser ses mains, comme sa m\u00e8re, Imalla Tajarak, qui faisait des kamiit. Elle utilise la machine pour coudre, mais cout la fourrure \u00e0 la main.  <br> La couturi\u00e8re est all\u00e9e \u00e0 deux reprise au Northern Lights Trade Show d\u2019Ottawa en f\u00e9vrier (aujourd\u2019hui appel\u00e9 Aqsarniit Trade Show). Son prochain projet est d\u2019utiliser la peau de phoque pour faire une paire kamiik. <\/p>\n\n\n\n<p class=\"has-very-light-gray-background-color has-background\"> The seamstress, Ida Saviarjuk is from Salluit. She has been doing amautiit (mothers\u2019 traditional coats) for 19 years now. Her first ever made was for her granddaughter Ataamina. Her teacher was Annie Nuluijuk and she followed her steps by teaching around Nunavik and to her children how to make amautik or kamiik (boots). <br> She makes her own patterns, and doesn\u2019t make custom delivery, but she shares her patterns with whom may want to use them. Her friends and family members go to her when they can\u2019t move forward with their projects. It takes her two days to make an adult coat, and a day for children\u2019s coat. She also does kamiik, pualuuk (mits) and nassait (hats). <br>Ida wanted to make traditional clothing because she always found them beautiful. She makes new patterns each year to follow the fashion. She always loved using her hands, like her mother, Imalla Tajarak, who used to make kamiit. She uses the machine to make her coats, but her hands sew the fur on them. <br> The seamstress has been twice to the Northern Light Trade Show in Ottawa (now Arqarniit Trade Show), both in the month of February. Her next project is to use seal skin and make a pair of kamiik. <\/p>\n\n\n\n<p>\u140a\u14ea\u14da\u1450\u1585 | Texte de | Text by: Jessie Fortier Ningiuruvik<\/p>\n\n\n<div class=\"rl-gallery-container splide rl-loading\" id=\"rl-gallery-container-1\" data-gallery_id=\"9268\"> <div class=\"rl-gallery rl-basicslider-gallery splide__track \" id=\"rl-gallery-1\" data-gallery_no=\"1\"> <ul class=\"splide__list\"> <li class=\"rl-gallery-item splide__slide\" data-thumb=\"https:\/\/tarqitamaat.ca\/wp-content\/uploads\/2026\/04\/IMG_2037.jpg\"> <a href=\"https:\/\/tarqitamaat.ca\/wp-content\/uploads\/2026\/04\/IMG_2037.jpg\" title=\"\" data-rl_title=\"\" class=\"rl-gallery-link\" data-rl_caption=\"\" data-rel=\"lightbox-gallery-1\"><img src=\"https:\/\/tarqitamaat.ca\/wp-content\/uploads\/2026\/04\/IMG_2037.jpg\" width=\"1536\" height=\"2048\" alt=\"\" \/><\/a> <\/li> <li class=\"rl-gallery-item splide__slide\" data-thumb=\"https:\/\/tarqitamaat.ca\/wp-content\/uploads\/2026\/04\/IMG_4239.jpg\"> <a href=\"https:\/\/tarqitamaat.ca\/wp-content\/uploads\/2026\/04\/IMG_4239.jpg\" title=\"\" data-rl_title=\"\" class=\"rl-gallery-link\" data-rl_caption=\"\" data-rel=\"lightbox-gallery-1\"><img src=\"https:\/\/tarqitamaat.ca\/wp-content\/uploads\/2026\/04\/IMG_4239.jpg\" width=\"1536\" height=\"2048\" alt=\"\" \/><\/a> <\/li> <li class=\"rl-gallery-item splide__slide\" data-thumb=\"https:\/\/tarqitamaat.ca\/wp-content\/uploads\/2026\/04\/IMG_1986-e1747746751225.jpg\"> <a href=\"https:\/\/tarqitamaat.ca\/wp-content\/uploads\/2026\/04\/IMG_1986-e1747746751225.jpg\" title=\"\" data-rl_title=\"\" class=\"rl-gallery-link\" data-rl_caption=\"\" data-rel=\"lightbox-gallery-1\"><img src=\"https:\/\/tarqitamaat.ca\/wp-content\/uploads\/2026\/04\/IMG_1986-e1747746751225.jpg\" width=\"1536\" height=\"1602\" alt=\"\" \/><\/a> <\/li> <li class=\"rl-gallery-item splide__slide\" data-thumb=\"https:\/\/tarqitamaat.ca\/wp-content\/uploads\/2026\/04\/IMG_8304.jpg\"> <a href=\"https:\/\/tarqitamaat.ca\/wp-content\/uploads\/2026\/04\/IMG_8304.jpg\" title=\"\" data-rl_title=\"\" class=\"rl-gallery-link\" data-rl_caption=\"\" data-rel=\"lightbox-gallery-1\"><img src=\"https:\/\/tarqitamaat.ca\/wp-content\/uploads\/2026\/04\/IMG_8304.jpg\" width=\"1536\" height=\"2048\" alt=\"\" \/><\/a> <\/li> <li class=\"rl-gallery-item splide__slide\" data-thumb=\"https:\/\/tarqitamaat.ca\/wp-content\/uploads\/2026\/04\/IMG_8303.jpg\"> <a href=\"https:\/\/tarqitamaat.ca\/wp-content\/uploads\/2026\/04\/IMG_8303.jpg\" title=\"\" data-rl_title=\"\" class=\"rl-gallery-link\" data-rl_caption=\"\" data-rel=\"lightbox-gallery-1\"><img src=\"https:\/\/tarqitamaat.ca\/wp-content\/uploads\/2026\/04\/IMG_8303.jpg\" width=\"1536\" height=\"2048\" alt=\"\" \/><\/a> <\/li> <li class=\"rl-gallery-item splide__slide\" data-thumb=\"https:\/\/tarqitamaat.ca\/wp-content\/uploads\/2026\/04\/IMG_8299.jpg\"> <a href=\"https:\/\/tarqitamaat.ca\/wp-content\/uploads\/2026\/04\/IMG_8299.jpg\" title=\"\" data-rl_title=\"\" class=\"rl-gallery-link\" data-rl_caption=\"\" data-rel=\"lightbox-gallery-1\"><img src=\"https:\/\/tarqitamaat.ca\/wp-content\/uploads\/2026\/04\/IMG_8299.jpg\" width=\"1536\" height=\"2048\" alt=\"\" \/><\/a> <\/li> <li class=\"rl-gallery-item splide__slide\" data-thumb=\"https:\/\/tarqitamaat.ca\/wp-content\/uploads\/2026\/04\/IMG_8310.jpg\"> <a href=\"https:\/\/tarqitamaat.ca\/wp-content\/uploads\/2026\/04\/IMG_8310.jpg\" title=\"\" data-rl_title=\"\" class=\"rl-gallery-link\" data-rl_caption=\"\" data-rel=\"lightbox-gallery-1\"><img src=\"https:\/\/tarqitamaat.ca\/wp-content\/uploads\/2026\/04\/IMG_8310.jpg\" width=\"2048\" height=\"1536\" alt=\"\" \/><\/a> <\/li> <\/ul> <\/div> <\/div>","protected":false},"excerpt":{"rendered":"<p>\u1401\u1455 \u14f4\u1555\u140a\u1550\u152a\u1483 | Ida Saviarjuk \u14a5\u1550\u14f1\u144e\u1483, \u1401\u1455 \u14f4\u1555\u140a\u1550\u152a\u1483 \u14f4\u14ea\u14d7\u14a5\u1405\u1585. \u140a\u14aa\u1405\u144e\u14d5\u1405\u14f2\u148d\u14ef\u14aa\u14d5\u1550\u1450\u1585 19-\u14c2 \u140a\u1550\u154c\u148d\u14c2. \u14ef\u1557\u14ea\u14d5\u1439\u14c2 \u140a\u14aa\u1405\u14ef\u1405\u1550\u1450\u1555\u14c2\u1585 \u1403\u1550\u1591\u1455\u14a5\u14c2\u1483 \u140a\u1456\u14a6\u14c7\u14a5\u1483. \u1403\u14d5\u14d0\u14c2\u140a\u144e\u1466\u14ef\u1528\u1583\u1550\u14f1\u14c2 \u140b\u14c2 \u14c7\u14d7\u1403\u152a\u14a5\u1483 \u140a\u14bb\u14aa\u14d7 \u1403\u14d5\u1466\u14ef\u14ef\u14aa\u152d\u14a5\u14c2\u1483 \u140b\u14c2\u14a5\u1466 \u1403\u14d5\u14d0\u14c2\u140a\u144e\u1466\u14ef\u148d\u144e\u1583\u14f2\u1585 \u14c4\u14c7\u1555\u14bb\u14a5 \u14c7\u14c2\u1450\u1403\u14d0\u14c7\u1585 \u140a\u14bb\u14aa\u14d7 \u157f\u1450\u1550\u1593\u14a5\u14c2\u1483 \u140a\u14aa\u1405\u14ef\u1405\u1548\u14ef\u14a5\u1483 \u1405\u155d\u1559\u14d8\u14d0\u14c3\u1466 \u1472\u14bb\u14a5\u1405\u1548\u14ef\u14a5\u1483. \u1403\u14d5\u1466\u144e\u1405\u144e\u14d5\u1405\u14f2\u1585 \u14c7\u14bb\u14a5\u14c2\u1585, \u140a\u14bb\u14aa\u14d7 \u1403\u14a3\u14d5\u1593\u144e\u14d7\u148e\u14da\u152a\u14c4\u1466 \u144e\u14d5\u1405\u1550\u1455\u1405\u14f2\u148d\u1490\u14c2\u1483 \u14a5\u1550\u14f1\u1548\u1466\u152d\u1405\u148d\u14aa\u152a\u14c4\u1466, \u146d\u14ef\u140a\u14c2 \u1403\u14d5\u1466\u144e\u1405\u144e\u14a5\u14c2\u1483 \u140a\u1450\u1548\u14aa\u152a\u1450\u1403\u14d0\u14c7\u14c2\u1483 \u140a\u1466\u1455\u1450\u1550\u144e\u14ef\u14f2\u148d\u1466\u14f1\u14c2. \u1403\u14da\u14d0\u14c8\u14a5\u14c4\u1466 \u140a\u14bb\u14aa\u14d7 \u1403\u14da\u14a5\u14c4\u1466 \u1401\u1555\u1405\u14f2\u1585 \u1431\u14c7\u14f1\u140a\u1550\u1455\u14a5\u14c2\u1483 \u14c7\u14d7\u14d5\u1550\u1450\u14c4\u1466. \u1405\u14ea\u14d8\u14c2 \u14aa\u1550\u1549\u14c2 \u140a\u14aa\u1405\u144e\u14d5\u140a\u14a5\u14c2\u1483 \u1431\u152d\u1547\u1548\u14d0\u14c7\u1450\u1585, \u140a\u14bb\u14aa\u14d7 \u1405\u14ea\u14d7\u1403\u14c7\u1585 \u1431\u152d\u1547\u1548\u14d0\u14c7\u14f1\u14c2 \u1472\u1483\u1472\u14db\u1550\u14ef\u1405\u144e\u14a5\u1483. \u1472\u14bb\u14a5\u1405\u14f2\u148d\u1466\u14f1\u14c2\u14d7, &hellip; <a href=\"https:\/\/tarqitamaat.ca\/?page_id=9212\" class=\"more-link\">Continue reading <span class=\"screen-reader-text\">\u14c7\u1466\u14ef\u140a\u14d5\u1405\u1466 | Mars | March<\/span> <span class=\"meta-nav\">&rarr;<\/span><\/a><\/p>\n","protected":false},"author":2,"featured_media":114723,"parent":0,"menu_order":0,"comment_status":"closed","ping_status":"closed","template":"","meta":[],"_links":{"self":[{"href":"https:\/\/tarqitamaat.ca\/index.php?rest_route=\/wp\/v2\/pages\/9212"}],"collection":[{"href":"https:\/\/tarqitamaat.ca\/index.php?rest_route=\/wp\/v2\/pages"}],"about":[{"href":"https:\/\/tarqitamaat.ca\/index.php?rest_route=\/wp\/v2\/types\/page"}],"author":[{"embeddable":true,"href":"https:\/\/tarqitamaat.ca\/index.php?rest_route=\/wp\/v2\/users\/2"}],"replies":[{"embeddable":true,"href":"https:\/\/tarqitamaat.ca\/index.php?rest_route=%2Fwp%2Fv2%2Fcomments&post=9212"}],"version-history":[{"count":1,"href":"https:\/\/tarqitamaat.ca\/index.php?rest_route=\/wp\/v2\/pages\/9212\/revisions"}],"predecessor-version":[{"id":114724,"href":"https:\/\/tarqitamaat.ca\/index.php?rest_route=\/wp\/v2\/pages\/9212\/revisions\/114724"}],"wp:featuredmedia":[{"embeddable":true,"href":"https:\/\/tarqitamaat.ca\/index.php?rest_route=\/wp\/v2\/media\/114723"}],"wp:attachment":[{"href":"https:\/\/tarqitamaat.ca\/index.php?rest_route=%2Fwp%2Fv2%2Fmedia&parent=9212"}],"curies":[{"name":"wp","href":"https:\/\/api.w.org\/{rel}","templated":true}]}}