{"id":8000,"date":"2024-06-26T17:44:16","date_gmt":"2024-06-26T17:44:16","guid":{"rendered":"https:\/\/tarqitamaat.ca\/?page_id=8000"},"modified":"2026-04-02T15:08:52","modified_gmt":"2026-04-02T15:08:52","slug":"%e1%93%84%e1%95%90%e1%95%8b%e1%93%95%e1%90%85%e1%91%a6-mai-may-3","status":"publish","type":"page","link":"https:\/\/tarqitamaat.ca\/?page_id=8000","title":{"rendered":"\u14c4\u1550\u154b\u14d5\u1405\u1466 | Mai | May"},"content":{"rendered":"\n<h2 class=\"wp-block-heading\"> \u152e\u14c2 \u14f5\u14d0\u1455 | Johnny Saunders<\/h2>\n\n\n\n<p class=\"has-very-light-gray-background-color has-background\">\n\u152e\u14c2 \u14f5\u14d0\u1455, \u152e \u1431\u1595\u1591\u140a\u144e\u1405\u14c2\u1550\u14a5\u14c4\u1466 \u140a\u144e\u1593, \u1431\u1548\u1550\u14f4\u14ef\u14aa\u152a\u1585 \u1470\u1466\u152a\u140a\u14a5 \u140a\u14bb\u14aa\u14d7 \u1456\u1559\u14c2 \u14f1\u14d5 \u14c4\u14c7\u1583\u1550\u14f1\u14c2. \u1431\u140a\u154c\u1431\u1405\u1466\u14f1\u14c2 \u144e\u14a5\u144e\u148d\u1466 \u1431\u1595\u1591\u140a\u1583\u1455\u1405\u1583\u1466\u1455\u14ef\u14aa\u152a\u1585, \u1405\u14a5\u140a\u1550\u1450\u1583\u1466\u1455\u14ef\u14aa\u14bb\u14a5\u14f1\u14c2, \u14c4\u14c7\u14a5 \u1431\u14f1\u1583\u1466\u1455\u14ef\u14aa\u1466\u14f1\u14c2 \u140a\u14bb\u14aa\u14d7 \u1583\u1550\u1584\u14d7\u14d0\u14c2\u1483 \u157f\u14da\u14bb\u14a5\u14d7 \u157f\u14a5\u1550\u1548\u1546\u140a\u14a5\u1483 \u140a\u14d5\u140a\u1583\u1466\u1455\u14ef\u14aa\u1466\u14f1\u14c2, \u146d\u14ef\u140a\u14c2 \u1403\u14c5\u14ef\u14d5\u14ab\u14a5\u14c2 \u1450\u14f4\u1550\u14c2\u152e\u1550\u14c2\u14a5\u1483 \u1431\u1583\u1550\u14ef\u14aa\u152a\u1585, \u14c8\u14da\u1450\u1403\u14d0\u14c7\u14f1\u14c2\u14d8\u14d0\u14c3\u1466: \u201c\u1405\u1559\u14d0\u14c4\u1466 \u14f2\u1591\u152b\u14c2\u1583\u1550\u14ef\u14aa\u152a\u1585, \u140a\u14a5\u14f1\u1555\u1466\u14f1\u14c2 \u1403\u14c5\u14d5\u1466\u14ef\u148d\u14d0\u14c7\u14ef\u14aa\u152a\u1585\u201d. \u1583\u14bb\u14a5\u1405\u14c2\u1550\u14f4\u1585 \u146d\u14ef\u140a\u14c2 \u1450\u14f4\u1550\u14c2\u152e\u1550\u144e\u1591\u1550\u14ef\u14aa\u1466\u14f1\u14c2.<br>\n\u140a\u1593\u152a\u1550\u1584\u148b\u1483 \u1431\u1595\u1591\u140a\u144e\u1405\u1583\u1466\u1455\u14ef\u14aa\u152b\u1483 \u1450\u14f4\u1550\u14c2\u152e\u1548\u144e\u14c2\u1483. \u140a\u1456\u1455\u1593 \u146f\u146d\u1455\u1438\u1405\u144e\u14a5\u1483 \u1431\u14ef\u144e\u1595\u1591\u1548\u144e\u1583\u1550\u14ef\u14aa\u152a\u1585, \u140a\u14c8\u14c7\u1593 \u1403\u1595\u158f\u1591\u140a\u1548\u14ef\u14c2\u1483 \u140a\u14ea\u14da\u144e\u1405\u144e\u14d7\u148d \u140a\u14bb\u14aa\u14d7 \u1403\u1595\u158f\u144e\u1405\u1466\u14f1\u14c2 \u146f\u146d\u1455\u1438\u148d\u14d0\u14c7\u14f1\u14c2\u14d7. \u1403\u1550\u14c2\u14a5\u14c2\u1483<br>\n\u1403\u14d5\u14d0\u14c2\u140a\u144e\u1466\u14ef\u1490\u14f1\u140a\u1583\u1466\u1455\u1450\u1555\u14c2\u1585, \u146d\u14ef\u140a\u14c2 \u1583\u1455\u1405\u148d\u14aa\u1466\u14ef\u140a\u1583\u1466\u1455\u14c2\u1595\u158f\u1450\u1585, \u14c8\u14da\u1449\u1438\u1472\u14d7\u140a\u1550\u14f1\u14c2, \u146d\u1591\u14c2\u1593\u148d\u1466 \u1403\u1472\u152a\u1550\u14ef\u152d\u1405\u14da\u157f\u14ef\u14aa\u1466\u14f1\u14c2. \u1455\u14a3\u14d0\u14c4\u1466 \u140a\u1593\u152a\u1550\u1584\u14a5\u14c4\u1466 \u14f1\u158f\u1405\u144e\u14f4\u1550\u1455\u1405\u1490\u14f1\u140a\u1583\u1466\u1455\u1450\u1555\u14c2\u1585 \u140a\u14bb\u14aa\u14d7 \u1403\u1472\u152a\u1550\u14ef\u14ef\u14aa\u1466\u14f1\u148d \u1472\u152a\u14ef\u148d\u14d0\u14c7\u14ef\u1466\u14f4\u154b\u1455\u1550\u144e\u14d7\u148d. \u152e\u14c2 \u140a\u14ea\u14da\u1583\u1466\u1455\u14ef\u152a\u1555\u14c2\u1585 \u140a\u14bb\u14aa\u14d7 \u1450\u14f4\u1550\u14c2\u152e\u1548\u144e\u14d5\u140a\u1546\u1466\u14f1\u148b\u1466 \u1450\u146d\u14ef\u14aa\u14d5\u1550\u14c2\u154b\u14a5 \u1403\u14c5\u14ef\u1550\u14a5\u14c2 \u1450\u14f4\u1550\u14c2\u152e\u1550\u14c2\u1405\u1449 \u1431\u14bb\u14aa\u1546\u1405\u14c2\u1593\u14c2\u1483. \u140a\u1455\u1405\u14ef\u1450\u1403\u14d0\u14c7\u14a5\u1483 \u1403\u1595\u158f\u1591\u140a\u1548\u14ef\u1550\u14a5\u1483 \u1403\u1595\u158f\u1548\u14ef\u14d5\u1405\u1548\u14aa\u152a\u1555\u14c2\u1585, \u1583\u14c4\u1403\u14d0\u14c2\u140a\u14aa\u1594\u1466 \u1583\u1405\u1528\u148d\u14aa\u1450\u1403\u14d0\u14c7\u14f1\u14c2. \u201c\u140a\u14d5\u140a\u14c7\u1550\u1450\u1585 \u14c7\u14bb\u14a5\u14c2\u1585 \u1403\u1595\u158f\u1548\u14ef\u14d5\u1405\u1550\u14ef\u14aa\u148b\u140a\u14a5\u1483 \u1456\u1559\u14c2, \u140a\u14bb\u14aa\u14d7 \u1403\u14bb\u14a5\u14c2\u1483 \u1403\u1595\u158f\u1591\u140a\u1548\u14ef\u14d5\u140a\u1555\u14c2\u154b \u14da\u148d\u14d0\u14c7\u1546\u140a\u14a5\u1483\u201d. \u1403\u1449\u1431\u148b\u152d\u14a5\u14c2\u14ea\u14d7 \u1450\u146d\u14ef\u14f4\u1466\u14ef\u140a\u1548\u14d0\u14c7\u14ef\u1466\u14f1\u14c2, \u140a\u14bb\u14aa\u14d7 \u1583\u1405\u1528\u1466\u14f1\u14c2 \u1450\u146d\u14ef\u14c7\u1550\u144e\u14ef\u148d\u14d0\u14c7\u1546\u140a\u14a5\u14c2\u1483 \u1431\u14bb\u14aa\u1546\u1405\u144e\u1466\u14ef\u14c2\u1550\u14a5\u14c2\u1483. \u201c\u1403\u14d8\u14d0\u14c7\u1455 \u1403\u1449\u1431\u148d\u14f1\u14d0\u14c2\u1583\u14f2\u148d\u1490\u1466\u1455, \u146d\u14ef\u140a\u14c2 \u144c\u14aa\u1595\u1593\u1466 \u1403\u1449\u1431\u148b\u152d\u1466\u144e\u14c2\u1483 \u1583\u1405\u1528\u152d\u1405\u144e\u1466\u14ef\u148d\u14d0\u14c7\u14f2\u148d\u1595\u158f\u1450\u148d\u1466 \u144c\u14aa\u1595\u1593\u14d5\u14ab\u1585\u201d \u14da\u14da\u1405\u1550\u1450\u1585.<br>\n\u152e\u14c2 \u146f\u146d\u1455\u1438\u1405\u144e\u14c2\u1483 \u1472\u14aa\u1595\u1591\u14f1\u1583\u1466\u1455\u14ef\u152a\u1555\u14c2\u1585 \u14ef\u1455\u14aa\u1405\u152a\u1550\u1450\u14c2\u1483 \u1405\u146d\u1405\u1583\u1550\u14f1\u14c2. \u1455\u146f\u14d0\u14c7\u1405\u152e\u1550\u14f1\u14c2, \u1450\u1431\u140a\u14d7\u1483 \u144c\u1466\u14f1\u14aa\u14c2\u1455\u1490 \u146f\u146d\u1455\u1438\u1405\u144e\u14a5\u1483 \u140a\u14d5\u140a\u148b\u152d\u1583\u14ef\u14d5\u144c\u14d0\u14c7\u1450\u1555\u14c2\u1585, \u144c\u14d0\u14c7\u1405\u152a\u1555\u14c2\u1455\u1490 \u1455\u146f\u1559\u14ea\u14da\u1455\u1555\u14c2\u1593. \u1450\u146d\u14ef\u144e\u1466\u14ef\u152a\u1585 \u146f\u146d\u1455\u1438\u1405\u144e\u1405\u1449 \u1431\u152d\u1546\u140a\u146d\u148b\u140a\u1593\u14c2\u1483, \u1490\u14d7\u140a\u1550\u14f1\u14c2\u14d7 \u1431\u148b\u1405\u154b\u14f1\u140a\u1546\u140a\u14a5\u1483 \u1431\u152d\u1550\u14c3\u1450\u1585.<br>\n\u152e\u14c2 \u1431\u1595\u1591\u140a\u148b\u140a\u1550\u1450\u14a5\u14aa\u152a\u1585 \u1455\u14ef\u1405\u152d\u14a5, \u14f4\u14ea\u14d7\u14c2, \u1470\u1466\u152a\u140a\u14a5 \u140a\u14bb\u14aa\u14d7 \u1470\u1466\u152a\u140a\u154c\u1431\u14bb\u14a5 \u1431\u1595\u1591\u140a\u1583\u144e\u1466\u14f4\u14c2\u1483 \u1403\u14d5\u1583\u154b\u1455\u1490\u14c2 \u140a\u158f\u1550\u154b\u14a5\u14c2.<br>\n\u1403\u1595\u158f\u1591\u140a\u1550\u144e \u1403\u1595\u158f\u140a\u1548\u144e\u1466\u14f4\u14d5\u1405\u1550\u144e \u1431\u1595\u1591\u140a\u144e\u148b\u14c2\u140a\u1550\u1455\u14a5\u14c2\u1483 \u14c4\u1403\u1466\u14ef\u152a\u1555\u14c2\u1405\u144e\u14d7\u148d \u1455\u1550\u157f\u1466 \u140a\u14a5\u14f2\u1595\u158f\u1450\u1466 \u140a\u14c2\u148d\u1550\u14ef\u14aa\u14d5\u1550\u1450\u1466: \u152e\u14d0-\u14ef\u1438\u1505\u144e\u140a \u146f\u154b\u1557\u14ea, (\u1583\u144e\u1450\u14c2\u1550\u14f4\u14a5\u1483 \u146f\u146d\u1455\u1438\u1466\u144e), \u1431\u1466\u152d\u14a5\u14c2 \u14f5\u1466\u1455 (\u140a\u1466\u14f4\u1455\u1550\u144e) \u140a\u14bb\u14aa\u14d7 \u152e\u14c2 (\u1403\u1595\u158f\u1591\u140a\u1550\u144e \u146f\u146d\u1455\u1438\u1466\u144e). \u1472\u158f\u1550\u14f1\u140a\u14d7\u1466\u152a\u140a\u14a7\u1466 \u1403\u14d7\u1403\u1466\u1451\u14f1\u144e\u1483 \u1431\u1595\u1591\u140a\u148b\u140a\u1550\u1450\u14ef\u14aa\u152a\u1466. \u1472\u152a\u14ef\u1490\u14a5\u1483, \u1431\u1595\u1591\u140a\u144e\u1405\u1583\u144e\u148c\u1466 \u140a\u152a\u1546\u14f4\u1550\u1438\u1450\u1466 \u140a\u14bb\u14aa\u14d7 \u1431\u152a\u14d0\u14c7\u14c2\u1550\u14f4\u1591\u1550\u1438\u14d5\u140a\u1466\u14f1\u144e\u1483. \u201c\u1431\u152a\u1546\u14d0\u14c7\u14ef\u140a\u1550\u1450\u1585 \u140a\u14d5\u148b\u152d\u1583\u1546\u140a\u14a5\u1483 \u1450\u14f4\u1550\u14c2\u152e\u1550\u144e\u14ef\u1528\u1405\u1583\u144e\u1583\u1546\u140a\u14a5\u1483 \u1403\u14c4\u14d0\u14c2\u1483 \u1472\u14aa\u148b\u152d\u1583\u1466\u14ef\u140a\u1450\u14c2\u1483\u201d \u14da\u14da\u1405\u1550\u1450\u1585. \u1455\u146f\u14d0\u14c7\u1405\u152e\u1550\u1455\u1405\u14da\u1593\u1466\u14f1\u14c2, \u140a\u1450\u1403\u14d0\u14c7\u1405\u14d5\u154b\u1555\u1466 \u140a\u152a\u1546\u14f4\u1550\u14ef\u14aa\u1466\u14ef\u140a\u14f1\u144e\u1466, \u157f\u14da\u14c8\u1550\u14c7\u1450\u14bb\u14aa\u1546\u1483 \u140a\u14bb\u14aa\u14d7 \u14c4\u1550\u1583\u1548\u14a5\u14c7\u154b\u14c2. \u14ef\u1557\u14ea\u14d5\u1439\u14a5 \u1455\u146f\u14d0\u14c7\u1405\u152e\u1550\u1455\u1405\u14f1\u14c2 \u1472\u1449\u1431\u140a\u14f1\u1490\u14da\u1466\u1450\u1555\u14c2\u1585 \u1490\u14d7\u140a\u1550\u14f1\u14c2\u14d7 \u140a\u14d5\u140a\u14c7\u1550\u14f1\u14c2 \u140a\u14bb\u14aa\u14d7 \u1455\u146f\u14d0\u14c7\u1405\u152e\u1550\u1450\u1466 \u140a\u14d5\u140a\u155d\u1559\u14d5\u1466\u14ef\u14d5\u1550\u14aa\u1455 \u14c7\u146f\u1550\u1450\u14aa\u1546\u14bb\u14a5\u1483 \u1403\u1449\u1431\u148d\u14f1\u14d0\u14c7\u14f1\u14c2.<br>\n\u14c4\u1403\u1466\u14ef\u148b\u140a\u14da\u1593\u1466\u14f1\u14c2 \u1472\u144e\u14aa\u152a\u14c2\u1483 \u1450\u14f4\u1550\u14c2\u152e\u1550\u144e\u14ef\u1405\u144e\u14c2\u1483 \u140a\u14bb\u14aa\u14d7 \u14c2\u1431\u14d5\u1405\u1550\u1555\u14a6\u14d5\u1550\u14f1\u14c2 \u14ef\u1557\u14ea\u14d5\u1439\u14a5, \u14f1\u14c7\u14d5\u14ab\u1466 \u14f1\u1472\u14ef\u1466\u14ef\u140a\u1450\u1555\u14c3\u1466. \u152e\u14c2 \u14c7\u14ea\u14d5\u1473\u1550\u1455\u1405\u152a\u1555\u14c2\u1585 \u1403\u14da\u1405\u14da\u1593\u144e\u14d7\u148d \u1450\u14f4\u1550\u14c2\u152e\u1548\u144e\u14c2\u1483 \u14c2\u1431\u14d5\u1405\u1546\u14c2\u1550\u14c4\u1466 \u1431\u14c7\u14f1\u1490\u1550\u14a7\u1466 \u14ef\u1557\u14d5\u1550\u1455\u1405\u152a\u14a7\u1466 \u140a\u1405\u14ab\u14a1\u148c\u1555\u14bb\u14a7\u1466, \u14c4\u14c7\u1555\u14bb\u14a5 \u1455\u146f\u14a5\u14c7\u1550\u1450\u14d5\u1546\u14c2\u1550\u14c2\u1483 \u1450\u14f4\u1550\u14c2\u152e\u1550\u144e\u14ef\u14c2\u1550\u14c2\u1483 \u146d\u14a1\u1490\u1450\u1550\u1555\u14a7\u1466, \u14c2\u1431\u14d5\u1405\u1546\u140a\u1550\u1450\u14c2\u1550\u14c4\u1466 \u140a\u1550\u1555\u1455\u1550\u14c2\u14c2 \u140a\u1466\u1528\u148c\u1595\u158f\u1450\u14c4\u1466 \u14c4\u14c7\u14d5\u14d0\u14c4\u1466 \u14c4\u14c7\u14d5\u14d5\u14ab\u14a6\u1466\u1450\u14c4\u1466 \u1455\u155d\u1559\u14c2 \u140a\u1550\u154c\u148d\u14a5 \u140a\u1451\u144e\u14db\u1550\u14a5\u152a\u14a7\u1466 \u1450\u14f4\u1550\u14c2\u152e\u1548\u144e\u14d5\u140a\u1546\u14ef\u14aa\u152d\u158f\u1466 \u1450\u14f4\u1550\u14f4\u1405\u144e\u1455\u1405\u14db\u1550\u144e\u14d7\u148b\u1466 \u140a\u1550\u154c\u148e\u1449 \u1403\u14f1\u140a\u14c2. \u1403\u1595\u158f\u1591\u140a\u1550\u144e \u1405\u1583\u1405\u144f\u14da\u1405\u1550\u1450\u1585 \u1450\u14f4\u1550\u14c2\u152e\u1550\u144e\u14ef\u14c2\u1550\u14a5\u14c2\u1483 \u1472\u152a\u14ef\u148d\u14d0\u14c7\u1555\u14d5\u14ab\u14a5\u14c2 \u14db\u1548\u14aa\u1466\u14f1\u14c2. \u1403\u14da\u14d0\u14c8\u14a5\u14c2\u1483 \u1403\u14da\u1583\u1595\u158f\u146f\u14c2, \u1455\u146f\u14d0\u14c7\u1405\u152e\u1550\u1555\u14a7\u1466 \u1583\u155d\u1555\u1583\u152d\u154b\u152d\u1550\u14c2\u158f\u1466\u1450\u1585. \u140a\u1593\u152a\u1550\u1584\u158f\u1483 \u146b\u14ea\u14d7\u1450\u1403\u1466\u14ef\u140a\u1583\u1466\u1455\u14c2\u1550\u14a5\u152b\u1483. \u1455\u146f\u14c2\u140a\u14d5\u154b\u14a5\u158f\u1483, \u1403\u1449\u1431\u148d\u14f1\u14da\u157f\u152a\u1555\u14c2\u1585 \u140a\u152a\u1489\u1466\u1450\u14c2\u1483 \u14c4\u146d\u1583\u1546\u140a\u14a5\u1483, \u140a\u14bb\u14aa\u14d7 \u1431\u152a\u14d0\u14c7\u14ef\u140a\u1550\u14c2\u14a5\u1483 \u1403\u1449\u1431\u148d\u14f1\u14d0\u14c2\u1593 \u1583\u155d\u1559\u1455\u1405\u14ea\u14da\u1546\u1466\u14f1\u14c2. \u201c\u1403\u1595\u158f\u1591\u140a\u1550\u1438\u148d\u14aa\u152a\u1593 \u140a\u1593\u152a\u1550\u1584\u14aa \u140a\u14bb\u14aa\u14d7 \u1431\u140a\u154b\u1550\u14aa \u14f5\u158f\u14d0\u14c2.\u201d \u152e\u14c2 \u157f\u1450\u1550\u1593\u14a5\u14c2\u1483 \u1450\u14f4\u1550\u14c2\u152e\u1548\u144e\u14c2\u1483 \u14c8\u14da\u1490\u1466\u14f4\u1583\u1550\u144e\u14ef\u148d\u14aa\u152a\u1585 \u1403\u14c5\u14ef\u1550\u14a5\u14c2 \u144c\u14a3\u1466\u14ef\u14aa\u1490\u14a5.<br>\n\u1405\u1431\u14aa\u148b\u152d\u1583\u1550\u14c2\u1439\u1585 \u1431\u14c7\u14f1\u1490\u1550\u14a5\u14c2\u1483 \u14c7\u1405\u14d5\u14ab\u14c2\u1483 \u1403\u1472\u152a\u1550\u14ef\u14aa\u1455, \u14c7\u14ea\u14d5\u14c2\u1550\u14a5\u1483 \u1472\u152a\u14ef\u144e\u1466\u14ef\u14d7\u14c2, \u1403\u1472\u152a\u1550\u14ef\u14aa\u14d7\u14c2 \u1403\u14d5\u1466\u14ef\u1559\u14ea\u14d5\u140a\u152a\u14c2\u1483 \u14f2\u1591\u14c2\u1550\u14a7\u14d7.<br>\n\u201c\u1456\u1483\u146f\u140a\u14d5\u14ab\u1466 \u1470\u144e\u14a7\u1466 \u1431\u152a\u14d0\u14c7\u144e\u1455\u1405\u148d\u144e\u1483\u1472\u201d \u2013\u152e\u14c2 \u14f4\u14d0\u1455\n\n<p class=\"has-very-light-gray-background-color has-background\">Johnny Saunders, Yaa \u00e9tant son nom de sc\u00e8ne, a grandi \u00e0 Kuujjuaq o\u00f9 il vit encore aujourd\u2019hui. Dans sa jeunesse, il a fait du sport, il est souvent all\u00e9 en bateau, march\u00e9 en nature et adorait regarder les montagnes dans le ciel, et la musique a toujours fait partie de sa vie, en l\u2019\u00e9coutant du moins: \u201cC\u2019\u00e9tait une grande partie de moi, elle m\u2019a sauv\u00e9 plusieurs fois\u201d. Mais en en jouer est arriv\u00e9 plus r\u00e9cemment.<br>\nSes parents jouaient de la musique. Son p\u00e8re ma\u00eetrisait la guitare, pendant que sa m\u00e8re \u00e9crivait et chantait des chansons. Elle essayait d\u2019apprendre \u00e0 son fils, il l\u2019\u00e9coutait m\u00eame s\u2019il n\u2019\u00e9tait pas tr\u00e8s int\u00e9ress\u00e9, ce qu\u2019il l\u2019aida plus tard. Tous deux l\u2019ont aid\u00e9 et encourag\u00e9 lorsqu\u2019il a finalement voulu s\u2019y int\u00e9resser. Johnny a commenc\u00e9 \u00e0 composer et \u00e9crire quand il a r\u00e9alis\u00e9 \u00e0 quel point la musique \u00e9tait importante dans sa vie. Il voulait au moins avoir une chanson, juste pour l\u2019exp\u00e9rience. \u00ab C\u2019est cool de partager ta propre musique, et d\u2019\u00eatre capable de dire que c\u2019est toi-m\u00eame qui l\u2019a fait \u00bb. Il s\u2019est aussi rapproch\u00e9 de ses \u00e9motions, commenc\u00e9 \u00e0 les comprendre, et a r\u00e9alis\u00e9 que c\u2019est important de les exprimer. \u00ab On les sens tous, mais on ne peut pas tous les exprimer\u00bb ajoute-il.\nJohnny commence \u00e0 s\u2019int\u00e9resser \u00e0 l\u2019instrument \u00e0 cordes d\u00e8s l\u2019\u00e2ge de huit ans. \u00c0 l\u2019\u00e9poque, il avait vu un concert de Tupialuk et est aussit\u00f4t tomb\u00e9 en amour avec l\u2019instrument sur-le-champ, c\u2019\u00e9tait \u00c7A. Il explique que la guitare est un instrument simple mais difficile \u00e0 ma\u00eetriser.<br>\nJohnny est all\u00e9 perform\u00e9 \u00e0 Tasiujaq, Salluit, Kuujjuaq and Kuujjuaraapik juste avant de trouver des membres de groupe \u00e0 la maison.\nLe chanteur-compositeur a cr\u00e9\u00e9 un nouveau groupe il y a quelques mois : Jean-S\u00e9bastien Gravel (basiste), Benjamin Saunders (batterie) et lui (chanteur \/ guitariste). Ils ont voyag\u00e9 \u00e0 Kangirsualujjuaq en tant que groupe. Au fur et \u00e0 mesure qu\u2019ils avancent, le groupe pratique et peaufine leur technique pour s\u2019am\u00e9liorer. \u00ab Je me sens tr\u00e8s chanceux de pouvoir faire la musique entour\u00e9 de bonnes personnes \u00bb. D\u2019\u00eatre sur la sc\u00e8ne quand tu es pr\u00e9par\u00e9, c\u2019est tr\u00e8s excitant et addictif. La premi\u00e8re fois s\u2019\u00e9tait \u00e9peurant mais plaisant et les acclamations de la foule te rendent humble.<br>\nPour son premier album et sa premi\u00e8re fois dans un studio, tout s\u2019est pass\u00e9 rapidement. Johnny a \u00e9t\u00e9 s\u00e9lectionn\u00e9 dans le cadre du projet d\u2019enregistrement de musique d\u2019Aumaaggiivik, le Secr\u00e9tariat des arts du Nunavik, qui pr\u00e9voit une tourn\u00e9e d\u2019enregistrements dans des communaut\u00e9s durant l\u2019ann\u00e9e, dans l\u2019objectif de lancer des albums \u00e0 la fin de l\u2019ann\u00e9e. Le chanteur confesse qu\u2019il veut continuer \u00e0 faire de la musique autant qu\u2019il peut. Si ce n\u2019\u00e9tait pas de ses amis et des encouragements de ses parents, il ne serait pas mont\u00e9 sur sc\u00e8ne. Lorsqu\u2019il performe pour eux, il sent qu\u2019il a des supers pouvoirs, et sa confiance monte en fl\u00e8che. \u00ab Je veux jouer des chansons que je peux faire devant mes parents et mes enfants. \u00bb Johnny aimerait que la musique soit pr\u00e9sente dans la vie de ses enfants comme lui il l\u2019a eue.<br>\nIl est le plus fier de son travail lorsque \u00e7a l\u2019aide quelqu\u2019un : amener \u00e0 continuer d\u2019aimer, aider \u00e0 apprendre ou rester fort.<br>\n\u00ab Gloire \u00e0 Dieu ! \u00bb \u2013 Johnny Saunders\n\n\n<p class=\"has-very-light-gray-background-color has-background\">Johnny Saunders, Yaa as a stage name, grew up in Kuujjuaq and still lives there to this day. He played sports as a young child, went on boat trips, walked in nature and loved watching the mountains in the sky, but he always had music in his life, listening to it at least: \u201cIt was a strong part of me, saved me many times\u201d. Playing it was more recent.<br>\nHis parents played music. His dad mastered guitar, while his mom wrote and sang songs and played skillful guitar. . She tried to make her son learn, but he didn\u2019t want to get much involved, although he listened, which helped him later on. Both parents pushed him and helped him when he finally got into it. Johnny started writing and composing because he saw how important the music was in his life. He wanted at least one song, for the experience of it. \u201cIt\u2019s cool to have your own song out there, and be able to say it\u2019s yourself who\u2019s done it \u201c. He also started to be able to connect better with his emotions, and found it important to express them as well. \u201cWe all feel them, but can\u2019t always express them\u201d he says.<br>\nJohnny got interested in the stringed instrument at the age of eight. He saw a show, Tupialuk and felt in love with the guitar right then and there, it was IT. He explains that the instrument is simple, but hard to master.<br>\nJohnny went to go perform in Tasiujaq, Salluit, Kuujjuaq and Kuujjuaraapik just before finding bandmates at home.<br>\nThe singer-composer has formed a new band few months ago: Jean-S\u00e9bastien Gravel (bassist), Benjamin Saunders (drummer) and himself (voice and guitar). They have traveled to Kangirsualujjuaq to perform as a band. As they go on, the band is still practicing and trying to be better. \u201cI feel very fortunate to enjoy making music with good people\u201d he says. To be on stage, when you\u2019re prepared and ready, it is very exciting and addictive. His first time was scary but fun and he finds the cheers from the crowd is very humbling.<br>\nFor his new album and his first time in a studio, everything happened fast. Johnny was selected to be part of the Music recording project led by Aumaaggiivik, Nunavik Arts Secretariat, a recording tour in various communities in the region happening this year with albums releases planned at the end of the year. The singer confessed that he wants to keep doing music as long as he can. If it weren\u2019t for his friends, he wouldn\u2019t have gone up the stage. His parents were also very encouraging. Going to them, he feels like he has super powers, and they skyrocket his confidence. \u201cI want to sing songs that I can sing in front of my parents and children.\u201d Johnny would like for his children to have music in their lives like he did.<br>\nHe is most proud of his work when it helps anyone, to keep loving, help learning and being strong.<br>\n\u201cAll glory to God\u201d \u2013Johnny Saunders<\/p>\n\n\n<p class=\"has-background\" style=\"background-color:#e5f5f5\">\u1583\u1405\u1528\u148b\u140a\u1466\u14ef\u140a\u1548\u14aa\u148d\u1555\u1466 \u14f4\u14c7\u1595\u1591\u140a\u144e\u1405\u1449 \u14a5\u1466\u14f5\u14c4\u1466 \/ D\u00e9couvrir plus sur l&#8217;artiste \/ Know more about the artist:<br> <a rel=\"noreferrer noopener\" href=\"https:\/\/www.facebook.com\/Yaakanaan\" target=\"_blank\">Facebook Page<\/a> <\/p>\n\n<div class=\"rl-gallery-container splide rl-loading\" id=\"rl-gallery-container-1\" data-gallery_id=\"8027\"> <div class=\"rl-gallery rl-basicslider-gallery splide__track \" id=\"rl-gallery-1\" data-gallery_no=\"1\"> <ul class=\"splide__list\"> <li class=\"rl-gallery-item splide__slide\" data-thumb=\"https:\/\/tarqitamaat.ca\/wp-content\/uploads\/2024\/07\/Johnny-S.jpg\"> <a href=\"https:\/\/tarqitamaat.ca\/wp-content\/uploads\/2024\/07\/Johnny-S.jpg\" title=\"\" data-rl_title=\"\" class=\"rl-gallery-link\" data-rl_caption=\"\" data-rel=\"lightbox-gallery-1\"><img src=\"https:\/\/tarqitamaat.ca\/wp-content\/uploads\/2024\/07\/Johnny-S.jpg\" width=\"1440\" height=\"1920\" alt=\"\" \/><\/a> <\/li> <\/ul> <\/div> <\/div>\n","protected":false},"excerpt":{"rendered":"<p>\u152e\u14c2 \u14f5\u14d0\u1455 | Johnny Saunders \u152e\u14c2 \u14f5\u14d0\u1455, \u152e \u1431\u1595\u1591\u140a\u144e\u1405\u14c2\u1550\u14a5\u14c4\u1466 \u140a\u144e\u1593, \u1431\u1548\u1550\u14f4\u14ef\u14aa\u152a\u1585 \u1470\u1466\u152a\u140a\u14a5 \u140a\u14bb\u14aa\u14d7 \u1456\u1559\u14c2 \u14f1\u14d5 \u14c4\u14c7\u1583\u1550\u14f1\u14c2. \u1431\u140a\u154c\u1431\u1405\u1466\u14f1\u14c2 \u144e\u14a5\u144e\u148d\u1466 \u1431\u1595\u1591\u140a\u1583\u1455\u1405\u1583\u1466\u1455\u14ef\u14aa\u152a\u1585, \u1405\u14a5\u140a\u1550\u1450\u1583\u1466\u1455\u14ef\u14aa\u14bb\u14a5\u14f1\u14c2, \u14c4\u14c7\u14a5 \u1431\u14f1\u1583\u1466\u1455\u14ef\u14aa\u1466\u14f1\u14c2 \u140a\u14bb\u14aa\u14d7 \u1583\u1550\u1584\u14d7\u14d0\u14c2\u1483 \u157f\u14da\u14bb\u14a5\u14d7 \u157f\u14a5\u1550\u1548\u1546\u140a\u14a5\u1483 \u140a\u14d5\u140a\u1583\u1466\u1455\u14ef\u14aa\u1466\u14f1\u14c2, \u146d\u14ef\u140a\u14c2 \u1403\u14c5\u14ef\u14d5\u14ab\u14a5\u14c2 \u1450\u14f4\u1550\u14c2\u152e\u1550\u14c2\u14a5\u1483 \u1431\u1583\u1550\u14ef\u14aa\u152a\u1585, \u14c8\u14da\u1450\u1403\u14d0\u14c7\u14f1\u14c2\u14d8\u14d0\u14c3\u1466: \u201c\u1405\u1559\u14d0\u14c4\u1466 \u14f2\u1591\u152b\u14c2\u1583\u1550\u14ef\u14aa\u152a\u1585, \u140a\u14a5\u14f1\u1555\u1466\u14f1\u14c2 \u1403\u14c5\u14d5\u1466\u14ef\u148d\u14d0\u14c7\u14ef\u14aa\u152a\u1585\u201d. \u1583\u14bb\u14a5\u1405\u14c2\u1550\u14f4\u1585 \u146d\u14ef\u140a\u14c2 \u1450\u14f4\u1550\u14c2\u152e\u1550\u144e\u1591\u1550\u14ef\u14aa\u1466\u14f1\u14c2. \u140a\u1593\u152a\u1550\u1584\u148b\u1483 \u1431\u1595\u1591\u140a\u144e\u1405\u1583\u1466\u1455\u14ef\u14aa\u152b\u1483 \u1450\u14f4\u1550\u14c2\u152e\u1548\u144e\u14c2\u1483. \u140a\u1456\u1455\u1593 \u146f\u146d\u1455\u1438\u1405\u144e\u14a5\u1483 \u1431\u14ef\u144e\u1595\u1591\u1548\u144e\u1583\u1550\u14ef\u14aa\u152a\u1585, \u140a\u14c8\u14c7\u1593 \u1403\u1595\u158f\u1591\u140a\u1548\u14ef\u14c2\u1483 \u140a\u14ea\u14da\u144e\u1405\u144e\u14d7\u148d \u140a\u14bb\u14aa\u14d7 \u1403\u1595\u158f\u144e\u1405\u1466\u14f1\u14c2 \u146f\u146d\u1455\u1438\u148d\u14d0\u14c7\u14f1\u14c2\u14d7. \u1403\u1550\u14c2\u14a5\u14c2\u1483 \u1403\u14d5\u14d0\u14c2\u140a\u144e\u1466\u14ef\u1490\u14f1\u140a\u1583\u1466\u1455\u1450\u1555\u14c2\u1585, \u146d\u14ef\u140a\u14c2 \u1583\u1455\u1405\u148d\u14aa\u1466\u14ef\u140a\u1583\u1466\u1455\u14c2\u1595\u158f\u1450\u1585, &hellip; <a href=\"https:\/\/tarqitamaat.ca\/?page_id=8000\" class=\"more-link\">Continue reading <span class=\"screen-reader-text\">\u14c4\u1550\u154b\u14d5\u1405\u1466 | Mai | May<\/span> <span class=\"meta-nav\">&rarr;<\/span><\/a><\/p>\n","protected":false},"author":2,"featured_media":114563,"parent":0,"menu_order":0,"comment_status":"closed","ping_status":"closed","template":"","meta":[],"_links":{"self":[{"href":"https:\/\/tarqitamaat.ca\/index.php?rest_route=\/wp\/v2\/pages\/8000"}],"collection":[{"href":"https:\/\/tarqitamaat.ca\/index.php?rest_route=\/wp\/v2\/pages"}],"about":[{"href":"https:\/\/tarqitamaat.ca\/index.php?rest_route=\/wp\/v2\/types\/page"}],"author":[{"embeddable":true,"href":"https:\/\/tarqitamaat.ca\/index.php?rest_route=\/wp\/v2\/users\/2"}],"replies":[{"embeddable":true,"href":"https:\/\/tarqitamaat.ca\/index.php?rest_route=%2Fwp%2Fv2%2Fcomments&post=8000"}],"version-history":[{"count":1,"href":"https:\/\/tarqitamaat.ca\/index.php?rest_route=\/wp\/v2\/pages\/8000\/revisions"}],"predecessor-version":[{"id":114564,"href":"https:\/\/tarqitamaat.ca\/index.php?rest_route=\/wp\/v2\/pages\/8000\/revisions\/114564"}],"wp:featuredmedia":[{"embeddable":true,"href":"https:\/\/tarqitamaat.ca\/index.php?rest_route=\/wp\/v2\/media\/114563"}],"wp:attachment":[{"href":"https:\/\/tarqitamaat.ca\/index.php?rest_route=%2Fwp%2Fv2%2Fmedia&parent=8000"}],"curies":[{"name":"wp","href":"https:\/\/api.w.org\/{rel}","templated":true}]}}