{"id":7192,"date":"2023-11-24T03:10:50","date_gmt":"2023-11-24T03:10:50","guid":{"rendered":"https:\/\/tarqitamaat.ca\/?page_id=7192"},"modified":"2024-09-17T13:21:17","modified_gmt":"2024-09-17T13:21:17","slug":"%e1%93%87%e1%91%a6%e1%94%aa%e1%90%83%e1%94%ad%e1%95%90%e1%95%95%e1%92%83-novembre-november-5","status":"publish","type":"page","link":"https:\/\/tarqitamaat.ca\/?page_id=7192","title":{"rendered":"\u14c7\u1466\u152a\u1403\u152d\u1550\u1555\u1483| Novembre | November"},"content":{"rendered":"\n<h2 class=\"wp-block-heading\">\u1403\u1466\u1450\u1555\u1483 \u14f4\u1555\u140a\u1550\u1466\u152d\u1483 \u1438\u1472\u1403\u1466 | Ittuvik Saviardjuk Paquet<\/h2>\n\n\n\n<p class=\"has-very-light-gray-background-color has-background\"> \u1403\u1466\u1450\u1555\u1483 \u14f4\u1555\u140a\u1550\u152a\u1483 \u1438\u146d\u140a\u1466 \u14f4\u14ea\u14d7\u14a5\u1405\u148d\u14ef\u14aa\u152a\u1585 \u1472\u1483\u1472\u14db\u148d\u1466\u14f1\u14c2\u14a5\u14c2\u1466. \u1431\u14c7\u14f1\u1490\u14ea\u14da\u1546\u14d5\u1483, \u1431\u14c7\u14f1\u155d\u1555\u14a5 \u1472\u14aa\u1528\u14bb\u14aa\u1546\u1405\u1466\u14f1\u14c2. \u14a5\u1550\u14f1\u144e\u1595\u1591\u1450\u1555\u14c2\u1405\u144e\u14ea\u14d7\u148d \u140a\u1550\u154c\u148d\u1403\u1466 \u140a\u14a5\u14f2\u1595\u158f\u1450\u1466 \u140a\u14c2\u148d\u1550\u14ef\u14aa\u14d5\u1550\u1450\u1466. \u1472\u1483\u1472\u14db\u148d\u1466\u14f1\u14c2, \u140a\u14c8\u14c7\u1593 \u14a5\u1550\u14f1\u144e\u14ea\u14d7\u148d \u1455\u146f\u14d0\u14c7\u1583\u1466\u1455\u1450\u1555\u14c2\u1585. \u1405\u14ea\u14d7\u14a5, \u140a\u144e\u148b\u14d5\u1405\u1548\u14d0\u14c7\u14d5\u1550\u1450\u1585 \u1405\u14ea\u14d7\u1403\u14c8\u1550\u14f1\u148d \u140a\u1550\u14d5\u140a\u14d7\u140a\u1595\u158f\u1450\u140a\u154b\u14a5. \u140a\u14c8\u14c7\u14a5\u14c4\u1466 \u146b\u14ea\u14d7\u1450\u1550\u1455\u1405\u1559\u1466\u1450\u1555\u14c2\u1405\u1466\u14f1\u14c2 \u14a5\u1550\u14f1\u1546\u1405\u1581\u152d\u1405\u1466\u14f1\u14c2.<br>\n\u1403\u1466\u1450\u1555\u1483 \u1403\u1466\u14ef\u1490\u1548\u14d0\u14c7\u14ef\u14d0\u14c2\u14a5\u152a\u1585 \u14c7\u14f4\u14d5\u1405\u1550\u14f1\u14c2, \u1431\u152a\u14d0\u14c7\u14ef\u14da\u1405\u1550\u1450\u1555\u14c2\u1405\u1466\u14f1\u14c2 15 \u140a\u1550\u154c\u148d\u1403\u1466 \u14c8\u14ef\u14aa\u14d5\u1550\u1450\u1466. \u140a\u1550\u154c\u148d\u1403\u1466 8 \u140a\u14c2\u148d\u1550\u144e\u14d7\u148b\u1466, \u14a5\u1550\u14f1\u14f1\u14c2 \u1439\u14d7\u14d5\u1405\u1583\u1466\u1455\u14ef\u14d0\u14c2\u14a5\u152a\u1585, \u140a\u14bb\u14aa\u14d7 \u14a5\u1550\u14f1\u152b\u14a5\u1483 \u140a\u1450\u1546\u140a\u14a5\u1483 \u1403\u14f1\u1550\u1546\u14c2\u1550\u14f4\u1405\u14f2\u148d\u1466\u14f1\u14c2. \u14a5\u1550\u14f1\u14f2\u148d\u14d5\u1550\u14f1\u14c2 \u140a\u1550\u154c\u148e\u1483 2 \u140a\u14c2\u148d\u14da\u1405\u1550\u144e\u14c7\u148b\u1483 \u140a\u144e\u148b\u14d5\u1405\u1583\u1466\u1455\u14ef\u14d0\u14c2\u14a5\u152a\u1585. \u1555\u1557\u140a\u1528\u1405\u1449 \u14c4\u1595\u1591\u140a\u14c2\u1466 \u14ab\u1466\u14ef\u1405\u1449 \u157f\u144e\u1593\u14c4\u1466 \u140a\u1550\u154c\u148d\u14a5 \u1455\u155d\u1559\u14c2\u1466\u14ed\u14c7\u1585, \u14ef\u1557\u14ea\u14d5\u1439\u14a5 \u14c4\u1456\u1466\u14ef\u140a\u14a5\u1483 \u140a\u144e\u148b\u14d5\u1405\u14d5\u1550\u14c2\u14a5\u152a\u1585.<br>\n\u14ef\u1557\u14ea\u14d5\u1439\u14a5 \u140a\u1550\u14c7\u14ef\u1405\u144e\u1450\u1403\u14d0\u14c7\u14c2\u1483 \u14a5\u1550\u14f1\u1583\u1466\u1455\u1450\u1555\u14c2\u1585 \u140a\u14bb\u14aa\u14d7 \u157f\u1450\u1550\u1593\u14a5\u14c2\u1483 \u140a\u14ef\u158f\u14d0\u14c2\u14d7 \u1403\u14da\u14a5\u14c2\u1483 \u146d\u1591\u14c2\u140a\u1431\u140a\u148d\u1466. \u14a5\u1550\u14f1\u14f2\u148d\u14d5\u144c\u14d0\u14c7\u14f1\u14c2 \u1431\u148b\u1405\u1550\u14f4\u1450\u1403\u14d0\u14c7\u1583\u1466\u1455\u14ef\u14aa\u152a\u1585, \u140a\u14bb\u14aa\u14d7 \u1406\u1466\u1451\u144e\u14d5\u1405\u1548\u14d0\u14c7\u14ef\u1466\u14f1\u14c2 \u1431\u1405\u148b\u14c2\u1550\u1439\u14a5\u14c2\u1483. \u1405\u1555\u1483\u1472\u1585 \u14a5\u1550\u14f1\u144e \u146b\u14ea\u14d7\u1450\u1550\u1455\u1405\u1583\u1466\u1455\u14ef\u14aa\u152a\u1585 \u14c7\u14ea\u14d5\u144e\u14a5\u14c4\u1466 \u14c2\u1405\u1550\u1548\u14ef\u154b\u1466\u14f4\u14d5\u1405\u1581\u152d\u1405\u1466\u14f1\u14c2 \u14c4\u1456\u152d\u14c2\u1483 \u14f4\u14c7\u14bb\u14aa\u158f\u1466 \u1403\u14c2\u1550\u1455\u1555\u14c2\u1550\u14a5\u14c2\u1483. &#8220;\u14c2\u1405\u1550\u1548\u144e\u1466\u14f4\u1472 \u1431\u152d\u1405\u1466\u14f4\u1405\u144e\u148b\u1583\u1466\u1455\u14da\u1405\u1550\u14ef\u14aa\u152a\u1466&#8221; \u14da\u14da\u1405\u1550\u1450\u1585. \u140a\u14c8\u14c7\u14a5\u14c4\u1466 \u1431\u14d7\u140a\u1550\u1450\u14a5\u1483 \u146b\u14ea\u14d7\u1450\u1550\u1455\u1405\u1583\u1466\u1455\u1450\u1555\u14c2\u1585, \u1583\u1455\u1595\u1591\u144e\u14a5\u14c4\u14d7 \u1403\u1472\u152a\u1550\u1455\u1405\u1559\u1466\u14f1\u14c2, \u140a\u14bb\u14aa\u14d7 \u1403\u14d5\u14d0\u14c2\u140a\u144e\u1455\u1405\u1466\u14f1\u14c2 \u1431\u152a\u14d0\u14c7\u14ef\u140a\u1548\u144e\u1466\u14f4\u158f\u14d0\u14c2\u1483. \u1438\u14c2\u14bb\u14a5\u14c2\u1483 \u14c4\u1472\u1550\u14ef\u1439\u14a5 \u14a5\u1550\u14f1\u1546\u1405\u1550\u14f4\u144e\u1466\u14ef\u148b\u140a\u1548\u14aa\u14d5\u1550\u14a5\u152a\u1585 \u1431\u148b\u140a\u1472\u1431\u14db\u1548\u14aa\u14d5\u1550\u14f1\u148d \u1403\u14d5\u14d0\u14c2\u140a\u144e\u14ef\u14d7\u148d.<br>\n\u1431\u1490\u14f1\u140a\u14bb\u14aa\u1546\u14d0\u14c7\u1450\u1546\u1466\u14ef\u14ef\u14aa\u1595\u158f\u1450\u1585 \u140a\u14c8\u14c7\u14a5\u14c2\u1483 \u1455\u146f\u14d0\u14c7\u14f1\u14c2 \u1431\u1490\u14f1\u140a\u14bb\u14aa\u1546\u1466\u1451\u152e\u1583\u1466\u1455\u14ef\u14aa\u1595\u158f\u14aa\u1466 \u140a\u14bb\u14aa\u14d7 \u14c7\u14d7\u14c7\u1595\u158f\u1451\u152e\u1550\u144e\u14ef\u1466\u14f1\u14c2. \u14da\u14da\u1405\u152b\u1585: &#8220;\u140a\u14c8\u14c7\u1490 \u166f\u144e\u1546\u1583\u1466\u1455\u14ef\u14aa\u1490\u14a5 \u1583\u1405\u1528\u14aa\u14c2\u158f\u1466\u1455 \u1403\u14da\u158f\u14d0\u14c2\u1483, \u1405\u1581\u14a3\u1466\u14f4\u1548\u144e\u158f\u1466 \u1405\u157f\u14ea\u14d5\u144e\u14bb\u14aa\u1546\u1466\u14ef\u14aa\u152a\u1466, \u1456\u14d0\u14c7\u1451\u148d\u14d0\u14c0\u154b\u14a5 \u1403\u14da\u14d5\u14ab\u14a5\u14c2\u1483 \u14a5\u1550\u14f1\u1548\u1466\u1528\u148d\u14d0\u14c7\u1450\u1451\u1466\u14f1\u14c2 \u1403\u1472\u152a\u1550\u144e\u1583\u14d5\u1550\u14f1\u14c2&#8221;. \u1403\u1466\u1450\u1555\u1483 \u14c7\u14d7\u14d5\u154b\u14a5 \u1403\u14d5\u14d0\u14c2\u140a\u144e\u1455\u1405\u148d\u14aa\u14f2\u148d\u1403\u14d0\u14c8\u1450\u1585, \u1405\u155d\u1559\u14d8\u14d0\u14c3\u1466 \u1431\u14c7\u14f1\u140a\u14d7\u146d\u1595\u158f\u1455\u14a5\u14c2\u1483 \u1472\u14aa\u148b\u14d7\u146d\u14f2\u1546\u1595\u158f\u1455\u14a5\u14c2\u1483 \u1431\u14c7\u14f1\u140a\u1546\u140a\u1583\u14d5\u154b\u14a5, \u1406\u1466\u1451\u144e\u148b\u1466\u14f1\u148d \u140a\u14aa\u1405\u14ef\u1405\u1550\u14f1\u14c2, \u1405\u155d\u1559\u14d8\u14d0\u14c3\u1466 \u140a\u1550\u14c7\u14ef\u1405\u144e\u14a5\u1483 \u140a\u144e\u148b\u14d5\u1405\u14d5\u154b\u14a5 \u14aa\u166f\u14ef\u1405\u144e\u14a5\u1483. \u1431\u152d\u1550\u14c3\u14d8\u1550\u1438\u1450\u1585 \u144c\u14ab\u1450\u1403\u14d0\u14c8\u1546\u140a\u1583\u1595\u158f\u14aa\u1455, \u144c\u14a3\u1490\u14a5 \u140a\u1550\u14c0\u1466 \u140a\u144e\u148b\u158f\u14d0\u14c2\u1559\u14ea\u14d7\u1585 \u14a5\u1550\u14f1\u14f2\u1585, \u140a\u144e\u148b\u14d5\u1405\u1546\u140a\u14a5\u1483 \u140a\u14d5\u140a\u148b\u14c2\u1550\u1439\u1583\u154b\u14a5. \n\u144c\u14aa, \u1403\u14d5\u1455\u1550\u14ef\u148d\u14d0\u14c7\u14d5\u1550\u1450\u148d\u1466 \u1403\u14bb\u14a5\u14c2\u157f\u148d\u144e\u148b\u1466\u14f1\u148b\u1466 \u1431\u14c7\u14f1\u140a\u1550\u14ef\u14aa\u152d\u158f\u14d0\u14c2\u1483 \u14a5\u1550\u14f1\u1455\u14a5\u1455 \u1403\u14d7\u140a\u14c2 \u1405\u1449\u1431\u140a\u14d7\u1595\u1591\u140a\u14d5\u1405\u1550\u14ef\u14aa\u14f2\u148d\u14d5\u1550\u14aa\u1466. &#8220;\u140a\u14d5\u140a\u148b\u14bb\u14aa\u1546\u1466\u1455\u154b, \u144c\u14aa\u1595\u1593\u1450\u1403\u14d0\u14c7\u1585 \u1431\u14c7\u14f1\u140a\u154b\u14d7\u140a\u1548\u1483\u146f \u1583\u14c4\u1403\u148b\u1595\u158f\u1455\u154b! \u1455\u1583\u14d0\u14c7\u14f2\u148d\u1490\u14d7\u140a\u1585 \u1450\u14c4\u1483\u146f\u1466 \u140a\u14bb\u14aa\u14d7 \u1450\u1403\u1483\u146f\u1466, \u146d\u14ef\u140a\u14c2 \u140a\u14d5\u140a\u148b\u152d\u154b \u1431\u14c7\u14f1\u140a\u1546\u140a\u14a5\u1483!&#8221;, \u1403\u1466\u1450\u1555\u1483 \u14da\u14da\u1405\u1550\u1450\u1585. \u140a\u14d5\u140a\u148b\u14c2\u1550\u1439\u14d5\u1483 \u1455\u1405\u1466\u1450\u148b\u14c2\u140a\u1550\u1455\u1593\u14c2\u1483 \u14c7\u14ea\u14d5\u1473\u1546\u140a\u14a5\u1483, \u140a\u14bb\u14aa\u14d7 \u1583\u14c4\u1403\u1466\u1450\u1403\u1466 \u1472\u144e\u14aa\u1466\u14f1\u144e\u1483 \u1431\u1405\u152b\u14bb\u14aa\u1594\u1455. \u1403\u14f1\u14aa\u148b\u152d\u1450\u140a\u1583\u14d5\u154b\u14a5, \u140a\u152a\u1403\u14d0\u14c7\u14ef\u14f2\u1585 \u1431\u148b\u140a\u1550\u1455\u14a5\u14c2\u1483 \u1431\u152d\u1547\u148b\u140a\u14da\u1593\u1466\u14f1\u14c2, \u146d\u14ef\u140a\u14c2 \u1431\u1555\u1466\u14f4\u1583\u14d5\u154b\u14a5\u1405\u14bb\u14a5\u152a\u1585. \u1431\u14c7\u14f1\u140a\u1548\u14ef\u1405\u1449 \u14c4\u1595\u1591\u140a\u14c2, \u140a\u1455\u1405\u14ef\u14d5\u1405\u1548\u14d0\u14c7\u1450\u1585 \u1405\u14ea\u14d7\u14ed\u14d0\u14c7\u1585. \u1431\u152d\u1547\u1472\u1431\u14d0\u14c2\u1438\u1405\u14ef\u14aa\u152a\u1585 \u1405\u146d\u1405\u14a5 \u1405\u14d5\u1472\u1466\u1455\u14d5\u1405\u1550\u14f1\u14c2 \u1405\u14d0\u14c4\u140a\u1450\u1403\u14d0\u14c7\u1585 \u1431\u152d\u1547\u1550\u14f1\u148d \u1438\u14c2\u140a\u1431\u14a5\u14c2\u1483 \u14a5\u1550\u14f1\u1548\u1466\u1528\u14f1\u14c2.<br>\n\u1431\u148b\u140a\u1595\u1593\u14f1\u14c2, \u1403\u1466\u1450\u1555\u1483 \u1431\u152a\u14d0\u14c7\u1450\u1546\u14ef\u14aa\u1595\u158f\u1450\u1585, \u146d\u14ef\u140a\u14c2 \u1405\u14ea\u14d7\u14a5 \u14c7\u14bb\u14a5\u14c2\u1550\u14a5\u14c2\u1483 \u14c2\u1405\u1555\u140a\u1466\u14f4\u1583\u14f2\u148d\u14d5\u1550\u1450\u1585. \u1403\u14da\u148b\u152d\u1405\u14ef\u14aa\u152a\u1585 \u1583\u14bb\u14a5\u1585 \u1455\u146f\u1466\u14f4\u1405\u144e\u1466\u14ef\u152a\u14c4\u1466 \u1455\u146f\u14a5\u14c7\u1550\u1450\u14d5\u1405\u1550\u144e\u14c4\u1466 \u14f4\u14c7\u152d\u1555\u14c2\u1550\u14a5\u14c2\u1483 \u140a\u14bb\u14aa\u14d7 \u140a\u14d0\u14c4\u154c\u14c2\u1483 \u157f\u14a5\u1550\u1548\u144e\u1466\u14ef\u14c2\u1583\u1550\u144e\u14d7\u148d \u1583\u1405\u14aa\u14c2\u1550\u14a5\u1483 \u1557\u1403\u14c2\u142f\u1483\u14a5. &#8220;\u1431\u148d\u14d0\u14c7\u1450\u1546\u14ef\u14aa\u1595\u158f\u1450\u1593, \u146d\u14ef\u140a\u14c2 \u148d\u14d0\u14c7\u1546\u140a\u14a5\u1483 \u1583\u1405\u1528\u14ef\u14aa\u152a\u1593&#8221; \u14a5\u1550\u14f1\u144e\u1483 \u14da\u14da\u1405\u1550\u1450\u1585.\n<\/p>\n\n\n\n<p class=\"has-very-light-gray-background-color has-background\"> Ittuvik Saviadjuk Paquet vit \u00e0 Salluit depuis son plus jeune \u00e2ge. Elle travaille comme principalement comme directrice de centre \u00e0 l\u2019\u00e9cole du village. Elle est devenue couturi\u00e8re il y a quelques ann\u00e9es. Enfant, elle avait l&#8217;habitude de voir sa m\u00e8re coudre de temps en temps. Aujourd&#8217;hui, elle est capable de faire une parka en une journ\u00e9e si elle n&#8217;est pas trop occup\u00e9e. Elle a \u00e9t\u00e9 beaucoup pouss\u00e9e par sa m\u00e8re, mais aussi par sa cousine et sa meilleure amie. <br>\nIttuvik a commenc\u00e9 par crocheter des nasait (chapeaux), il y a environ 15 ans. 8 Huit ans plus tard, elle a commenc\u00e9 \u00e0 coudre des mitaines et s&#8217;est sentie plus \u00e0 l&#8217;aise avec la machine \u00e0 coudre. Ce n&#8217;est qu&#8217;apr\u00e8s deux ans de couture qu&#8217;elle a commenc\u00e9 \u00e0 confectionner des parkas.De fin f\u00e9vrier \u00e0 mi-mars cette ann\u00e9e- l\u00e0, de la fin du mois de f\u00e9vrier au milieu du mois de mars, elle a confectionn\u00e9 son premier  parka tout neuf.<br>\nAu d\u00e9but, elle ne cousait que pour les femmes, puis, peu apr\u00e8s, pour ses enfants et d&#8217;autres membres de sa famille. Au d\u00e9but, c&#8217;\u00e9tait surtout pour s&#8217;entra\u00eener et trouver les patrons qui lui convenaient le mieux. La jeune couturi\u00e8re a \u00e9t\u00e9 encourag\u00e9e par ses proches \u00e0 commencer \u00e0 vendre sa propre ligne de v\u00eatements. &#8220;Cela s&#8217;est fait assez rapidement&#8221;, dit-elle. Sa m\u00e8re l&#8217;encourageait particuli\u00e8rement, ses cousines l&#8217;ont \u00e9galement aid\u00e9e tout au long du cheminen cours de route et lui ont montr\u00e9 comment s&#8217;am\u00e9liorer. Elle pr\u00e9voit d&#8217;apprendre bient\u00f4t \u00e0 sa fille cadette \u00e0 coudre elle aussi.\nElle ne s&#8217;attendait pas \u00e0 autant de travail, car sa m\u00e8re lui donnait l&#8217;impression que c&#8217;\u00e9tait plus facile et sans effort que ce l\u2019est en r\u00e9alit\u00e9. Elle raconte : \u00ab lorsque ma m\u00e8re m\u2019a transmis des \u00e9l\u00e9ments de son savoir, c\u2019est comme si \u00e7a lui avait enlev\u00e9 un \u00e9norme poids, car elle n&#8217;\u00e9tait plus la seule \u00e0 coudre pour toute sa famille. \u00bb  Ittuvik continue cependant \u00e0 demander conseil lorsqu&#8217;elle n&#8217;est pas s\u00fbre d&#8217;elle ou lorsqu&#8217;elle doit r\u00e9aliser une pi\u00e8ce qu&#8217;elle ne fait pas souvent, comme un amauti ou un parka de chasse pour femme. Elle a du mal \u00e0 les r\u00e9aliser, alors elle fait plus de parka de femme, ce qu&#8217;elle pr\u00e9f\u00e8re. Sa cousine et sa meilleure amie l&#8217;ont beaucoup aid\u00e9e \u00e0 coudre les fermetures \u00e9claires et les poches. <br>\nAujourd&#8217;hui, on reconna\u00eet son travail artisanal au petit hibou qu&#8217;elle coud \u00e0 l&#8217;int\u00e9rieur des tissus. &#8220;J&#8217;adore \u00e7a, je pourrais le faire tout le temps! Cela peut \u00eatre fatigant pour mon dos et mes \u00e9paules, mais cela me rend heureuse&#8221;, dit Ittuvik. Ce qu&#8217;elle pr\u00e9f\u00e8re dans le processus, c&#8217;est choisir la couleur et ce qui va ensemble. Lorsqu&#8217;elle s&#8217;y met, elle fait de son mieux pour terminer ce qu&#8217;elle a commenc\u00e9, mais seulement si les circonstances le permettent. Un week-end, elle peut en faire un parka en une journ\u00e9e. Le manteau d&#8217;hiver qu&#8217;elle a confectionn\u00e9 le plus rapidement a \u00e9t\u00e9 r\u00e9alis\u00e9 en une nuit pour sa cadette. <br>\nAu d\u00e9but, Ittuvik a dout\u00e9 d&#8217;elle-m\u00eame, mais aujourd&#8217;hui, elle tient sa propre ligne de v\u00eatements. Elle a r\u00e9cemment \u00e9t\u00e9 l&#8217;une des artistes exposantes au CRAFTED Event and Fashion Sshow \u00e0 Qaumajuq, \u00e0 Winnipeg. &#8220;Je ne pensais pas pouvoir le faire, mais je le peux&#8221;, dit la couturi\u00e8re.\n<\/p>\n\n\n\n<p class=\"has-very-light-gray-background-color has-background\"> Ittuvik Saviarjuk Paquet lives in Salluit since her young age. As a main position of employment, she is working as a Center Director at the local school. She became a seamstress a few years ago. As a child, she was used to seeing her mother sew ing once in a while every so often. Today, she is able to make a parka in a day if she\u2019s not too busy. She was pushed a lot by her mother,  a lot but also by her cousin and her best friend. <br>\nIttuvik started with crocheting nasait (hats), about 15 fifteen years ago. 8 Eight years later, she started sewing mittens, and found better comfort with the sewing machine. It was not only after two years into sewing that she started making parka\u2019s. The same year, from end of February to mid-March of the same year, she made her first brand new parka.<br>\nAt the beginning she would sewed only for women at the beginning and would make some clothing for her children and other family members shortly after. It was mainly for her own own practicetraining in the beginning, and to find the patterns that suit her the best. The young seamstress was encouraged by her loved ones to start selling her own line of fashion.  \u201cIt went pretty fast\u201d she says. Her mother was especially encouraging her, her cousins helped her along the way as well, and showed her to better herself. She is planning to show her youngest daughter how to sew soon , as well.\nShe didn\u2019t anticipate so much work as her mom made it look so effortless and easy. She said: \u201cWhen my mother gave me pieces of her knowledge, it had taken a lot of weight off of her, as she wasn\u2019t the only one sewing for her entire family anymore\u201d.  Although Ittuvik still asks for advice when she\u2019s unsure of herself, or when she has to make a piece she doesn\u2019t do often, like an amauti, or a women\u2019s hunting parka. She has a hard time with them, so she makes more of women\u2019s parkas, her personal preference.  Her cousin and her best friend also helped her a lot with the zips and pockets.<br>\nNow, we recognize her homemade work by the little owl she sews inside of the fabrics. \u201cI love it, I could do it all the time! It can get tiring for my back and shoulders, but it makes me happy!\u201d, Ittuvik says. Her favorite part of the process is choosing the color, and which goes together. When she puts her mind into it, she does her best to finish what she started, but only if the circumstances allow it. In a weekend, she can make one parka in a day. The fastest she\u2019s done a winter coat was overnight for her little daughter. <br>\nIn the beginning, Ittuvik doubted herself, but today she holds her own line of clothing. She was recently one of the exhibiting artists at CRAFTED Event and Fashion Show at Qaumajuq in Winnipeg. \u201cI didn\u2019t think I could, but I can\u201d the seamstress says. \n<\/p>\n\n\n\n<p class=\"has-background\" style=\"background-color:#e5f5f5\">\u1583\u1405\u1528\u148b\u140a\u1466\u14ef\u140a\u1548\u14aa\u148d\u1555\u1466 \u14f4\u14c7\u1595\u1591\u140a\u144e\u1405\u1449 \u14a5\u1466\u14f5\u14c4\u1466 \/ D\u00e9couvrir plus sur l&#8217;artiste \/ Know more about the artist:<br> <a rel=\"noreferrer noopener\" href=\"https:\/\/www.facebook.com\/Ittuvik88\/photos\" target=\"_blank\">Facebook Page<\/a> <br><a rel=\"noreferrer noopener\" href=\"https:\/\/www.instagram.com\/ittuvik\/?hl=en\" target=\"_blank\">Instagram<\/a><\/p>\n\n\n\n<p>\u140a\u14ea\u14da\u1450\u1585 | Texte de | Text by: Jessie Fortier Ningiuruvik<\/p>\n\n\n\n<div class=\"rl-gallery-container splide rl-loading\" id=\"rl-gallery-container-1\" data-gallery_id=\"7196\"> <div class=\"rl-gallery rl-basicslider-gallery splide__track \" id=\"rl-gallery-1\" data-gallery_no=\"1\"> <ul class=\"splide__list\"> <li class=\"rl-gallery-item splide__slide\" data-thumb=\"https:\/\/tarqitamaat.ca\/wp-content\/uploads\/2023\/12\/Ittuvik1-scaled.jpg\"> <a href=\"https:\/\/tarqitamaat.ca\/wp-content\/uploads\/2023\/12\/Ittuvik1-scaled.jpg\" title=\"\" data-rl_title=\"\" class=\"rl-gallery-link\" data-rl_caption=\"\" data-rel=\"lightbox-gallery-1\"><img src=\"https:\/\/tarqitamaat.ca\/wp-content\/uploads\/2023\/12\/Ittuvik1-scaled.jpg\" width=\"1908\" height=\"2560\" alt=\"\" \/><\/a> <\/li> <li class=\"rl-gallery-item splide__slide\" data-thumb=\"https:\/\/tarqitamaat.ca\/wp-content\/uploads\/2023\/12\/Ittuvik2-scaled.jpg\"> <a href=\"https:\/\/tarqitamaat.ca\/wp-content\/uploads\/2023\/12\/Ittuvik2-scaled.jpg\" title=\"\" data-rl_title=\"\" class=\"rl-gallery-link\" data-rl_caption=\"\" data-rel=\"lightbox-gallery-1\"><img src=\"https:\/\/tarqitamaat.ca\/wp-content\/uploads\/2023\/12\/Ittuvik2-scaled.jpg\" width=\"1908\" height=\"2560\" alt=\"\" \/><\/a> <\/li> <li class=\"rl-gallery-item splide__slide\" data-thumb=\"https:\/\/tarqitamaat.ca\/wp-content\/uploads\/2023\/12\/Ittuvik3-scaled.jpg\"> <a href=\"https:\/\/tarqitamaat.ca\/wp-content\/uploads\/2023\/12\/Ittuvik3-scaled.jpg\" title=\"\" data-rl_title=\"\" class=\"rl-gallery-link\" data-rl_caption=\"\" data-rel=\"lightbox-gallery-1\"><img src=\"https:\/\/tarqitamaat.ca\/wp-content\/uploads\/2023\/12\/Ittuvik3-scaled.jpg\" width=\"1908\" height=\"2560\" alt=\"\" \/><\/a> <\/li> <li class=\"rl-gallery-item splide__slide\" data-thumb=\"https:\/\/tarqitamaat.ca\/wp-content\/uploads\/2023\/12\/Ittuvik4-scaled.jpg\"> <a href=\"https:\/\/tarqitamaat.ca\/wp-content\/uploads\/2023\/12\/Ittuvik4-scaled.jpg\" title=\"\" data-rl_title=\"\" class=\"rl-gallery-link\" data-rl_caption=\"\" data-rel=\"lightbox-gallery-1\"><img src=\"https:\/\/tarqitamaat.ca\/wp-content\/uploads\/2023\/12\/Ittuvik4-scaled.jpg\" width=\"1908\" height=\"2560\" alt=\"\" \/><\/a> <\/li> <li class=\"rl-gallery-item splide__slide\" data-thumb=\"https:\/\/tarqitamaat.ca\/wp-content\/uploads\/2023\/12\/IIttuvik5-scaled.jpg\"> <a href=\"https:\/\/tarqitamaat.ca\/wp-content\/uploads\/2023\/12\/IIttuvik5-scaled.jpg\" title=\"\" data-rl_title=\"\" class=\"rl-gallery-link\" data-rl_caption=\"\" data-rel=\"lightbox-gallery-1\"><img src=\"https:\/\/tarqitamaat.ca\/wp-content\/uploads\/2023\/12\/IIttuvik5-scaled.jpg\" width=\"1908\" height=\"2560\" alt=\"\" \/><\/a> <\/li> <li class=\"rl-gallery-item splide__slide\" data-thumb=\"https:\/\/tarqitamaat.ca\/wp-content\/uploads\/2023\/12\/Ittuvik6-scaled.jpg\"> <a href=\"https:\/\/tarqitamaat.ca\/wp-content\/uploads\/2023\/12\/Ittuvik6-scaled.jpg\" title=\"\" data-rl_title=\"\" class=\"rl-gallery-link\" data-rl_caption=\"\" data-rel=\"lightbox-gallery-1\"><img src=\"https:\/\/tarqitamaat.ca\/wp-content\/uploads\/2023\/12\/Ittuvik6-scaled.jpg\" width=\"1908\" height=\"2560\" alt=\"\" \/><\/a> <\/li> <li class=\"rl-gallery-item splide__slide\" data-thumb=\"https:\/\/tarqitamaat.ca\/wp-content\/uploads\/2023\/12\/Ittuvik7-scaled.jpg\"> <a href=\"https:\/\/tarqitamaat.ca\/wp-content\/uploads\/2023\/12\/Ittuvik7-scaled.jpg\" title=\"\" data-rl_title=\"\" class=\"rl-gallery-link\" data-rl_caption=\"\" data-rel=\"lightbox-gallery-1\"><img src=\"https:\/\/tarqitamaat.ca\/wp-content\/uploads\/2023\/12\/Ittuvik7-scaled.jpg\" width=\"1908\" height=\"2560\" alt=\"\" \/><\/a> <\/li> <li class=\"rl-gallery-item splide__slide\" data-thumb=\"https:\/\/tarqitamaat.ca\/wp-content\/uploads\/2023\/12\/Ittuvik8-scaled.jpg\"> <a href=\"https:\/\/tarqitamaat.ca\/wp-content\/uploads\/2023\/12\/Ittuvik8-scaled.jpg\" title=\"\" data-rl_title=\"\" class=\"rl-gallery-link\" data-rl_caption=\"\" data-rel=\"lightbox-gallery-1\"><img src=\"https:\/\/tarqitamaat.ca\/wp-content\/uploads\/2023\/12\/Ittuvik8-scaled.jpg\" width=\"1908\" height=\"2560\" alt=\"\" \/><\/a> <\/li> <\/ul> <\/div> <\/div>\n\n\n\n<p>\u140a\u1466\u1528\u14d5\u140a\u1555\u14c2\u1550\u14a5\u14c2\u1483 \u140a\u1450\u1550\u1455\u1405\u144e\u1466\u14ef\u14ef\u14aa\u152a\u1466 \/ Cr\u00e9dit photos \/ Photo Credit: WAG-Qaumajuq, Danny Shumov<\/p>\n","protected":false},"excerpt":{"rendered":"<p>\u1403\u1466\u1450\u1555\u1483 \u14f4\u1555\u140a\u1550\u1466\u152d\u1483 \u1438\u1472\u1403\u1466 | Ittuvik Saviardjuk Paquet \u1403\u1466\u1450\u1555\u1483 \u14f4\u1555\u140a\u1550\u152a\u1483 \u1438\u146d\u140a\u1466 \u14f4\u14ea\u14d7\u14a5\u1405\u148d\u14ef\u14aa\u152a\u1585 \u1472\u1483\u1472\u14db\u148d\u1466\u14f1\u14c2\u14a5\u14c2\u1466. \u1431\u14c7\u14f1\u1490\u14ea\u14da\u1546\u14d5\u1483, \u1431\u14c7\u14f1\u155d\u1555\u14a5 \u1472\u14aa\u1528\u14bb\u14aa\u1546\u1405\u1466\u14f1\u14c2. \u14a5\u1550\u14f1\u144e\u1595\u1591\u1450\u1555\u14c2\u1405\u144e\u14ea\u14d7\u148d \u140a\u1550\u154c\u148d\u1403\u1466 \u140a\u14a5\u14f2\u1595\u158f\u1450\u1466 \u140a\u14c2\u148d\u1550\u14ef\u14aa\u14d5\u1550\u1450\u1466. \u1472\u1483\u1472\u14db\u148d\u1466\u14f1\u14c2, \u140a\u14c8\u14c7\u1593 \u14a5\u1550\u14f1\u144e\u14ea\u14d7\u148d \u1455\u146f\u14d0\u14c7\u1583\u1466\u1455\u1450\u1555\u14c2\u1585. \u1405\u14ea\u14d7\u14a5, \u140a\u144e\u148b\u14d5\u1405\u1548\u14d0\u14c7\u14d5\u1550\u1450\u1585 \u1405\u14ea\u14d7\u1403\u14c8\u1550\u14f1\u148d \u140a\u1550\u14d5\u140a\u14d7\u140a\u1595\u158f\u1450\u140a\u154b\u14a5. \u140a\u14c8\u14c7\u14a5\u14c4\u1466 \u146b\u14ea\u14d7\u1450\u1550\u1455\u1405\u1559\u1466\u1450\u1555\u14c2\u1405\u1466\u14f1\u14c2 \u14a5\u1550\u14f1\u1546\u1405\u1581\u152d\u1405\u1466\u14f1\u14c2. \u1403\u1466\u1450\u1555\u1483 \u1403\u1466\u14ef\u1490\u1548\u14d0\u14c7\u14ef\u14d0\u14c2\u14a5\u152a\u1585 \u14c7\u14f4\u14d5\u1405\u1550\u14f1\u14c2, \u1431\u152a\u14d0\u14c7\u14ef\u14da\u1405\u1550\u1450\u1555\u14c2\u1405\u1466\u14f1\u14c2 15 \u140a\u1550\u154c\u148d\u1403\u1466 \u14c8\u14ef\u14aa\u14d5\u1550\u1450\u1466. \u140a\u1550\u154c\u148d\u1403\u1466 8 \u140a\u14c2\u148d\u1550\u144e\u14d7\u148b\u1466, \u14a5\u1550\u14f1\u14f1\u14c2 \u1439\u14d7\u14d5\u1405\u1583\u1466\u1455\u14ef\u14d0\u14c2\u14a5\u152a\u1585, \u140a\u14bb\u14aa\u14d7 \u14a5\u1550\u14f1\u152b\u14a5\u1483 \u140a\u1450\u1546\u140a\u14a5\u1483 \u1403\u14f1\u1550\u1546\u14c2\u1550\u14f4\u1405\u14f2\u148d\u1466\u14f1\u14c2. \u14a5\u1550\u14f1\u14f2\u148d\u14d5\u1550\u14f1\u14c2 \u140a\u1550\u154c\u148e\u1483 2 \u140a\u14c2\u148d\u14da\u1405\u1550\u144e\u14c7\u148b\u1483 \u140a\u144e\u148b\u14d5\u1405\u1583\u1466\u1455\u14ef\u14d0\u14c2\u14a5\u152a\u1585. \u1555\u1557\u140a\u1528\u1405\u1449 \u14c4\u1595\u1591\u140a\u14c2\u1466 \u14ab\u1466\u14ef\u1405\u1449 \u157f\u144e\u1593\u14c4\u1466 &hellip; <a href=\"https:\/\/tarqitamaat.ca\/?page_id=7192\" class=\"more-link\">Continue reading <span class=\"screen-reader-text\">\u14c7\u1466\u152a\u1403\u152d\u1550\u1555\u1483| Novembre | November<\/span> <span class=\"meta-nav\">&rarr;<\/span><\/a><\/p>\n","protected":false},"author":1,"featured_media":7316,"parent":0,"menu_order":0,"comment_status":"closed","ping_status":"closed","template":"","meta":{"jetpack_post_was_ever_published":false},"jetpack_sharing_enabled":true,"jetpack_shortlink":"https:\/\/wp.me\/PaFG9T-1S0","_links":{"self":[{"href":"https:\/\/tarqitamaat.ca\/index.php?rest_route=\/wp\/v2\/pages\/7192"}],"collection":[{"href":"https:\/\/tarqitamaat.ca\/index.php?rest_route=\/wp\/v2\/pages"}],"about":[{"href":"https:\/\/tarqitamaat.ca\/index.php?rest_route=\/wp\/v2\/types\/page"}],"author":[{"embeddable":true,"href":"https:\/\/tarqitamaat.ca\/index.php?rest_route=\/wp\/v2\/users\/1"}],"replies":[{"embeddable":true,"href":"https:\/\/tarqitamaat.ca\/index.php?rest_route=%2Fwp%2Fv2%2Fcomments&post=7192"}],"version-history":[{"count":18,"href":"https:\/\/tarqitamaat.ca\/index.php?rest_route=\/wp\/v2\/pages\/7192\/revisions"}],"predecessor-version":[{"id":7330,"href":"https:\/\/tarqitamaat.ca\/index.php?rest_route=\/wp\/v2\/pages\/7192\/revisions\/7330"}],"wp:featuredmedia":[{"embeddable":true,"href":"https:\/\/tarqitamaat.ca\/index.php?rest_route=\/wp\/v2\/media\/7316"}],"wp:attachment":[{"href":"https:\/\/tarqitamaat.ca\/index.php?rest_route=%2Fwp%2Fv2%2Fmedia&parent=7192"}],"curies":[{"name":"wp","href":"https:\/\/api.w.org\/{rel}","templated":true}]}}