{"id":6668,"date":"2023-05-31T03:30:25","date_gmt":"2023-05-31T03:30:25","guid":{"rendered":"https:\/\/tarqitamaat.ca\/?page_id=6668"},"modified":"2023-08-07T17:22:48","modified_gmt":"2023-08-07T17:22:48","slug":"kayla-jazz-annanak-lauzon","status":"publish","type":"page","link":"https:\/\/tarqitamaat.ca\/?page_id=6668","title":{"rendered":"\u14c4\u1550\u154b\u14d5\u1405\u1466 | Mai | May"},"content":{"rendered":"\n<h2 class=\"wp-block-heading\"> \u146b\u14da-\u152e\u1505 \u140a\u14d0\u14c7\u14c7\u1483-\u14da\u1405\u152b\u14d0\u14a5\u1483| Kayla-Jazz Annanack-Lauzon <\/h2>\n\n\n<p class=\"has-very-light-gray-background-color has-background\">\u1455\u155d\u1559\u14c2 \u1455\u1550\u157f\u14a5 \u1450\u14f4\u1550\u1455\u1405\u144e\u1466\u14ef\u148d\u14aa\u1557\u148d\u1466 \u146b\u14da-\u152e\u1505 \u140a\u14d0\u14c7\u14c7\u1483-\u14da\u1405\u152b\u14d0\u14a5\u1483, \u140a\u1405\u14ab\u14a1\u148c\u1555\u1405\u1449 \u1431\u14c7\u14f1\u140a\u1548\u1466\u1528\u1405\u144e\u14c2\u1483 \u1472\u14aa\u1528\u1466\u1456\u1583\u14bb\u14a5\u1593\u14c2\u1483. \u140a\u14d5\u140a\u14bb\u14aa\u1546\u14d5\u1550\u1450\u148d\u1466 \u1455\u146f\u14a5\u14c7\u1550\u1450\u14d5\u1405\u1550\u144e\u14a5\u1483 \u1403\u14da\u1456\u1550\u14ef\u14aa\u14d5\u154b\u1466\u1455 \u1403\u1472\u152a\u1583\u1466\u1455\u14da\u1593\u152a\u14a5\u1483 \u140a\u14ef\u14a5\u14c2\u1483 \u1455\u146f\u14a5\u14c7\u1550\u1450\u14d5\u1405\u1550\u144e\u1405\u1583\u144e\u14a5\u14c2\u1483 \u140a\u14bb\u14aa\u14d7 \u14c4\u1403\u1559\u14ea\u14d5\u140a\u14c2\u158f\u14d0\u14c2\u1483 \u1455\u146f\u14a5\u14c7\u1550\u1450\u1403\u1466 \u14c4\u14c7\u1555\u14bb\u14a5\u14c2\u144c\u1466. \u146b\u14da \u1431\u1581\u14ef\u1405\u1550\u144e \u14f4\u1438\u1593\u14d5\u1405\u1550\u144e \u140a\u14bb\u14aa\u14d7 \u14a5\u1550\u14f1\u144e\u1405\u1466\u14f1\u14c2 \u1431\u1548\u1550\u14f4\u14ef\u14aa\u1466\u14f1\u14c2 \u1470\u152a\u140a\u14a5. \u14c7\u14bb\u14a5\u14c2\u1550\u14a5\u14c2\u1483 \u1403\u14c2\u1550\u14ef\u1555\u1581\u144e\u14d5\u1483, \u140a\u144e\u14d5\u14bb\u14a5\u1483 \u140a\u1405\u148d\u14ef\u144e\u14a5 \u1431\u1581\u14ef\u1405\u1550\u14c2\u1585 \u14f4\u1438\u1593\u14d5\u1405\u1550\u14c2\u1585 \u140a\u1466\u14ef\u14ef\u14aa\u152d\u1593 \u14c7\u146f\u1550\u14f4\u1405\u144e\u148b\u1466\u14f1\u148d \u140a\u1456\u1455\u14a5\u14c2\u1483 \u1403\u1472\u152a\u1550\u14ef\u152d\u1405\u14ea\u14da\u1546\u14ef\u14aa\u1490\u14a5, \u140a\u1405\u148d\u14ef\u144e\u14a5\u1483 \u14c7\u14ea\u14d5\u1473\u1550\u14ef\u14aa\u14da\u157f\u152a\u1585, \u1455\u155d\u1559\u14c2 \u1455\u1550\u157f\u14a5 \u1403\u14c5\u14d5\u1550\u1555\u1583\u1550\u14ef\u14aa\u14bb\u14aa\u1466 \u1583\u1405\u1528\u14aa\u14c2\u1550\u1456\u14ef\u14aa\u152a\u1585 \u140a\u14bb\u14aa\u14d7 \u14f1\u158f\u1405\u14d0\u14c2\u1456\u1550\u14ef\u14aa\u1466\u14f1\u14c2 \u1403\u14bb\u14a5\u14c2\u1483 \u1403\u14d5\u1466\u14ef\u1559\u14ea\u14d5\u140a\u14f1\u14c2, \u1403\u14d5\u1466\u14ef\u14ef\u14aa\u14ea\u14da\u1546\u1490\u14d7\u140a\u1550\u14a5\u14f1\u14c2 \u14a5\u1550\u14f1\u1546\u1405\u1550\u1438\u14d5\u140a\u14c2\u1550\u14a5\u1483 \u140a\u14bb\u14aa\u14d7 \u1431\u1581\u14ef\u1405\u1550\u14c2\u14a5\u1483 \u14f4\u1438\u1593\u14d5\u1405\u1550\u14c2\u14a5\u1483 \u1403\u14d5\u14f4\u1550\u1555\u14a5 \u140a\u14bb\u14aa\u14d7 \u1403\u14da\u14a5\u14c2\u1466.<br>\u1583\u14c2\u14aa\u14d0\u14c7\u1585 \u14ef\u140a\u14bb\u14aa\u144e\u14ea\u14d7\u148d 2020-\u14a5, \u1403\u14bb\u14a5\u14c2\u157f\u14d7\u14c2 \u14c2\u1405\u1550\u1548\u14ef\u1550\u1583\u152d\u1550\u14ef\u14aa\u1595\u158f\u14aa\u1466, \u140a\u1593\u152a\u14a5\u14c4\u1466 \u14c4\u1472\u1550\u14a5\u14c4\u1466 \u1431\u148b\u140a\u1550\u144e\u14ef\u1581\u152d\u1405\u14d5\u1550\u1450\u1555\u14c2\u1585 \u1583\u1546\u1455\u1405\u152d\u1483\u146f\u1466 \u14c2\u1405\u1550\u1548\u14ed\u1555\u14bb\u14a5\u1483 \u140a\u14bb\u14aa\u14d7 \u140a\u1405\u14ea\u14da\u144e\u1583\u1466\u1455\u14d7\u148b\u1466 \u14c2\u1405\u1555\u140a\u1546\u152d\u1405\u152a\u1466 \u14f4\u14c7\u152d\u1555\u14c2\u158f\u1466. \u1431\u14c7\u14f1\u140a\u1550\u144e\u14d7\u148d \u1403\u14da\u14a5\u14c4\u1466 \u1403\u1472\u152a\u1550\u14ef\u14aa\u152d\u1405\u158f\u14d0\u14c7\u14ef\u14aa\u152a\u1585 \u140a\u14bb\u14aa\u14d7 3 \u140a\u1550\u154c\u148d\u1403\u1466 \u140a\u14c2\u148d\u1550\u144e\u14d7\u148b\u1466, \u14c2\u1405\u1550\u1548\u144e\u1466\u14f4\u152d\u158f\u14d0\u14c2\u1483 \u14c4\u14c7\u1555\u14bb\u14a5 \u140a\u144e\u1550\u14a5\u148d\u1466 \u1583\u1405\u1528\u14aa\u152d\u1405\u1466\u14ef\u140a\u14c2\u1583\u14d5\u1550\u14c2\u158f\u14d0\u14c2\u1483 \u1405\u1583\u1548\u14d0\u14c7\u14d5\u1550\u1450\u148d\u1466 \u140a\u14bb\u14aa\u14d7 \u1403\u14d5\u1593\u144e\u1455\u1405\u1559\u14d5\u1550\u14f1\u144e\u1483 \u1431\u1405\u148b\u152d\u1405\u14bb\u14aa\u1546\u148b\u140a\u158f\u14d0\u14c2\u1483 \u14f4\u14c7\u152d\u1555\u14c2\u158f\u1466\u1455 \u140a\u14bb\u14aa\u14d7 \u1583\u14c4\u1450\u1403\u14d0\u14c8\u1548\u1455\u1405\u14c2\u1405\u152d\u1550\u1438\u1490\u144e\u1483.<br>\u14c4\u1403\u1466\u14ef\u1559\u14ea\u14d5\u140a\u1490\u14a5 \u14c7\u14bb\u14a5\u14c2\u1585 \u1403\u14d5\u1455\u1550\u14c7\u144e\u1466\u14ef\u148d\u144e\u14a5\u14c2\u1483, \u1431\u152d\u1546\u140a\u146d\u1466\u1451\u144e\u1466\u14ef\u1559\u1595\u158f\u1450\u1585 \u14f4\u14c7\u152d\u14a5\u14c2\u1483, \u14ef\u1405\u14bb\u14a5\u1405\u1455\u1450\u1403\u14d0\u14c8\u1483 5-\u14c2\u1483 \u1403\u1472\u1405\u1550\u14c2\u1450\u1548\u14d0\u14c7\u14aa\u14c3\u1483, \u14aa\u14d5\u1466\u14f1\u148b\u1466 \u14f1\u14c7\u14d5\u1405\u14da\u1593\u14d5\u1550\u14a5\u1594\u14bb\u14a5\u1483 \u1450\u146d\u1456\u1550\u14c2\u158f\u1466. \u14ef\u14da\u1439\u1585, \u1433\u140a\u14d7\u1403\u1466 \u140a\u14bb\u14aa\u14d7 \u140a\u144e\u148c\u1466 \u1431\u152d\u1546\u140a\u1451\u148d\u1559\u14bb\u14a5\u152a\u1466 \u14f4\u14c7\u148b\u140a\u14a5\u1483. \u1455\u14aa\u1483\u146f\u14c2\u1593\u14d5\u14ab\u1585 \u1431\u148d\u14d0\u14c7\u154b\u14d7\u140a\u1550\u14f1\u14c2, \u14f4\u14c7\u1559\u1466\u1455\u158f\u1466 \u1405\u14c4\u1550\u14ef\u148b\u140a\u1548\u14aa\u14bb\u14a5\u152d\u158f\u1466, \u1406\u1466\u1451\u144e\u148b\u1466\u14f1\u148b\u1466 \u1403\u14d5\u14f4\u1550\u14d7\u14c2 \u1438\u1466\u144e\u144e\u1490\u14d5\u1405\u1550\u14c2\u14a5\u1483 \u140a\u14bb\u14aa\u14d7 \u1403\u14c4\u1403\u1466 \u1431\u1405\u14ef\u1450\u1583\u1593\u144e\u148d\u1466 \u1450\u14d0\u14c2\u14d5\u1405\u1550\u14c2\u14a5\u1483. \u1403\u14c2\u1550\u14ef\u14ef\u140a\u1550\u14ef\u144e\u1405\u14c2\u1593 \u1403\u1550\u1438\u1438\u14ea\u14d5\u140a\u14c2\u1583\u1466\u14ef\u140a\u1450\u1585 \u140a\u14bb\u14aa\u14d7 \u14da\u14da\u1405\u1550\u14f1\u14c2: &#8220;\u14c4\u1403\u1466\u14ef\u148d\u14d0\u14c7\u1546\u140a\u14a5\u1483 \u1403\u14f1\u14aa\u14a5\u1405\u1455\u1550\u14c3\u1559\u1593 \u1431\u14ea\u14da\u1546\u1595\u1591\u144e\u1466\u14f1\u148b\u1466 \u140a\u14d5\u140a\u14c7\u1550\u1450\u1438\u1405\u152e\u14d7\u1483&#8221;<br>\u146b\u14da\u1405\u1449 \u1431\u14c7\u14f1\u140a\u1550\u14ef\u14aa\u152d\u158f\u1466 \u1583\u1546\u1455\u1405\u152d\u1483\u146f\u1466 \u1455\u146f\u1466\u14f4\u1405\u144e\u1466\u14ef\u1555\u14bb\u14a5 Instagram-\u14a5 \u140a\u14bb\u14aa\u14d7 Facebook-\u14a5 \u14c4\u1403\u1455\u152a\u1466 \u140a\u14bb\u14aa\u14d7 \u140a\u1559\u1455\u1483\u146f\u14c3\u1466\u144e\u14d7\u148d \u1405\u1584\u1555\u148b\u1466\u144c\u14d5\u1466\u152d\u158f\u1466\u144c\u1466 \u1403\u1472\u152a\u1550\u1455\u1405\u148d\u14aa\u148d\u1555\u1466 \u140a\u14bb\u14aa\u14d7 \u14f4\u1433\u1466\u152d\u1405\u148d\u14aa\u148d\u1555\u1466 \u14c4\u1403\u1466\u14ef\u148b\u140a\u1550\u144e\u14d7\u144e\u1466 \u14c7\u14bb\u14a5\u14c2\u1585 \u1455\u146f\u14a5\u14c7\u1550\u1450\u14d5\u140a\u1555\u14c2\u1550\u14c3\u1555\u1466!<\/p>\n<p class=\"has-very-light-gray-background-color has-background\">Ce mois-ci, nous aimerions vous pr\u00e9senter Kayla-Jazz Annanack-Lauzon, la nouvelle agente de programme d&#8217;Aumaaggiivik. Nous sommes tr\u00e8s heureux qu&#8217;une artiste soit ici pour soutenir d&#8217;autres artistes et le d\u00e9veloppement des arts au Nunavik. Kayla pratique le perlage et est une couturi\u00e8re qui a grandie \u00e0 Kuujjuaq. Elle a sa propre marque, August Beadwork, nomm\u00e9e en l&#8217;honneur de son p\u00e8re qui l&#8217;a beaucoup soutenue, ao\u00fbt \u00e9tant le mois de sa naissance. Elle a acquis ses connaissances et son exp\u00e9rience de fa\u00e7on autodidacte, bien qu&#8217;elle ait appris les rudiments de la couture et du perlage \u00e0 l&#8217;\u00e9cole et aupr\u00e8s de membres de sa famille.<br>Lorsque la pand\u00e9mie a frapp\u00e9 en 2020, ne pouvant plus vendre en personne, ses s\u0153urs l&#8217;ont pouss\u00e9e \u00e0 ouvrir un compte sur Instagram pour vendre et exp\u00e9dier ses produits. Sa famille l&#8217;a toujours soutenue dans son travail et trois ans plus tard, on peut dire que sa marque s&#8217;est fait un nom au Nunavik et qu&#8217;elle est associ\u00e9e \u00e0 un artisanat de haute qualit\u00e9 et \u00e0 la fiabilit\u00e9.<br>Comme elle d\u00e9veloppe son propre style, elle passe beaucoup de temps sur ses pi\u00e8ces; une simple paire de boucles d&#8217;oreilles peut prendre jusqu&#8217;\u00e0 cinq heures \u00e0 cr\u00e9er, selon le style qu&#8217;elle lui donne. Le silapaaq (chandail \u00e0 manches longues), les pualuit (mitaines) et les parkas n\u00e9cessitent \u00e9galement beaucoup de temps. \u00c0 tout cela, elle aimerait ajouter un peu plus, comme prendre des cours d&#8217;imprimerie et de tatouage traditionnel. Sa cr\u00e9ativit\u00e9 est d\u00e9bordante et elle d\u00e9clare : &#8220;De pouvoir donner vie \u00e0 ce que j&#8217;ai dans la t\u00eate est assez impressionnant&#8221;.<br>On peut retrouver le travail de Kayla sur Instagram et Facebook et n&#8217;h\u00e9sitez pas \u00e0 la rejoindre \u00e0 Avataq pour obtenir de l&#8217;aide et du soutien pour d\u00e9velopper votre propre art !<\/p>\n<p class=\"has-very-light-gray-background-color has-background\">This month we would like to introduce you to Kayla-Jazz Annanack-Lauzon, Aumaaggiivik\u2019s new Program Agent. We are very happy that an artist is here to support other artists and the development of the arts in Nunavik. Kayla is a beader and a seamstress who grew up in Kuujjuaq. She has her own brand, called August Beadwork named to honor her father who supported her a lot, choosing August, as it was his birth month. Her knowledge and experience are mostly through self-teaching, although she learnt basics of sewing and beading at school and from family members.<br>When the pandemic hit in 2020, she couldn\u2019t sell in person, so her sisters pushed her to start an Instagram account to sell and ship her products. Her family has always been supportive of her work and three years after, we can say that her brand had made a name in Nunavik and is associated to high quality craft and reliability.<br>As she develops her own style, she spends a fair amount of time on her pieces; a simple pair of earrings can take up to five hours to make, depending on its style. Silapaaq (thin sweater), pualuit (mittens) and parkas also need a lot of time to do. On top of that, she would like to add a little more, like taking print making courses and traditional tattooing. Her creativity is blowing and she says: \u201cBeing able to bring to life what is in my head into reality is pretty awesome.\u201d<br>Kayla\u2019s work can be found on Instagram and Facebook and don\u2019t hesitate to reach to her at Avataq for help and support to develop your own art!<\/p>\n\n\n<p class=\"has-background\" style=\"background-color:#e5f5f5\">\u1583\u1405\u1528\u148b\u140a\u1466\u14ef\u140a\u1548\u14aa\u148d\u1555\u1466 \u14f4\u14c7\u1595\u1591\u140a\u144e\u1405\u1449 \u14a5\u1466\u14f5\u14c4\u1466 \/ D\u00e9couvrir plus sur l&#8217;artiste \/ Know more about the artist:<br><a rel=\"noreferrer noopener\" href=\"https:\/\/www.instagram.com\/augustbeadwork\/\" target=\"_blank\">Instagr<\/a><a href=\"https:\/\/www.instagram.com\/augustbeadwork\/\" target=\"_blank\" rel=\"noreferrer noopener\">am August Beadwork<\/a><br> <\/p>\n\n\n<p>\u140a\u14ea\u14da\u1450\u1585 | Texte de | Text by: Jessie Fortier Ningiuruvik<\/p>\n<div class=\"rl-gallery-container splide rl-loading\" id=\"rl-gallery-container-1\" data-gallery_id=\"6664\"> <div class=\"rl-gallery rl-basicslider-gallery splide__track \" id=\"rl-gallery-1\" data-gallery_no=\"1\"> <ul class=\"splide__list\"> <li class=\"rl-gallery-item splide__slide\" data-thumb=\"https:\/\/tarqitamaat.ca\/wp-content\/uploads\/2023\/05\/20220409_140658-1-scaled.jpg\"> <a href=\"https:\/\/tarqitamaat.ca\/wp-content\/uploads\/2023\/05\/20220409_140658-1-scaled.jpg\" title=\"\" data-rl_title=\"\" class=\"rl-gallery-link\" data-rl_caption=\"\" data-rel=\"lightbox-gallery-1\"><img src=\"https:\/\/tarqitamaat.ca\/wp-content\/uploads\/2023\/05\/20220409_140658-1-scaled.jpg\" width=\"2560\" height=\"2560\" alt=\"\" \/><\/a> <\/li> <li class=\"rl-gallery-item splide__slide\" data-thumb=\"https:\/\/tarqitamaat.ca\/wp-content\/uploads\/2023\/05\/20220409_141045-1-scaled.jpg\"> <a href=\"https:\/\/tarqitamaat.ca\/wp-content\/uploads\/2023\/05\/20220409_141045-1-scaled.jpg\" title=\"\" data-rl_title=\"\" class=\"rl-gallery-link\" data-rl_caption=\"RemasterDirector_V0\" data-rel=\"lightbox-gallery-1\"><img src=\"https:\/\/tarqitamaat.ca\/wp-content\/uploads\/2023\/05\/20220409_141045-1-scaled.jpg\" width=\"2560\" height=\"2560\" alt=\"\" \/><span class=\"rl-gallery-caption\"><span class=\"rl-gallery-item-caption\">RemasterDirector_V0<\/span><\/span><\/a> <\/li> <li class=\"rl-gallery-item splide__slide\" data-thumb=\"https:\/\/tarqitamaat.ca\/wp-content\/uploads\/2023\/05\/20220409_141339-1-scaled.jpg\"> <a href=\"https:\/\/tarqitamaat.ca\/wp-content\/uploads\/2023\/05\/20220409_141339-1-scaled.jpg\" title=\"\" data-rl_title=\"\" class=\"rl-gallery-link\" data-rl_caption=\"\" data-rel=\"lightbox-gallery-1\"><img src=\"https:\/\/tarqitamaat.ca\/wp-content\/uploads\/2023\/05\/20220409_141339-1-scaled.jpg\" width=\"2560\" height=\"2560\" alt=\"\" \/><\/a> <\/li> <li class=\"rl-gallery-item splide__slide\" data-thumb=\"https:\/\/tarqitamaat.ca\/wp-content\/uploads\/2023\/05\/20230129_180033-1-scaled.jpg\"> <a href=\"https:\/\/tarqitamaat.ca\/wp-content\/uploads\/2023\/05\/20230129_180033-1-scaled.jpg\" title=\"\" data-rl_title=\"\" class=\"rl-gallery-link\" data-rl_caption=\"\" data-rel=\"lightbox-gallery-1\"><img src=\"https:\/\/tarqitamaat.ca\/wp-content\/uploads\/2023\/05\/20230129_180033-1-scaled.jpg\" width=\"1920\" height=\"2560\" alt=\"\" \/><\/a> <\/li> <li class=\"rl-gallery-item splide__slide\" data-thumb=\"https:\/\/tarqitamaat.ca\/wp-content\/uploads\/2023\/05\/20230129_182531-1-rotated.jpg\"> <a href=\"https:\/\/tarqitamaat.ca\/wp-content\/uploads\/2023\/05\/20230129_182531-1-rotated.jpg\" title=\"\" data-rl_title=\"\" class=\"rl-gallery-link\" data-rl_caption=\"\" data-rel=\"lightbox-gallery-1\"><img src=\"https:\/\/tarqitamaat.ca\/wp-content\/uploads\/2023\/05\/20230129_182531-1-rotated.jpg\" width=\"1500\" height=\"2000\" alt=\"\" \/><\/a> <\/li> <li class=\"rl-gallery-item splide__slide\" data-thumb=\"https:\/\/tarqitamaat.ca\/wp-content\/uploads\/2023\/05\/20230205_235550-2-rotated.jpg\"> <a href=\"https:\/\/tarqitamaat.ca\/wp-content\/uploads\/2023\/05\/20230205_235550-2-rotated.jpg\" title=\"\" data-rl_title=\"\" class=\"rl-gallery-link\" data-rl_caption=\"\" data-rel=\"lightbox-gallery-1\"><img src=\"https:\/\/tarqitamaat.ca\/wp-content\/uploads\/2023\/05\/20230205_235550-2-rotated.jpg\" width=\"1500\" height=\"2000\" alt=\"\" \/><\/a> <\/li> <li class=\"rl-gallery-item splide__slide\" data-thumb=\"https:\/\/tarqitamaat.ca\/wp-content\/uploads\/2023\/05\/20230206_101829-1-rotated.jpg\"> <a href=\"https:\/\/tarqitamaat.ca\/wp-content\/uploads\/2023\/05\/20230206_101829-1-rotated.jpg\" title=\"\" data-rl_title=\"\" class=\"rl-gallery-link\" data-rl_caption=\"\" data-rel=\"lightbox-gallery-1\"><img src=\"https:\/\/tarqitamaat.ca\/wp-content\/uploads\/2023\/05\/20230206_101829-1-rotated.jpg\" width=\"1500\" height=\"2000\" alt=\"\" \/><\/a> <\/li> <\/ul> <\/div> <\/div>","protected":false},"excerpt":{"rendered":"<p>\u146b\u14da-\u152e\u1505 \u140a\u14d0\u14c7\u14c7\u1483-\u14da\u1405\u152b\u14d0\u14a5\u1483| Kayla-Jazz Annanack-Lauzon \u1455\u155d\u1559\u14c2 \u1455\u1550\u157f\u14a5 \u1450\u14f4\u1550\u1455\u1405\u144e\u1466\u14ef\u148d\u14aa\u1557\u148d\u1466 \u146b\u14da-\u152e\u1505 \u140a\u14d0\u14c7\u14c7\u1483-\u14da\u1405\u152b\u14d0\u14a5\u1483, \u140a\u1405\u14ab\u14a1\u148c\u1555\u1405\u1449 \u1431\u14c7\u14f1\u140a\u1548\u1466\u1528\u1405\u144e\u14c2\u1483 \u1472\u14aa\u1528\u1466\u1456\u1583\u14bb\u14a5\u1593\u14c2\u1483. \u140a\u14d5\u140a\u14bb\u14aa\u1546\u14d5\u1550\u1450\u148d\u1466 \u1455\u146f\u14a5\u14c7\u1550\u1450\u14d5\u1405\u1550\u144e\u14a5\u1483 \u1403\u14da\u1456\u1550\u14ef\u14aa\u14d5\u154b\u1466\u1455 \u1403\u1472\u152a\u1583\u1466\u1455\u14da\u1593\u152a\u14a5\u1483 \u140a\u14ef\u14a5\u14c2\u1483 \u1455\u146f\u14a5\u14c7\u1550\u1450\u14d5\u1405\u1550\u144e\u1405\u1583\u144e\u14a5\u14c2\u1483 \u140a\u14bb\u14aa\u14d7 \u14c4\u1403\u1559\u14ea\u14d5\u140a\u14c2\u158f\u14d0\u14c2\u1483 \u1455\u146f\u14a5\u14c7\u1550\u1450\u1403\u1466 \u14c4\u14c7\u1555\u14bb\u14a5\u14c2\u144c\u1466. \u146b\u14da \u1431\u1581\u14ef\u1405\u1550\u144e \u14f4\u1438\u1593\u14d5\u1405\u1550\u144e \u140a\u14bb\u14aa\u14d7 \u14a5\u1550\u14f1\u144e\u1405\u1466\u14f1\u14c2 \u1431\u1548\u1550\u14f4\u14ef\u14aa\u1466\u14f1\u14c2 \u1470\u152a\u140a\u14a5. \u14c7\u14bb\u14a5\u14c2\u1550\u14a5\u14c2\u1483 \u1403\u14c2\u1550\u14ef\u1555\u1581\u144e\u14d5\u1483, \u140a\u144e\u14d5\u14bb\u14a5\u1483 \u140a\u1405\u148d\u14ef\u144e\u14a5 \u1431\u1581\u14ef\u1405\u1550\u14c2\u1585 \u14f4\u1438\u1593\u14d5\u1405\u1550\u14c2\u1585 \u140a\u1466\u14ef\u14ef\u14aa\u152d\u1593 \u14c7\u146f\u1550\u14f4\u1405\u144e\u148b\u1466\u14f1\u148d \u140a\u1456\u1455\u14a5\u14c2\u1483 \u1403\u1472\u152a\u1550\u14ef\u152d\u1405\u14ea\u14da\u1546\u14ef\u14aa\u1490\u14a5, \u140a\u1405\u148d\u14ef\u144e\u14a5\u1483 \u14c7\u14ea\u14d5\u1473\u1550\u14ef\u14aa\u14da\u157f\u152a\u1585, \u1455\u155d\u1559\u14c2 \u1455\u1550\u157f\u14a5 \u1403\u14c5\u14d5\u1550\u1555\u1583\u1550\u14ef\u14aa\u14bb\u14aa\u1466 \u1583\u1405\u1528\u14aa\u14c2\u1550\u1456\u14ef\u14aa\u152a\u1585 \u140a\u14bb\u14aa\u14d7 \u14f1\u158f\u1405\u14d0\u14c2\u1456\u1550\u14ef\u14aa\u1466\u14f1\u14c2 \u1403\u14bb\u14a5\u14c2\u1483 \u1403\u14d5\u1466\u14ef\u1559\u14ea\u14d5\u140a\u14f1\u14c2, \u1403\u14d5\u1466\u14ef\u14ef\u14aa\u14ea\u14da\u1546\u1490\u14d7\u140a\u1550\u14a5\u14f1\u14c2 \u14a5\u1550\u14f1\u1546\u1405\u1550\u1438\u14d5\u140a\u14c2\u1550\u14a5\u1483 \u140a\u14bb\u14aa\u14d7 \u1431\u1581\u14ef\u1405\u1550\u14c2\u14a5\u1483 \u14f4\u1438\u1593\u14d5\u1405\u1550\u14c2\u14a5\u1483 \u1403\u14d5\u14f4\u1550\u1555\u14a5 &hellip; <a href=\"https:\/\/tarqitamaat.ca\/?page_id=6668\" class=\"more-link\">Continue reading <span class=\"screen-reader-text\">\u14c4\u1550\u154b\u14d5\u1405\u1466 | Mai | May<\/span> <span class=\"meta-nav\">&rarr;<\/span><\/a><\/p>\n","protected":false},"author":1,"featured_media":6690,"parent":0,"menu_order":0,"comment_status":"closed","ping_status":"closed","template":"","meta":{"jetpack_post_was_ever_published":false},"jetpack_sharing_enabled":true,"jetpack_shortlink":"https:\/\/wp.me\/PaFG9T-1Jy","_links":{"self":[{"href":"https:\/\/tarqitamaat.ca\/index.php?rest_route=\/wp\/v2\/pages\/6668"}],"collection":[{"href":"https:\/\/tarqitamaat.ca\/index.php?rest_route=\/wp\/v2\/pages"}],"about":[{"href":"https:\/\/tarqitamaat.ca\/index.php?rest_route=\/wp\/v2\/types\/page"}],"author":[{"embeddable":true,"href":"https:\/\/tarqitamaat.ca\/index.php?rest_route=\/wp\/v2\/users\/1"}],"replies":[{"embeddable":true,"href":"https:\/\/tarqitamaat.ca\/index.php?rest_route=%2Fwp%2Fv2%2Fcomments&post=6668"}],"version-history":[{"count":14,"href":"https:\/\/tarqitamaat.ca\/index.php?rest_route=\/wp\/v2\/pages\/6668\/revisions"}],"predecessor-version":[{"id":6933,"href":"https:\/\/tarqitamaat.ca\/index.php?rest_route=\/wp\/v2\/pages\/6668\/revisions\/6933"}],"wp:featuredmedia":[{"embeddable":true,"href":"https:\/\/tarqitamaat.ca\/index.php?rest_route=\/wp\/v2\/media\/6690"}],"wp:attachment":[{"href":"https:\/\/tarqitamaat.ca\/index.php?rest_route=%2Fwp%2Fv2%2Fmedia&parent=6668"}],"curies":[{"name":"wp","href":"https:\/\/api.w.org\/{rel}","templated":true}]}}