{"id":5861,"date":"2022-12-20T20:42:09","date_gmt":"2022-12-20T20:42:09","guid":{"rendered":"https:\/\/tarqitamaat.ca\/?page_id=5861"},"modified":"2023-08-07T17:24:25","modified_gmt":"2023-08-07T17:24:25","slug":"%e1%90%8b%e1%95%90%e1%94%aa%e1%93%95%e1%90%85%e1%91%a6-decembre-december-3","status":"publish","type":"page","link":"https:\/\/tarqitamaat.ca\/?page_id=5861","title":{"rendered":"\u140b\u1550\u152a\u14d5\u1405\u1466 | D\u00e9cembre | December"},"content":{"rendered":"\n<h2 class=\"wp-block-heading\"><strong>\u1431\u1466\u152d\u14a5\u14c2 \u1401\u14ef\u1483<\/strong> | Benjamin Isaac<\/h2>\n\n\n\n<p class=\"has-background has-very-light-gray-background-color\"> \u1431\u1466\u152d\u14a5\u14c2 \u1401\u14ef\u1483 \u14f4\u14c7\u1595\u1591\u140a\u144e \u14f4\u14ea\u14d7\u14a5\u1405\u1585. \u1431\u148b\u140a\u1550\u1450\u1555\u14c2\u1585 \u140a\u1591\u144e\u1595\u1591\u1438\u14ea\u14d5\u140a\u14d5\u1550\u14f1\u14c2 \u1431\u152a\u1466\u14f4\u1405\u152e\u1550\u144e\u1455\u1405\u14ef\u14aa\u152a\u1585 \u1403\u14da\u14a5\u14c4\u1466 \u1406\u1466\u1451\u144e\u148b\u1466\u14f1\u148d \u1438\u1405\u1455 \u14ed\u14da, \u140a\u14c8\u14c7\u1466\u14ef\u140a\u1593\u1455 \u140a\u14c2\u1593, \u140a\u14bb\u14aa\u14d7 \u140a\u1483\u1472\u1593 \u14f5\u14da\u14a8\u14c2 \u1433\u1450\u148d\u1585. \u1431\u1405\u1466\u14f4\u14f1\u14c2 \u1433\u1450\u148e\u1449 \u14f4\u14c7\u1595\u1591\u140a\u14f2\u158f\u14d0\u14c2\u1483 \u1455\u146f\u1466\u14f4\u1405\u144e\u1466\u14ef\u14f1\u14c2 \u14c4\u146d\u14c2\u1483, \u146e\u14c7\u1550\u14c2\u1483, \u1455\u14d5\u1550\u14c2\u1483, \u1472\u14a6\u14d0\u14c2\u1483, \u14c7\u14bb\u14a5\u14c2\u1585 \u1431\u152a\u14d0\u14c7\u14ef\u1559\u14ea\u14d5\u140a\u14ef\u14aa\u152a\u1585 \u140a\u14bb\u14aa\u14d7 \u14f4\u14c7\u1595\u1591\u140a\u14f2\u158f\u1466 \u1403\u14d5\u1455\u1550\u14c7\u1438\u14ea\u14d5\u140a\u14d5\u1550\u14f1\u144e\u1483. \u1431\u1405\u1466\u14f4\u14f2\u148d\u14bb\u14a5\u152a\u1585 \u14f4\u14c7\u1595\u1591\u140a\u1455\u158f\u14d0\u14c2\u1483 \u14aa\u1466\u144e\u1405\u14ef \u1403\u1526\u1466\u1451\u1449 \u1403\u1557\u1528\u1555\u14bb\u14a5\u1405\u1449. \u1403\u14ab\u1483 \u1405\u1583\u1550\u14ef\u14aa\u152a\u1585: &#8221; \u1431\u152a\u1466\u14f4\u1405\u152e\u1550\u14c7\u14ef\u148d\u1455\u1405\u148d\u14d0\u14c7\u14f2\u1466 \u1431\u14ef\u144e\u1405\u14c2\u158f\u1466 \u140a\u14bb\u14aa\u14d7 \u1581\u14ea\u14d5\u14f4\u152d\u14c2\u1483 \u14f4\u14c7\u14ef\u144e\u1405\u14c2\u158f\u1466, \u1431\u148d\u14d0\u14c7\u1455\u1550\u14c3\u1559\u1593 \u1583\u1405\u1528\u148d\u14aa\u14ef\u14aa\u152a\u1593.&#8221; \u1405\u1555\u1483\u1472\u1405\u144e\u14d7\u148d \u1431\u14c7\u14f1\u1490\u1466\u14f4\u1583\u1466\u14ef\u140a\u14ef\u14aa\u1595\u158f\u14aa\u1466, \u144c\u14a3\u14bb\u14aa\u1466 \u14f4\u14c7\u1595\u1591\u140a\u14c2\u1550\u14a5\u1483 \u1431\u152a\u14d0\u14c7\u14ef\u1559\u14ea\u14d5\u140a\u148d\u144e\u1583\u1550\u14ef\u14aa\u152a\u1585 \u140a\u14bb\u14aa\u14d7 \u1406\u1466\u1450\u14ef\u1466\u14f1\u14c2 \u14c4\u1456\u14a5\u1483 \u1431\u1490\u14f1\u140a\u1548\u14d0\u14c7\u14ef\u1466\u14f1\u14c2. \u1455\u1490 \u14f4\u14c7\u1595\u1591\u140a\u14f2\u148d\u14d5\u1550\u1450\u1585 \u148d\u14d0\u14c7\u14d5\u1450\u140a\u154b\u14a5, \u14f4\u14c7\u1595\u1591\u140a\u14f2\u1585 \u14c7\u14c4\u1595\u1591\u140a\u14c2\u1483 \u140a\u14bb\u14aa\u14d7 \u1403\u14c4\u1466\u14f1\u1591\u140a\u14c2\u1483 \u14c7\u14bb\u14a5\u14c2\u1585 \u14f4\u14c7\u148d\u14ef\u14a5\u14c2\u1483 \u140a\u1450\u1550\u14f1\u14c2, \u14c4\u1403\u1455\u1466\u14ef\u140a\u144e\u1466\u14ef\u14f1\u14c2 \u14f4\u14c7\u148b\u140a\u14a5\u1483 \u1431\u152d\u1546\u140a\u1450\u14c2\u1550\u14f4\u14c2\u1483 \u140a\u14bb\u14aa\u14d7 \u1455\u146f\u1466\u14f4\u14ef\u140a\u148d\u144e\u1466\u14ef\u14f1\u14c2 \u14f1\u14c7\u1455\u158f\u14d0\u14c2\u1483.<br> \u14da\u148b\u140a\u14ea\u14da\u14da\u1405\u152b\u1585 &#8220;\u14f1\u14c7\u1450\u1403\u14d0\u14c7\u14c2\u1483 \u1403\u14d5\u1466\u14ef\u148b\u140a\u1550\u1438\u14c2\u140a\u1550\u1581\u14ef, \u144c\u14a3\u1466\u14f1\u14c2 \u14c8\u14bb\u14aa\u14c2\u1550\u14f4\u1405\u14aa\u1466. \u14f1\u14c7\u1450\u1403\u14d0\u14c7\u14a5\u1483 \u14c4\u1456\u14a5\u1483 \u1431\u148b\u140a\u1550\u144e\u14ef\u1559\u14ea\u14d7\u14ef \u140a\u14bb\u14aa\u14d7 \u1431\u14c7\u14f1\u140a\u14da\u1405\u1550\u14ef\u14aa\u1595\u158f\u1455\u14ef\u14d0\u14c2\u1483 \u1406\u1466\u1450\u154b\u1550\u1438\u14d7\u14ef. \u1583\u1405\u1528\u14f4\u1550\u1438\u14d7\u148b\u1466 \u1583\u14c4\u1585 \u1431\u14c7\u14f1\u140a\u1548\u14d0\u14c7\u14aa\u1594\u1550\u1431\u1466 \u1405\u155d\u1559\u14d8\u14d0\u14c3\u1466 \u1583\u14c4\u1403\u14d5\u1593\u14c2\u140a\u1550\u14aa\u1594\u1466 \u157f\u14a5\u1550\u1548\u14d7\u148d, \u1406\u1466\u1450\u154b\u1583\u1466\u1455\u14d7\u144e\u1466 \u14f4\u1431\u1550\u1546\u140a\u144c\u14d5\u14d7\u144e\u1466 \u1403\u14d5\u1466\u14ef\u14c2\u140a\u154b\u1555\u1466. \u1405\u1403\u14aa\u148d\u14d0\u14c0\u14d7\u144e\u1466 \u140a\u14bb\u14aa\u14d7 \u1403\u14f1\u14aa\u148b\u14d7\u148d \u1583\u14c4\u1403\u14d5\u1593\u14d7\u14c2 \u14f1\u14d5\u152b\u152e\u1466\u14ef\u140a\u1548\u14d0\u14c7\u14aa\u1594\u1466.&#8221; \u1403\u14f1\u14aa\u14da\u1405\u1550\u14ef\u14aa\u1595\u158f\u1450\u1585 \u14f5\u14da\u1583\u154b\u152d\u1546\u140a\u14a5\u1483, \u146d\u14ef\u140a\u14c2 \u14f4\u14c7\u1595\u1591\u140a\u1490\u1593 \u14c7\u14ea\u14d5\u1473\u1550\u1455\u1405\u14ef\u14aa\u152a\u1585 \u1455\u146f\u1466\u14f4\u1405\u144e\u14d7\u148d \u14c4\u1456\u14a5 \u14f4\u14ea\u14d7\u1403\u1466 \u144e\u14bb\u14a5\u152b\u1550\u14c2\u140a\u1555\u1593\u14c2 \u1403\u14d5\u14aa\u1466\u14f1\u14c2. \u1583\u14bb\u14a5\u1405\u14c2\u1550\u14f4\u1585, \u1472\u14aa\u1583\u1455\u1405\u14ef\u14aa\u152a\u1585 \u1581\u14ea\u14d5\u140a\u14d7\u14d5\u1405\u1583\u1455\u1405\u1466\u14f1\u14c2 \u14ef\u14da\u1456\u14c3\u1466\u1450\u14f4\u14a5\u1483 \u14c4\u1456\u1449 \u1403\u14f1\u140a\u1550\u14f4\u1555\u1405\u1449 \u1403\u14ea\u14d7\u1581\u144e\u1593\u1455 \u1470\u1466\u152a\u140a\u14a5 \u1403\u14da\u1583\u1550\u14f1\u14c2 \u1583\u1405\u1528\u14aa\u152d\u1405\u1466\u14ef\u140a\u1450\u14a5\u1483 \u14aa\u1466\u144e\u1405\u14ef \u1403\u1526\u1466\u1450\u14a5\u1483. \u157f\u14a5\u1550\u1548\u1548\u14d0\u14c7\u14a5\u152a\u14ef \u14f4\u14c7\u1595\u1591\u140a\u14ef\u14aa\u152d\u158f\u1466\u1455 \u1403\u14da\u1593\u14c2\u1483 \u1403\u14da\u148b\u152d\u1405\u152a\u14a5\u1483 \u1455\u146f\u1466\u14f4\u1405\u144e\u1455\u1405\u152a\u14c4\u1466 <a rel=\"noreferrer noopener\" href=\"https:\/\/www.mbam.qc.ca\/fr\/expositions\/tusarnitut\/\" target=\"_blank\">\u1450\u14f4\u1550\u14c2\u1450\u1466!<\/a> \u14aa\u14d0\u1450\u1528\u140a\u14da\u14a5 \u140a\u146f\u14c2\u14c2\u1455\u1583\u1405\u144e\u14a5 \u14f4\u14c7\u1595\u1591\u140a\u14ef\u14aa\u152a\u1466 \u1431\u14bb\u14aa\u1546\u1466\u1455\u158f\u14d0\u14c2\u1483, \u1431\u1405\u152a\u14bb\u14aa\u1546\u1483 \u14f4\u14c7\u14ef\u14aa\u152d\u1593 \u140b\u1550\u157f\u14f1\u1550\u14ef\u14aa\u1466\u14ef\u140a\u1450\u1585 \u14c7\u14c4\u1595\u1591\u140a\u1585. <br><\/p>\n\n\n\n<p class=\"has-background has-very-light-gray-background-color\"> Benjamin Isaac est un sculpteur qui vient de Salluit. Il a commenc\u00e9 \u00e0 l\u2019adolescence, \u00e9tant inspir\u00e9 par des membres de sa famille, comme son homonyme Pauta Saila, le fr\u00e8re de sa grand-m\u00e8re, et son oncle Salomonie Pootoogook. Tr\u00e8s impressionn\u00e9 par le travail musculaire, facial, des bras et des kamiit (bottes traditionnelles) des \u0153uvres de Pootoogook, il a commenc\u00e9 \u00e0 d\u00e9velopper ses propres comp\u00e9tences et un style personnel. Benjamin est aussi un grand amateur du sculpteur venant d\u2019Ivujivik, Mattiusi Iyaiyuk. Il dit : \u00ab c\u2019\u00e9tait inspirant de voir leurs talents de sculpteur, je voulais voir ce que je pouvais faire. \u00bb \u00c9tant adolescent, il n\u2019y avait pas beaucoup d\u2019opportunit\u00e9s de travail, donc sculpter \u00e9tait une mani\u00e8re d\u2019acqu\u00e9rir de l\u2019exp\u00e9rience et d\u2019essayer quelque chose de nouveau. Aujourd\u2019hui, Benjamin Isaac sculpte quand il peut, cr\u00e9ant des ours polaires et des inuksuit dans son style unique, portant attention aux petits d\u00e9tails et \u00e0 la finition.<br> Il ajoute: \u00ab Apprendre quelque chose de nouveau, je le recommande tr\u00e8s fortement. Commencer de nouvelles choses et essayer quelque chose de nouveau. Trouver une mani\u00e8re de faire fonctionner ou voir \u00e0 quoi \u00e7a ressemble, si vous persisterez vous allez apprendre. \u00c7a prend du temps et essayez d\u2019imaginer la mani\u00e8re la plus r\u00e9aliste que possible. \u00bb Il n\u2019a jamais pens\u00e9 qu\u2019il allait gagner un concours, mais son \u0153uvre a \u00e9t\u00e9 s\u00e9lectionn\u00e9e pour le nouvel a\u00e9roport de Salluit. Plus r\u00e9cemment, le sculpteur a \u00e9t\u00e9 impliqu\u00e9, avec l\u2019artiste renomm\u00e9, Mattiusi Iyaituk, dans la construction du Qullialuk, pour le nouveau centre Isuarsivik \u00e0 Kuujjuaq. Vous pouvez aussi d\u00e9couvrir l\u2019une de ses sculptures inclue dans l\u2019exposition <a rel=\"noreferrer noopener\" href=\"https:\/\/www.mbam.qc.ca\/fr\/expositions\/tusarnitut\/\" target=\"_blank\">Tusarni<\/a><a href=\"https:\/\/www.mbam.qc.ca\/fr\/expositions\/tusarnitut\/\" target=\"_blank\" rel=\"noreferrer noopener\">tut!<\/a>, au Mus\u00e9e des beaux-arts de Montr\u00e9al, un ours tr\u00e8s bien con\u00e7u. <br><\/p>\n\n\n\n<p class=\"has-background has-very-light-gray-background-color\"> Benjamin Isaac is a carver living in Salluit. He started as a teenager inspired by the work of family members like his namesake Pauta Saila, his grand-mother\u2019s brother, and his uncle Salomonie Pootoogook. Very impressed by Pootoogook\u2019s work with muscles, faces, arms, kamiit (traditional boots), he started to develop his own skills and style. He is also a big fan of carver Mattiusi Iyaituk from Ivujivik. He says: \u201cIt was inspiring to see how good they are and how good they can work on a carving, I wanted to see what I can do.\u201d As a teenager there was not much work opportunities, so carving was a way to get new skills and try something new. He is now carving whenever he can, making polar bears and inuksuit in a personal style, putting attention to details and in the finishing touches.<br> He added \u201cLearn something new, I highly recommend it. To start new things and try new things. Figure out how to make it work or how it looks, if you keep trying you will learn. Take time and try to imagine how to make it as realistic as possible.\u201d He never though he would win a contest, but his work was selected for the new Salluit Airport. More recently, he was involved in the making of the Qullialuk for the upcoming new Isuarsivik Centre building in Kuujjuaq along with the renowned artist Mattiusi Iyaituk. You can also discover one of his carvings included in the exhibition <a href=\"https:\/\/www.mbam.qc.ca\/fr\/expositions\/tusarnitut\/\" target=\"_blank\" rel=\"noreferrer noopener\">Tusarnitut!<\/a> at the Montreal Museum of Fine Art, a very nice and well-designed bear. <br><\/p>\n\n\n\n<div class=\"rl-gallery-container splide rl-loading\" id=\"rl-gallery-container-1\" data-gallery_id=\"5863\"> <div class=\"rl-gallery rl-basicslider-gallery splide__track \" id=\"rl-gallery-1\" data-gallery_no=\"1\"> <ul class=\"splide__list\"> <li class=\"rl-gallery-item splide__slide\" data-thumb=\"https:\/\/tarqitamaat.ca\/wp-content\/uploads\/2022\/12\/C99-19707_lr.jpg\"> <a href=\"https:\/\/tarqitamaat.ca\/wp-content\/uploads\/2022\/12\/C99-19707_lr.jpg\" title=\"\" data-rl_title=\"\" class=\"rl-gallery-link\" data-rl_caption=\"\" data-rel=\"lightbox-gallery-1\"><img src=\"https:\/\/tarqitamaat.ca\/wp-content\/uploads\/2022\/12\/C99-19707_lr.jpg\" width=\"1800\" height=\"1350\" alt=\"\" \/><\/a> <\/li> <li class=\"rl-gallery-item splide__slide\" data-thumb=\"https:\/\/tarqitamaat.ca\/wp-content\/uploads\/2022\/12\/C4-95811_lr.jpg\"> <a href=\"https:\/\/tarqitamaat.ca\/wp-content\/uploads\/2022\/12\/C4-95811_lr.jpg\" title=\"\" data-rl_title=\"\" class=\"rl-gallery-link\" data-rl_caption=\"\" data-rel=\"lightbox-gallery-1\"><img src=\"https:\/\/tarqitamaat.ca\/wp-content\/uploads\/2022\/12\/C4-95811_lr.jpg\" width=\"1125\" height=\"1500\" alt=\"\" \/><\/a> <\/li> <li class=\"rl-gallery-item splide__slide\" data-thumb=\"https:\/\/tarqitamaat.ca\/wp-content\/uploads\/2022\/12\/C4-16618_lr.jpg\"> <a href=\"https:\/\/tarqitamaat.ca\/wp-content\/uploads\/2022\/12\/C4-16618_lr.jpg\" title=\"\" data-rl_title=\"\" class=\"rl-gallery-link\" data-rl_caption=\"\" data-rel=\"lightbox-gallery-1\"><img src=\"https:\/\/tarqitamaat.ca\/wp-content\/uploads\/2022\/12\/C4-16618_lr.jpg\" width=\"1125\" height=\"1500\" alt=\"\" \/><\/a> <\/li> <li class=\"rl-gallery-item splide__slide\" data-thumb=\"https:\/\/tarqitamaat.ca\/wp-content\/uploads\/2022\/12\/C4-16499_lr.jpg\"> <a href=\"https:\/\/tarqitamaat.ca\/wp-content\/uploads\/2022\/12\/C4-16499_lr.jpg\" title=\"\" data-rl_title=\"\" class=\"rl-gallery-link\" data-rl_caption=\"\" data-rel=\"lightbox-gallery-1\"><img src=\"https:\/\/tarqitamaat.ca\/wp-content\/uploads\/2022\/12\/C4-16499_lr.jpg\" width=\"1125\" height=\"1500\" alt=\"\" \/><\/a> <\/li> <li class=\"rl-gallery-item splide__slide\" data-thumb=\"https:\/\/tarqitamaat.ca\/wp-content\/uploads\/2022\/12\/C4-16244_lr.jpg\"> <a href=\"https:\/\/tarqitamaat.ca\/wp-content\/uploads\/2022\/12\/C4-16244_lr.jpg\" title=\"\" data-rl_title=\"\" class=\"rl-gallery-link\" data-rl_caption=\"\" data-rel=\"lightbox-gallery-1\"><img src=\"https:\/\/tarqitamaat.ca\/wp-content\/uploads\/2022\/12\/C4-16244_lr.jpg\" width=\"1125\" height=\"1500\" alt=\"\" \/><\/a> <\/li> <li class=\"rl-gallery-item splide__slide\" data-thumb=\"https:\/\/tarqitamaat.ca\/wp-content\/uploads\/2022\/12\/C4-16243_lr.jpg\"> <a href=\"https:\/\/tarqitamaat.ca\/wp-content\/uploads\/2022\/12\/C4-16243_lr.jpg\" title=\"\" data-rl_title=\"\" class=\"rl-gallery-link\" data-rl_caption=\"\" data-rel=\"lightbox-gallery-1\"><img src=\"https:\/\/tarqitamaat.ca\/wp-content\/uploads\/2022\/12\/C4-16243_lr.jpg\" width=\"1500\" height=\"1125\" alt=\"\" \/><\/a> <\/li> <li class=\"rl-gallery-item splide__slide\" data-thumb=\"https:\/\/tarqitamaat.ca\/wp-content\/uploads\/2022\/12\/C4-15264_lr.jpg\"> <a href=\"https:\/\/tarqitamaat.ca\/wp-content\/uploads\/2022\/12\/C4-15264_lr.jpg\" title=\"\" data-rl_title=\"\" class=\"rl-gallery-link\" data-rl_caption=\"\" data-rel=\"lightbox-gallery-1\"><img src=\"https:\/\/tarqitamaat.ca\/wp-content\/uploads\/2022\/12\/C4-15264_lr.jpg\" width=\"1050\" height=\"1400\" alt=\"\" \/><\/a> <\/li> <li class=\"rl-gallery-item splide__slide\" data-thumb=\"https:\/\/tarqitamaat.ca\/wp-content\/uploads\/2022\/12\/C4-15241_lr.jpg\"> <a href=\"https:\/\/tarqitamaat.ca\/wp-content\/uploads\/2022\/12\/C4-15241_lr.jpg\" title=\"\" data-rl_title=\"\" class=\"rl-gallery-link\" data-rl_caption=\"\" data-rel=\"lightbox-gallery-1\"><img src=\"https:\/\/tarqitamaat.ca\/wp-content\/uploads\/2022\/12\/C4-15241_lr.jpg\" width=\"1800\" height=\"1350\" alt=\"\" \/><\/a> <\/li> <li class=\"rl-gallery-item splide__slide\" data-thumb=\"https:\/\/tarqitamaat.ca\/wp-content\/uploads\/2022\/12\/C4-14992_lr.jpg\"> <a href=\"https:\/\/tarqitamaat.ca\/wp-content\/uploads\/2022\/12\/C4-14992_lr.jpg\" title=\"\" data-rl_title=\"\" class=\"rl-gallery-link\" data-rl_caption=\"\" data-rel=\"lightbox-gallery-1\"><img src=\"https:\/\/tarqitamaat.ca\/wp-content\/uploads\/2022\/12\/C4-14992_lr.jpg\" width=\"1125\" height=\"1500\" alt=\"\" \/><\/a> <\/li> <li class=\"rl-gallery-item splide__slide\" data-thumb=\"https:\/\/tarqitamaat.ca\/wp-content\/uploads\/2022\/12\/C4-14699_lr.jpg\"> <a href=\"https:\/\/tarqitamaat.ca\/wp-content\/uploads\/2022\/12\/C4-14699_lr.jpg\" title=\"\" data-rl_title=\"\" class=\"rl-gallery-link\" data-rl_caption=\"\" data-rel=\"lightbox-gallery-1\"><img src=\"https:\/\/tarqitamaat.ca\/wp-content\/uploads\/2022\/12\/C4-14699_lr.jpg\" width=\"1800\" height=\"1350\" alt=\"\" \/><\/a> <\/li> <li class=\"rl-gallery-item splide__slide\" data-thumb=\"https:\/\/tarqitamaat.ca\/wp-content\/uploads\/2022\/12\/C4-14666_lr.jpg\"> <a href=\"https:\/\/tarqitamaat.ca\/wp-content\/uploads\/2022\/12\/C4-14666_lr.jpg\" title=\"\" data-rl_title=\"\" class=\"rl-gallery-link\" data-rl_caption=\"\" data-rel=\"lightbox-gallery-1\"><img src=\"https:\/\/tarqitamaat.ca\/wp-content\/uploads\/2022\/12\/C4-14666_lr.jpg\" width=\"1125\" height=\"1500\" alt=\"\" \/><\/a> <\/li> <li class=\"rl-gallery-item splide__slide\" data-thumb=\"https:\/\/tarqitamaat.ca\/wp-content\/uploads\/2022\/12\/C4-14487_lr.jpg\"> <a href=\"https:\/\/tarqitamaat.ca\/wp-content\/uploads\/2022\/12\/C4-14487_lr.jpg\" title=\"\" data-rl_title=\"\" class=\"rl-gallery-link\" data-rl_caption=\"\" data-rel=\"lightbox-gallery-1\"><img src=\"https:\/\/tarqitamaat.ca\/wp-content\/uploads\/2022\/12\/C4-14487_lr.jpg\" width=\"1125\" height=\"1500\" alt=\"\" \/><\/a> <\/li> <li class=\"rl-gallery-item splide__slide\" data-thumb=\"https:\/\/tarqitamaat.ca\/wp-content\/uploads\/2022\/12\/Benjamin.png\"> <a href=\"https:\/\/tarqitamaat.ca\/wp-content\/uploads\/2022\/12\/Benjamin.png\" title=\"\" data-rl_title=\"\" class=\"rl-gallery-link\" data-rl_caption=\"\" data-rel=\"lightbox-gallery-1\"><img src=\"https:\/\/tarqitamaat.ca\/wp-content\/uploads\/2022\/12\/Benjamin.png\" width=\"775\" height=\"835\" alt=\"\" \/><\/a> <\/li> <li class=\"rl-gallery-item splide__slide\" data-thumb=\"https:\/\/tarqitamaat.ca\/wp-content\/uploads\/2022\/12\/6__1000.jpg\"> <a href=\"https:\/\/tarqitamaat.ca\/wp-content\/uploads\/2022\/12\/6__1000.jpg\" title=\"\" data-rl_title=\"\" class=\"rl-gallery-link\" data-rl_caption=\"\" data-rel=\"lightbox-gallery-1\"><img src=\"https:\/\/tarqitamaat.ca\/wp-content\/uploads\/2022\/12\/6__1000.jpg\" width=\"1365\" height=\"2048\" alt=\"\" \/><\/a> <\/li> <li class=\"rl-gallery-item splide__slide\" data-thumb=\"https:\/\/tarqitamaat.ca\/wp-content\/uploads\/2022\/12\/6__1003.jpg\"> <a href=\"https:\/\/tarqitamaat.ca\/wp-content\/uploads\/2022\/12\/6__1003.jpg\" title=\"\" data-rl_title=\"\" class=\"rl-gallery-link\" data-rl_caption=\"\" data-rel=\"lightbox-gallery-1\"><img src=\"https:\/\/tarqitamaat.ca\/wp-content\/uploads\/2022\/12\/6__1003.jpg\" width=\"1365\" height=\"2048\" alt=\"\" \/><\/a> <\/li> <\/ul> <\/div> <\/div>\n\n\n\n<p>\u140a\u14ea\u14da\u1450\u1585 | Texte de | Text by: Isabelle Avingaq Choquette<\/p>\n\n\n\n<p>\u140a\u1466\u1528\u14d5\u140a\u1555\u14c2\u1550\u14a5\u14c2\u1483 \u140a\u1450\u1550\u1455\u1405\u144e\u1466\u14ef\u14ef\u14aa\u152a\u1466 \/ Cr\u00e9dits photos \/ Photos credits: FCNQ, Isuarsiviq<\/p>\n","protected":false},"excerpt":{"rendered":"<p>\u1431\u1466\u152d\u14a5\u14c2 \u1401\u14ef\u1483 | Benjamin Isaac \u1431\u1466\u152d\u14a5\u14c2 \u1401\u14ef\u1483 \u14f4\u14c7\u1595\u1591\u140a\u144e \u14f4\u14ea\u14d7\u14a5\u1405\u1585. \u1431\u148b\u140a\u1550\u1450\u1555\u14c2\u1585 \u140a\u1591\u144e\u1595\u1591\u1438\u14ea\u14d5\u140a\u14d5\u1550\u14f1\u14c2 \u1431\u152a\u1466\u14f4\u1405\u152e\u1550\u144e\u1455\u1405\u14ef\u14aa\u152a\u1585 \u1403\u14da\u14a5\u14c4\u1466 \u1406\u1466\u1451\u144e\u148b\u1466\u14f1\u148d \u1438\u1405\u1455 \u14ed\u14da, \u140a\u14c8\u14c7\u1466\u14ef\u140a\u1593\u1455 \u140a\u14c2\u1593, \u140a\u14bb\u14aa\u14d7 \u140a\u1483\u1472\u1593 \u14f5\u14da\u14a8\u14c2 \u1433\u1450\u148d\u1585. \u1431\u1405\u1466\u14f4\u14f1\u14c2 \u1433\u1450\u148e\u1449 \u14f4\u14c7\u1595\u1591\u140a\u14f2\u158f\u14d0\u14c2\u1483 \u1455\u146f\u1466\u14f4\u1405\u144e\u1466\u14ef\u14f1\u14c2 \u14c4\u146d\u14c2\u1483, \u146e\u14c7\u1550\u14c2\u1483, \u1455\u14d5\u1550\u14c2\u1483, \u1472\u14a6\u14d0\u14c2\u1483, \u14c7\u14bb\u14a5\u14c2\u1585 \u1431\u152a\u14d0\u14c7\u14ef\u1559\u14ea\u14d5\u140a\u14ef\u14aa\u152a\u1585 \u140a\u14bb\u14aa\u14d7 \u14f4\u14c7\u1595\u1591\u140a\u14f2\u158f\u1466 \u1403\u14d5\u1455\u1550\u14c7\u1438\u14ea\u14d5\u140a\u14d5\u1550\u14f1\u144e\u1483. \u1431\u1405\u1466\u14f4\u14f2\u148d\u14bb\u14a5\u152a\u1585 \u14f4\u14c7\u1595\u1591\u140a\u1455\u158f\u14d0\u14c2\u1483 \u14aa\u1466\u144e\u1405\u14ef \u1403\u1526\u1466\u1451\u1449 \u1403\u1557\u1528\u1555\u14bb\u14a5\u1405\u1449. \u1403\u14ab\u1483 \u1405\u1583\u1550\u14ef\u14aa\u152a\u1585: &#8221; \u1431\u152a\u1466\u14f4\u1405\u152e\u1550\u14c7\u14ef\u148d\u1455\u1405\u148d\u14d0\u14c7\u14f2\u1466 \u1431\u14ef\u144e\u1405\u14c2\u158f\u1466 \u140a\u14bb\u14aa\u14d7 \u1581\u14ea\u14d5\u14f4\u152d\u14c2\u1483 \u14f4\u14c7\u14ef\u144e\u1405\u14c2\u158f\u1466, \u1431\u148d\u14d0\u14c7\u1455\u1550\u14c3\u1559\u1593 \u1583\u1405\u1528\u148d\u14aa\u14ef\u14aa\u152a\u1593.&#8221; \u1405\u1555\u1483\u1472\u1405\u144e\u14d7\u148d \u1431\u14c7\u14f1\u1490\u1466\u14f4\u1583\u1466\u14ef\u140a\u14ef\u14aa\u1595\u158f\u14aa\u1466, \u144c\u14a3\u14bb\u14aa\u1466 \u14f4\u14c7\u1595\u1591\u140a\u14c2\u1550\u14a5\u1483 \u1431\u152a\u14d0\u14c7\u14ef\u1559\u14ea\u14d5\u140a\u148d\u144e\u1583\u1550\u14ef\u14aa\u152a\u1585 &hellip; <a href=\"https:\/\/tarqitamaat.ca\/?page_id=5861\" class=\"more-link\">Continue reading <span class=\"screen-reader-text\">\u140b\u1550\u152a\u14d5\u1405\u1466 | D\u00e9cembre | December<\/span> <span class=\"meta-nav\">&rarr;<\/span><\/a><\/p>\n","protected":false},"author":1,"featured_media":5888,"parent":0,"menu_order":0,"comment_status":"closed","ping_status":"closed","template":"","meta":[],"_links":{"self":[{"href":"https:\/\/tarqitamaat.ca\/index.php?rest_route=\/wp\/v2\/pages\/5861"}],"collection":[{"href":"https:\/\/tarqitamaat.ca\/index.php?rest_route=\/wp\/v2\/pages"}],"about":[{"href":"https:\/\/tarqitamaat.ca\/index.php?rest_route=\/wp\/v2\/types\/page"}],"author":[{"embeddable":true,"href":"https:\/\/tarqitamaat.ca\/index.php?rest_route=\/wp\/v2\/users\/1"}],"replies":[{"embeddable":true,"href":"https:\/\/tarqitamaat.ca\/index.php?rest_route=%2Fwp%2Fv2%2Fcomments&post=5861"}],"version-history":[{"count":8,"href":"https:\/\/tarqitamaat.ca\/index.php?rest_route=\/wp\/v2\/pages\/5861\/revisions"}],"predecessor-version":[{"id":6936,"href":"https:\/\/tarqitamaat.ca\/index.php?rest_route=\/wp\/v2\/pages\/5861\/revisions\/6936"}],"wp:featuredmedia":[{"embeddable":true,"href":"https:\/\/tarqitamaat.ca\/index.php?rest_route=\/wp\/v2\/media\/5888"}],"wp:attachment":[{"href":"https:\/\/tarqitamaat.ca\/index.php?rest_route=%2Fwp%2Fv2%2Fmedia&parent=5861"}],"curies":[{"name":"wp","href":"https:\/\/api.w.org\/{rel}","templated":true}]}}