{"id":3720,"date":"2022-04-27T15:01:56","date_gmt":"2022-04-27T15:01:56","guid":{"rendered":"https:\/\/tarqitamaat.ca\/?page_id=3720"},"modified":"2023-08-07T17:26:39","modified_gmt":"2023-08-07T17:26:39","slug":"%e1%93%84%e1%95%90%e1%95%8b%e1%93%95%e1%90%85%e1%91%a6-mai-may-2","status":"publish","type":"page","link":"https:\/\/tarqitamaat.ca\/?page_id=3720","title":{"rendered":"\u14c4\u1550\u154b\u14d5\u1405\u1466 | Mai | May"},"content":{"rendered":"\n<h2 class=\"wp-block-heading\">\u14c8\u14da\u1466\u1451\u152d\u1585 \u1405\u1403\u1456\u14d7\u1466\u1450\u1585 | Naluturuk Weetaluktuk<\/h2>\n\n\n\n<p class=\"has-text-color has-background has-very-dark-gray-color has-very-light-gray-background-color\">\n\u14c8\u14da\u1466\u1451\u152d\u1585 \u1405\u1403\u1456\u14d7\u1466\u1450\u1585 \u1431\u148b\u140a\u1550\u1555\u14d5\u1466\u14ef\u14aa\u152a\u1585 \u14f1\u146f\u1403\u1526\u14c2\u1550\u14a5\u1483 \u14f1\u14c7\u1595\u1591\u14ef\u14aa\u152a\u14c2\u1483 \u140a\u14bb\u14aa\u14d7 \u14f4\u14c7\u1595\u1591\u140a\u144e\u1405\u148b\u140a\u14a5\u1483 \u1403\u14bb\u14a5\u14c2\u1483 \u1403\u14f1\u14aa\u1490\u14c2 \u146d\u14ef\u140a\u14c2 \u1455\u146f\u14a5\u14c7\u1550\u1450\u14d5\u1405\u14f2\u148d\u148b\u140a\u14a5\u1483 \u1403\u14f1\u14aa\u148b\u152d\u1583\u1550\u14f1\u14c2. \u1403\u14c4\u1466\u152a\u140a\u14a5\u1405\u1555\u14c2\u1405\u1466\u14f1\u14c2, \u14c8\u14da\u1466\u1451\u152d\u1585 \u1473\u144e\u14c4\u14a5\u1405\u148d\u14d5\u1550\u1450\u1585. <br>\n\u1431\u1548\u1550\u14f4\u14f1\u14c2 \u14f4\u14c7\u1595\u1591\u140a\u14ef\u140a\u14da\u1405\u1550\u14ef\u14aa\u14d0\u14c2\u158f\u1466\u1450\u1585 \u146d\u14ef\u140a\u14c2 \u146d\u1591\u14c2\u1593\u148d\u1466 \u140a\u14d5\u140a\u148b\u152d\u1583\u1546\u140a\u14a5\u1483 \u1438\u1466\u144e\u144e\u1490\u14d5\u1405\u1550\u14c2\u14a5\u1483 \u1403\u1449\u1431\u148d\u14f1\u14d5\u1550\u1450\u1555\u14c2\u1585: &#8220;Concordia-\u14a5 \u1403\u14d5\u14f4\u1550\u1555\u152a\u140a\u14a5 \u1403\u14d5\u14f4\u1550\u1450\u14c3\u1466\u14ef\u14aa\u152a\u1593, \u140a\u14d5\u140a\u148b\u14bb\u14aa\u1546\u14ef\u14aa\u152d\u154b \u144e\u148d\u1466\u14f4\u14c2\u1483 \u1472\u14aa\u148b\u152d\u1583\u1546\u140a\u14a5\u1483 \u140a\u14bb\u14aa\u14d7 \u140a\u14ea\u14da\u1591\u140a\u1550\u14c2\u1450\u1403\u14d0\u14c7\u14a5\u1466 \u140a\u1466\u1528\u1405\u1490\u14c2, \u140a\u14a1\u1490\u14c5\u1559\u1593 \u140a\u1550\u14d5\u140a\u1546\u140a\u14a5\u1483 \u140a\u14d5\u140a\u1466\u1450\u1593&#8221; \u1583\u1405\u1528\u152a\u1555\u14c2\u1585 \u1406\u1466\u1450\u154b\u1550\u14f1\u14c2 \u1455\u146f\u14a5\u14c7\u1550\u1450\u14d5\u1405\u1550\u14c2\u1405\u1449 \u1431\u1466\u152a\u144e\u1583\u1466\u14ef\u140a\u14c2\u1593\u14c2\u1483.<br> \n\u140a\u1550\u154c\u148d\u1403\u1466 \u140a\u14a5\u14f2\u1595\u158f\u1450\u1466 \u14c8\u14ef\u14aa\u14d5\u1550\u1450\u1466 \u1431\u14c7\u14f1\u140a\u14da\u1405\u1550\u14ef\u14aa\u144e\u14ea\u14d7\u148d \u140a\u1559\u1455\u1483\u146f\u14c2 \u1450\u14c2\u1550\u1455\u14c2\u140a\u1550\u1555\u1593\u14c3\u1466\u14f1\u14c2, \u1431\u1555\u1466\u14f4\u1456\u14da\u1405\u1550\u14ef\u14aa\u152a\u1585 \u1401\u148d\u14d0\u14c7\u14ef\u1466\u14f1\u14c2 \u1405\u1557\u1593 \u1433\u153e\u152a\u14c7\u1585. \u140a\u1466\u1455\u1450\u14da\u1405\u1550\u14ef\u14aa\u152a\u1585 \u14c7\u152d\u14a5\u1455 \u140a\u1466\u1528\u14d5\u1405\u1548\u144e\u1593\u14c2\u1483 \u140a\u1466\u1528\u14d5\u1405\u1583\u1466\u1455\u14c2\u140a\u1550\u14f1\u14c2 \u14c4\u14c7\u14a5\u1483 \u140a\u14bb\u14aa\u14d7 \u1431\u1548\u1550\u1450\u14c2\u1483. \u1583\u1405\u1528\u152a\u1555\u14c2\u1585 \u140a\u1466\u1528\u14d5\u140a\u1555\u14c2\u1550\u14a5\u14c3\u1583\u1466\u1455\u158f\u1466\u1450\u14c2\u1483 \u1455\u146f\u1466\u14f4\u1405\u1490\u144e\u1483 \u1403\u1529\u14d0\u14c4\u1466 \u146d\u14ef\u140a\u14c2 \u1455\u146f\u1466\u14f4\u1405\u14f1\u144e\u1483 \u144c\u14aa \u1455\u146f\u1466\u14f4\u1591\u1550\u144e\u14f1\u148b\u1466 \u1403\u14da\u158f\u1466 \u140a\u1466\u1528\u14d5\u140a\u1555\u14c2\u1550\u14a5\u1455 \u14c4\u1403\u1455\u1595\u158f\u14c2\u158f\u14d0\u14c2\u1483 \u1403\u14d5\u1405\u1550\u166f\u1583\u1466\u1455\u14d5\u1550\u1450\u1555\u14c2\u1585. &#8220;\u1403\u14c4\u14d0\u14c2\u1483 \u1455\u146f\u144e\u1466\u14ef\u148b\u140a\u14a5\u1483 \u140a\u14d5\u140a\u1466\u1450\u1593 \u140a\u1433\u144e\u1450\u1403\u14d0\u14c7\u1405\u158f\u1466\u1450\u14a5\u1483, \u1405\u152d\u154b\u1450\u1403\u14d0\u14c7\u1405\u158f\u1466\u1450\u14a5\u1483, \u1403\u14c5\u14ef\u1583\u1550\u14aa\u1455 \u1455\u146f\u14d0\u14c7\u14ef\u140a\u1550\u14f1\u148b\u1466 \u1455\u14aa\u1483\u146f\u140a \u140a\u14bb\u14aa\u14d7 \u1455\u146f\u14d0\u14c7\u1455\u1405\u1466\u14ef\u140a\u14f1\u144e\u1483 \u140a\u152a\u1489\u14ea\u14d5\u14ef\u14aa\u148d\u14d0\u14c7\u1450\u1466 \u1455\u146f\u14d0\u14c7\u1455\u1405\u148d\u14ef\u158f\u1466. <br>\n\u1431\u14c7\u14f1\u140a\u1550\u1455\u1555\u14c2\u158f\u1466 \u1455\u146f\u1466\u14f4\u1405\u14db\u1550\u1450\u1466 McClure Gallery-\u14a5\u1483 \u157f\u14a5\u1550\u1548\u1555\u14bb\u14a5 \u1455\u146f\u1466\u14f4\u1405\u144e\u1466\u14ef\u14c2\u1583\u14d5\u1550\u1438\u1466 \u14ef\u14da\u1405\u1449 \u140a\u14ef\u1466\u1528\u1455\u1550\u14c2\u158f\u1466 \u14aa\u14d5\u14ea\u14d7\u148b\u1466, \u1450\u146d\u14ef\u14c7\u1550\u144e\u1455\u1405\u14db\u1550\u1450\u1466 \u140a\u14f0\u14d0\u14c7\u152e\u14a7\u1466, \u1403\u14da\u1583\u1550\u14d7\u14c2 \u14f4\u14c7\u1595\u1591\u140a\u144e\u14c2\u1483 \u140a\u14ef\u158f\u14d0\u14c2\u1483 \u14c4\u14c7\u14d5\u14d5\u14ab\u14a5\u1405\u14c2\u1483: \u1451\u14aa\u14ef \u14aa\u158f\u1405\u1585, \u14d8\u1472\u14ef \u146d\u140a\u144c\u14d0\u14c7\u1585, \u1555\u1483\u1451\u1528\u140a \u1405\u1449\u1431\u1483, \u1581\u14aa\u1585 \u14aa. \u1403\u1526\u1466\u1450\u1585,     \u1455\u146f\u1466\u14f4\u1405\u144e\u1466\u14ef\u14c2\u1585 \u1472\u152a\u14ef\u14db\u1550\u1450\u1585 \u14a3 5-\u14a5\u1466 28-\u14a7 \u1455\u146f\u1466\u14f4\u1405\u144e\u1455\u1405\u152a\u14c2\u1483 \u14c7\u14d7\u14c0\u1550\u1450\u1403\u148d\u144f\u1466 \u1455\u146f\u1466\u14f4\u1591\u1550\u144e\u1455\u1405\u14ef\u14aa\u1466\u14f1\u144e\u1483 \u1403\u14c4\u14d0\u14c4\u1466 McClure Gallery-\u14a7\u1466 \u140a\u14bb\u14aa\u14d7 \u140a\u1559\u1455\u1585 \u1431\u1405\u14ef\u1450\u1583\u14d5\u1546\u1555\u14bb\u14a7\u1466 \u1403\u14da\u1405\u144e\u14d7\u148b\u1466 \u1403\u14d8\u14d0\u14c7\u144e\u1483 \u1431\u14c7\u14f1\u140a\u1550\u1455\u1405\u14ef\u14aa\u152a\u1466 \u157f\u14a5\u1550\u1548\u1555\u14bb\u14a6\u1450\u1466 \u1403\u14da\u1583\u1550\u14f1\u144e\u1483 \u1450\u146d\u14ef\u14c7\u1550\u144e\u14ef\u1405\u144e\u158f\u14d0\u14c2\u1483 \u152b\u1431 \u1405\u1403\u1456\u14d7\u1466\u1451\u1449 \u140a\u14bb\u14aa\u14d7 \u1450\u146d\u14ef\u14c7\u1550\u144e\u14ef\u1528\u1405\u1449.<br>\n\n\n\n<p class=\"has-text-color has-background has-very-dark-gray-color has-very-light-gray-background-color\">\nNalukturuk Weetaluktuk a une formation en physique et ne se consid\u00e8re pas comme un artiste mais plut\u00f4t comme quelqu&#8217;un qui fait de l&#8217;art. Nalukturuk vit maintenant \u00e0 Gatineau mais ses racines sont d&#8217;Inukjuak et de Montr\u00e9al.<br>\nIl a partag\u00e9 qu&#8217;en grandissant, il ne pratiquait pas beaucoup l&#8217;art, mais qu&#8217;il avait appris \u00e0 aimer la gravure : \u00ab J&#8217;ai suivi un atelier \u00e0 Concordia, j&#8217;ai vraiment appr\u00e9ci\u00e9 parce que c&#8217;est tactile et que dessiner n&#8217;est pas satisfaisant de la m\u00eame mani\u00e8re, j&#8217;aime avoir mes mains occup\u00e9es&#8221; Il a d\u00e9couvert avec cette exp\u00e9rience une raison d&#8217;\u00eatre cr\u00e9atif.<br>\nIl y a quelques ann\u00e9es, alors qu&#8217;il travaillait \u00e0 Avataq pour le d\u00e9partement d&#8217;arch\u00e9ologie, il a eu l&#8217;occasion d&#8217;aller \u00e0 Puujjunaq. Il a emprunt\u00e9 l&#8217;appareil photo de sa s\u0153ur et a d\u00e9cid\u00e9 de prendre des photos du paysage et des plantes. Il trouverait que ses photos manquaient des d\u00e9tails que les yeux pouvaient voir, alors il a commenc\u00e9 \u00e0 illustrer certains \u00e9l\u00e9ments sur les images. &#8220;J&#8217;aime montrer aux gens que ce n&#8217;est pas juste que de la neige, ce n&#8217;est pas juste que de la roche, il y a tellement de vie et c&#8217;est vraiment riche.&#8221; dit-il.<br>\nSon travail sera pr\u00e9sent\u00e9 \u00e0 la galerie McClure dans l&#8217;exposition Avec les saisons, con\u00e7ue par asinnajaq, avec d&#8217;autres artistes de la r\u00e9gion : Aisa Alaasuaq Koperualuk, Evie Tullaugaq Qamugaaluk Koperqualuk, Joe Talirunili, Jobie Qavavauq Iqaluk, Lucasi Kiatainaq, Lucy Aullaq Uppatitsiaq Weetaluktuk, le groupe d\u2019Ivujivik (Louisa Kanarjuak, Passa Mangiuk, Lyne Bastien, Qumaq M. Iyaituk), Thomassie Mangiok, Tuumasi Kudluk et Victoria Okpik. L&#8217;exposition se d\u00e9roule du 5 au 28 mai et un catalogue d&#8217;exposition est co\u00e9dit\u00e9 par la Galerie McClure et l&#8217;Institut culturel Avataq, rassemblant toutes les \u0153uvres pr\u00e9sent\u00e9es et incluant essai de Jobie Weetaluktuk et de la commissaire.<br>\n\n\n\n<p class=\"has-text-color has-background has-very-dark-gray-color has-very-light-gray-background-color\">\nNalukturuk Weetaluktuk has a background in physics and does not consider himself as an artist but rather someone who makes art. Nalukturuk is now based in Gatineau, but his roots are from Inukjuak and Montreal. <br>\nHe shared that growing up, he was not practicing art much but was grown to like printmaking: \u201cI took a workshop at Concordia, I really enjoyed it because it&#8217;s tactile and just drawing doesn&#8217;t feel satisfying in the same way, I like to have busy hands\u2019\u2019 He found out with this experience a reason to be creative.<br>\nFew years ago, when he was working at Avataq for the archeology department, he had the opportunity to go to Puujjunaq. He borrowed his sister\u2019s camera and decided to take pictures of the landscape and the plants. He would find that his photos would miss out details that the eyes can see so he started to illustrate some elements over the images. \u201cI like to show people it&#8217;s not just snow, it&#8217;s not just rock, there&#8217;s like so much life and it is really rich.\u201d<br>\nHis work will be showcased at the McClure Gallery in the exhibition With the Seasons, curated by asinnajaq, along with other artists from the region: Aisa Alaasuaq Koperualuk, Evie Tullaugaq Qamugaaluk Koperqualuk, Joe Talirunili, Jobie Qavavauq Iqaluk, Lucasi Kiatainaq, Lucy Aullaq Uppatitsiaq Weetaluktuk, The Ivujivik Collective (Louisa Kanarjuak, Passa Mangiuk, Lyne Bastien, Qumaq M. Iyaituk), Thomassie Mangiok, Tuumasi Kudluk and Victoria Okpik. The exhibition is from May 5 to 28 and an exhibition catalogue is co-published by the McClure Gallery and Avataq Cultural Institute including all the works showcased with an essay of Jobie Weetaluktuk and the curator. <br>\n\n\n<div class=\"rl-gallery-container splide rl-loading\" id=\"rl-gallery-container-1\" data-gallery_id=\"3733\"> <div class=\"rl-gallery rl-basicslider-gallery splide__track \" id=\"rl-gallery-1\" data-gallery_no=\"1\"> <ul class=\"splide__list\"> <li class=\"rl-gallery-item splide__slide\" data-thumb=\"https:\/\/tarqitamaat.ca\/wp-content\/uploads\/2022\/04\/108A45DC-B3D2-4D19-9FC1-02E86F5CBA03-Messages-scaled.jpeg\"> <a href=\"https:\/\/tarqitamaat.ca\/wp-content\/uploads\/2022\/04\/108A45DC-B3D2-4D19-9FC1-02E86F5CBA03-Messages-scaled.jpeg\" title=\"\" data-rl_title=\"\" class=\"rl-gallery-link\" data-rl_caption=\"\" data-rel=\"lightbox-gallery-1\"><img src=\"https:\/\/tarqitamaat.ca\/wp-content\/uploads\/2022\/04\/108A45DC-B3D2-4D19-9FC1-02E86F5CBA03-Messages-scaled.jpeg\" width=\"2560\" height=\"1707\" alt=\"\" \/><\/a> <\/li> <li class=\"rl-gallery-item splide__slide\" data-thumb=\"https:\/\/tarqitamaat.ca\/wp-content\/uploads\/2022\/04\/gooselip.png\"> <a href=\"https:\/\/tarqitamaat.ca\/wp-content\/uploads\/2022\/04\/gooselip.png\" title=\"\" data-rl_title=\"\" class=\"rl-gallery-link\" data-rl_caption=\"\" data-rel=\"lightbox-gallery-1\"><img src=\"https:\/\/tarqitamaat.ca\/wp-content\/uploads\/2022\/04\/gooselip.png\" width=\"2204\" height=\"2692\" alt=\"\" \/><\/a> <\/li> <li class=\"rl-gallery-item splide__slide\" data-thumb=\"https:\/\/tarqitamaat.ca\/wp-content\/uploads\/2022\/04\/55A977D9-4027-402D-86BD-13B29EC6CE17-Messages-scaled.jpeg\"> <a href=\"https:\/\/tarqitamaat.ca\/wp-content\/uploads\/2022\/04\/55A977D9-4027-402D-86BD-13B29EC6CE17-Messages-scaled.jpeg\" title=\"\" data-rl_title=\"\" class=\"rl-gallery-link\" data-rl_caption=\"\" data-rel=\"lightbox-gallery-1\"><img src=\"https:\/\/tarqitamaat.ca\/wp-content\/uploads\/2022\/04\/55A977D9-4027-402D-86BD-13B29EC6CE17-Messages-scaled.jpeg\" width=\"2560\" height=\"1707\" alt=\"\" \/><\/a> <\/li> <li class=\"rl-gallery-item splide__slide\" data-thumb=\"https:\/\/tarqitamaat.ca\/wp-content\/uploads\/2022\/05\/519F49FC-FAEF-4A81-AD42-16AD824DBCEC-Messages-scaled.jpeg\"> <a href=\"https:\/\/tarqitamaat.ca\/wp-content\/uploads\/2022\/05\/519F49FC-FAEF-4A81-AD42-16AD824DBCEC-Messages-scaled.jpeg\" title=\"\" data-rl_title=\"\" class=\"rl-gallery-link\" data-rl_caption=\"\" data-rel=\"lightbox-gallery-1\"><img src=\"https:\/\/tarqitamaat.ca\/wp-content\/uploads\/2022\/05\/519F49FC-FAEF-4A81-AD42-16AD824DBCEC-Messages-scaled.jpeg\" width=\"2560\" height=\"1707\" alt=\"\" \/><\/a> <\/li> <li class=\"rl-gallery-item splide__slide\" data-thumb=\"https:\/\/tarqitamaat.ca\/wp-content\/uploads\/2022\/05\/A6C69776-4207-46CD-8211-9C7F2514B90D-Messages.png\"> <a href=\"https:\/\/tarqitamaat.ca\/wp-content\/uploads\/2022\/05\/A6C69776-4207-46CD-8211-9C7F2514B90D-Messages.png\" title=\"\" data-rl_title=\"\" class=\"rl-gallery-link\" data-rl_caption=\"\" data-rel=\"lightbox-gallery-1\"><img src=\"https:\/\/tarqitamaat.ca\/wp-content\/uploads\/2022\/05\/A6C69776-4207-46CD-8211-9C7F2514B90D-Messages.png\" width=\"815\" height=\"1000\" alt=\"\" \/><\/a> <\/li> <li class=\"rl-gallery-item splide__slide\" data-thumb=\"https:\/\/tarqitamaat.ca\/wp-content\/uploads\/2022\/05\/teatu.png\"> <a href=\"https:\/\/tarqitamaat.ca\/wp-content\/uploads\/2022\/05\/teatu.png\" title=\"\" data-rl_title=\"\" class=\"rl-gallery-link\" data-rl_caption=\"\" data-rel=\"lightbox-gallery-1\"><img src=\"https:\/\/tarqitamaat.ca\/wp-content\/uploads\/2022\/05\/teatu.png\" width=\"600\" height=\"1000\" alt=\"\" \/><\/a> <\/li> <li class=\"rl-gallery-item splide__slide\" data-thumb=\"https:\/\/tarqitamaat.ca\/wp-content\/uploads\/2022\/05\/9F5A1A21-5EA4-4472-B3B7-B4DFF40658BA-scaled.jpeg\"> <a href=\"https:\/\/tarqitamaat.ca\/wp-content\/uploads\/2022\/05\/9F5A1A21-5EA4-4472-B3B7-B4DFF40658BA-scaled.jpeg\" title=\"\" data-rl_title=\"\" class=\"rl-gallery-link\" data-rl_caption=\"\" data-rel=\"lightbox-gallery-1\"><img src=\"https:\/\/tarqitamaat.ca\/wp-content\/uploads\/2022\/05\/9F5A1A21-5EA4-4472-B3B7-B4DFF40658BA-scaled.jpeg\" width=\"2560\" height=\"1707\" alt=\"\" \/><\/a> <\/li> <\/ul> <\/div> <\/div>\n\n\n<p>\u140a\u14ea\u14da\u1450\u1585 | Texte de | Text by: Olivia Lya Thomassie<\/p>\n","protected":false},"excerpt":{"rendered":"<p>\u14c8\u14da\u1466\u1451\u152d\u1585 \u1405\u1403\u1456\u14d7\u1466\u1450\u1585 | Naluturuk Weetaluktuk \u14c8\u14da\u1466\u1451\u152d\u1585 \u1405\u1403\u1456\u14d7\u1466\u1450\u1585 \u1431\u148b\u140a\u1550\u1555\u14d5\u1466\u14ef\u14aa\u152a\u1585 \u14f1\u146f\u1403\u1526\u14c2\u1550\u14a5\u1483 \u14f1\u14c7\u1595\u1591\u14ef\u14aa\u152a\u14c2\u1483 \u140a\u14bb\u14aa\u14d7 \u14f4\u14c7\u1595\u1591\u140a\u144e\u1405\u148b\u140a\u14a5\u1483 \u1403\u14bb\u14a5\u14c2\u1483 \u1403\u14f1\u14aa\u1490\u14c2 \u146d\u14ef\u140a\u14c2 \u1455\u146f\u14a5\u14c7\u1550\u1450\u14d5\u1405\u14f2\u148d\u148b\u140a\u14a5\u1483 \u1403\u14f1\u14aa\u148b\u152d\u1583\u1550\u14f1\u14c2. \u1403\u14c4\u1466\u152a\u140a\u14a5\u1405\u1555\u14c2\u1405\u1466\u14f1\u14c2, \u14c8\u14da\u1466\u1451\u152d\u1585 \u1473\u144e\u14c4\u14a5\u1405\u148d\u14d5\u1550\u1450\u1585. \u1431\u1548\u1550\u14f4\u14f1\u14c2 \u14f4\u14c7\u1595\u1591\u140a\u14ef\u140a\u14da\u1405\u1550\u14ef\u14aa\u14d0\u14c2\u158f\u1466\u1450\u1585 \u146d\u14ef\u140a\u14c2 \u146d\u1591\u14c2\u1593\u148d\u1466 \u140a\u14d5\u140a\u148b\u152d\u1583\u1546\u140a\u14a5\u1483 \u1438\u1466\u144e\u144e\u1490\u14d5\u1405\u1550\u14c2\u14a5\u1483 \u1403\u1449\u1431\u148d\u14f1\u14d5\u1550\u1450\u1555\u14c2\u1585: &#8220;Concordia-\u14a5 \u1403\u14d5\u14f4\u1550\u1555\u152a\u140a\u14a5 \u1403\u14d5\u14f4\u1550\u1450\u14c3\u1466\u14ef\u14aa\u152a\u1593, \u140a\u14d5\u140a\u148b\u14bb\u14aa\u1546\u14ef\u14aa\u152d\u154b \u144e\u148d\u1466\u14f4\u14c2\u1483 \u1472\u14aa\u148b\u152d\u1583\u1546\u140a\u14a5\u1483 \u140a\u14bb\u14aa\u14d7 \u140a\u14ea\u14da\u1591\u140a\u1550\u14c2\u1450\u1403\u14d0\u14c7\u14a5\u1466 \u140a\u1466\u1528\u1405\u1490\u14c2, \u140a\u14a1\u1490\u14c5\u1559\u1593 \u140a\u1550\u14d5\u140a\u1546\u140a\u14a5\u1483 \u140a\u14d5\u140a\u1466\u1450\u1593&#8221; \u1583\u1405\u1528\u152a\u1555\u14c2\u1585 \u1406\u1466\u1450\u154b\u1550\u14f1\u14c2 \u1455\u146f\u14a5\u14c7\u1550\u1450\u14d5\u1405\u1550\u14c2\u1405\u1449 \u1431\u1466\u152a\u144e\u1583\u1466\u14ef\u140a\u14c2\u1593\u14c2\u1483. \u140a\u1550\u154c\u148d\u1403\u1466 \u140a\u14a5\u14f2\u1595\u158f\u1450\u1466 \u14c8\u14ef\u14aa\u14d5\u1550\u1450\u1466 \u1431\u14c7\u14f1\u140a\u14da\u1405\u1550\u14ef\u14aa\u144e\u14ea\u14d7\u148d \u140a\u1559\u1455\u1483\u146f\u14c2 \u1450\u14c2\u1550\u1455\u14c2\u140a\u1550\u1555\u1593\u14c3\u1466\u14f1\u14c2, \u1431\u1555\u1466\u14f4\u1456\u14da\u1405\u1550\u14ef\u14aa\u152a\u1585 \u1401\u148d\u14d0\u14c7\u14ef\u1466\u14f1\u14c2 \u1405\u1557\u1593 \u1433\u153e\u152a\u14c7\u1585. \u140a\u1466\u1455\u1450\u14da\u1405\u1550\u14ef\u14aa\u152a\u1585 \u14c7\u152d\u14a5\u1455 &hellip; <a href=\"https:\/\/tarqitamaat.ca\/?page_id=3720\" class=\"more-link\">Continue reading <span class=\"screen-reader-text\">\u14c4\u1550\u154b\u14d5\u1405\u1466 | Mai | May<\/span> <span class=\"meta-nav\">&rarr;<\/span><\/a><\/p>\n","protected":false},"author":1,"featured_media":3721,"parent":0,"menu_order":0,"comment_status":"closed","ping_status":"closed","template":"","meta":{"jetpack_post_was_ever_published":false},"jetpack_sharing_enabled":true,"jetpack_shortlink":"https:\/\/wp.me\/PaFG9T-Y0","_links":{"self":[{"href":"https:\/\/tarqitamaat.ca\/index.php?rest_route=\/wp\/v2\/pages\/3720"}],"collection":[{"href":"https:\/\/tarqitamaat.ca\/index.php?rest_route=\/wp\/v2\/pages"}],"about":[{"href":"https:\/\/tarqitamaat.ca\/index.php?rest_route=\/wp\/v2\/types\/page"}],"author":[{"embeddable":true,"href":"https:\/\/tarqitamaat.ca\/index.php?rest_route=\/wp\/v2\/users\/1"}],"replies":[{"embeddable":true,"href":"https:\/\/tarqitamaat.ca\/index.php?rest_route=%2Fwp%2Fv2%2Fcomments&post=3720"}],"version-history":[{"count":7,"href":"https:\/\/tarqitamaat.ca\/index.php?rest_route=\/wp\/v2\/pages\/3720\/revisions"}],"predecessor-version":[{"id":6939,"href":"https:\/\/tarqitamaat.ca\/index.php?rest_route=\/wp\/v2\/pages\/3720\/revisions\/6939"}],"wp:featuredmedia":[{"embeddable":true,"href":"https:\/\/tarqitamaat.ca\/index.php?rest_route=\/wp\/v2\/media\/3721"}],"wp:attachment":[{"href":"https:\/\/tarqitamaat.ca\/index.php?rest_route=%2Fwp%2Fv2%2Fmedia&parent=3720"}],"curies":[{"name":"wp","href":"https:\/\/api.w.org\/{rel}","templated":true}]}}