{"id":3621,"date":"2022-04-05T12:42:00","date_gmt":"2022-04-05T12:42:00","guid":{"rendered":"https:\/\/tarqitamaat.ca\/?page_id=3621"},"modified":"2026-05-12T17:19:59","modified_gmt":"2026-05-12T17:19:59","slug":"%e1%91%8e%e1%95%86%e1%93%aa%e1%93%97%e1%93%95%e1%90%85%e1%91%a6-avril-april-3","status":"publish","type":"page","link":"https:\/\/tarqitamaat.ca\/?page_id=3621","title":{"rendered":"\u1405\u152e\u1431 \u1557\u140a\u1466 | Robbie Watt"},"content":{"rendered":"\n<h2 class=\"wp-block-heading\">\u144e\u1546\u14ea\u14d7\u14d5\u1405\u1466 | Avril | April<\/h2>\n\n\n\n<p class=\"has-background has-very-light-gray-background-color\"> \u1405\u152e\u1431 \u1557\u140a\u1466 \u1455\u146f\u14a5\u14c7\u1550\u1450\u14d5\u1405\u1550\u144e \u1470\u1466\u152a\u140a\u14a5\u1405\u1466\u14f4\u152d\u1585, \u14c4\u14c7\u1555\u14bb\u14a5. \u1472\u1455\u1466\u152d\u14f2\u1585 \u140a\u14bb\u14aa\u14d7 \u1583\u14c4\u1403\u1466\u1450\u1450\u1403\u14d0\u14c7\u14c2\u1483 \u140a\u1466\u1528\u148c\u1595\u158f\u1450\u14c2\u1483 \u14f4\u14c7\u1595\u1591\u140a\u14f2\u148d\u1466\u14f1\u14c2 \u1406\u1466\u1451\u144e\u148b\u1466\u14f1\u148b\u1466 \u140a\u146d\u14d0\u14c7\u14a5\u1405\u1455\u14c2\u1483. <br> \u1405\u152d\u1431 \u1403\u14d5\u1466\u14ef\u14ef\u14aa\u14c2\u154b\u1550\u1450\u1585 \u1456\u1483\u146f\u14c2\u1593 \u1431\u152a\u14d0\u14c7\u14ef\u140a\u1548\u14d0\u14c7\u14d5\u1550\u1455\u14a5\u14c2\u1483 \u140a\u14c8\u14c7\u14a5\u14c2\u1466 \u140a\u14bb\u14aa\u14d7 \u140a\u14c8\u14c7\u1466\u14ef\u140a\u14a5\u14c2\u1466 \u1405\u14ea\u14d7\u14a5 \u146d\u14c7\u1405\u14d5\u1550\u14c2\u1593\u14c2\u1483 \u140b\u1550\u157f\u14f1\u1403\u14ef\u14aa\u152b\u14d0\u14c2\u1483. \u140a\u14c8\u14c7\u1466\u14ef\u140a\u14a5\u14c4\u1466 \u1403\u14d5\u14d0\u14c2\u140a\u144e\u1455\u1405\u14ef\u14aa\u152a\u1585 \u14aa\u166f\u14d0\u14c2\u14a5\u1483 \u140a\u14bb\u14aa\u14d7 \u14a5\u146d\u148b\u140a\u1550\u14c2\u140a\u14c2\u1550\u14a5\u1483 \u140a\u14bb\u14aa\u14d7 \u140a\u14a5\u14f1\u1403\u14c2\u1483 \u1431\u152a\u14d0\u14c7\u14ef\u140a\u1548\u144e\u14c2\u1483 \u146d\u1595\u1592\u14aa\u14c7\u14f2\u14c2\u1483 \u14c4\u14c7\u14a6\u14ea\u14d7\u14c2. \u140a\u1405\u14da\u1528\u152a\u1585 \u140a\u14c8\u14c7\u14a5\u14c2\u1483 \u144c\u14aa\u1595\u1593\u1466 \u1431\u14c7\u14f1\u140a\u154b\u1466\u14f4\u1583\u1550\u1438\u14da\u1405\u1550\u14aa\u1466 \u1431\u1559\u14ea\u14d5\u140a\u144e\u1466\u14ef\u158f\u14d0\u14c7\u14f1\u14c2, \u140a\u14a5\u1550\u14c2\u14d7 \u157f\u1450\u14aa\u1550\u14ed\u14f2\u148d\u1466\u14f1\u14c2 \u1406\u1466\u1451\u144e\u148b\u1466\u14f1\u148d. \u1455\u14aa\u158f\u1483 \u1431\u152a\u1466\u14f4\u1405\u152e\u14da\u1580\u14ef\u14aa\u152b\u1483 \u1403\u14c2\u1550\u14ef\u14ef\u140a\u1548\u14d0\u14c7\u14da\u157f\u1466\u14f1\u148d \u140a\u14bb\u14aa\u14d7 \u144c\u14aa\u1595\u1593\u1466 \u14f1\u152d\u1466\u14f4\u166f\u14d0\u14c7\u14f1\u14c2. <br> \u1405\u152e\u1431 \u1472\u1455\u1466\u152d\u1546\u1405\u1550\u14ef\u14aa\u14bb\u14a5\u152a\u1585 \u1472\u1483\u1472\u14db\u154c\u1431\u1405\u1466\u14f1\u14c2: &#8220;\u1450\u1548\u14ef\u1405\u1466\u14f1\u1593, \u1450\u14f4\u1546\u1405\u14da\u1405\u1550\u14ef\u14aa\u152a\u1593 \u1472\u1455\u1466\u152d\u1450\u14a5\u1483 \u1583\u14c2\u14aa\u1466\u14f1\u1593 \u140a\u1456\u1466\u14ef\u140a\u14c4\u1466 \u140b\u1455\u1405\u1466\u14f1\u1593 \u14c2\u158f\u1405\u1449 \u140a\u1405\u14ea\u14db\u14ef\u14aa\u1555\u1593\u14c4\u1466 \u144c\u14aa\u14d7 \u1456\u1483\u146f\u14c4\u1593 \u1405\u1559\u14d0\u14c2\u1483 \u157f\u14a3\u1466\u14f1\u14c2 \u1403\u14c4\u1466\u152a\u140a\u14d5\u140a\u14ef\u14da\u1405\u1550\u14ef\u14aa\u152a\u1585, \u1405\u144e\u14da\u1593\u14bb\u14a5\u14f1\u14c2 \u14c2\u157f\u14a1\u148b\u14d7\u14c2 \u140a\u14bb\u14aa\u14d7 \u1473\u14f4\u14d6\u1550\u1456\u14f1\u14c2. \u1456\u1466\u14f1\u14a5\u1593 \u14c2\u158f\u1405\u1550\u14a5\u1483 \u1401\u1449\u1438\u1450\u140a\u1583\u14d5\u14da\u1405\u1550\u14ef\u14aa\u152a\u1593, \u1450\u14f5\u1583\u1466\u1455\u14f1\u148d \u14c2\u1438\u14d5\u152d\u1550\u1450\u1585, \u1583\u1405\u1528\u1466\u14f1\u1593\u14d7 \u1472\u1455\u1466\u152d\u1450\u14a5\u1483. \u1406\u1466\u1450\u154b\u1583\u1466\u1455\u14d5\u14da\u1405\u1550\u14ef\u14aa\u152a\u1593 \u14f1\u158f\u1405\u144e\u14f4\u1550\u14f1\u1593 \u140a\u14bb\u14aa\u14d7 \u14c4\u14c7\u14d5\u14d0\u14c2\u1483 \u14c8\u14da\u1483\u146b\u148b\u140a\u1550\u1450\u1548\u14d0\u14c7\u14ef\u1466\u14f1\u1593 \u14c4\u14c7\u14d6\u1466 \u1450\u14f4\u1405\u144e\u1593\u144e\u148d\u1466.&#8221; \u1405\u152e\u1431 \u1403\u14da\u148b\u152d\u1405\u152a\u1585 \u140a\u1591\u144e\u14c4\u1466 \u140a\u14a5\u14f2\u1595\u158f\u1450\u14c4\u1466 \u1472\u1455\u1466\u152d\u14f2\u14c4\u1466. <br> \u1405\u152e\u1431 \u140a\u146d\u14d0\u14c7\u14a5\u1405\u1455\u14c2\u1483 \u140a\u14ea\u14da\u1591\u140a\u1546\u140a\u14a5\u1483 \u140a\u14d5\u140a\u1466\u1450\u1585: &#8220;\u144c\u14aa\u1595\u1593\u1466 \u1405\u1583\u1405\u144e\u152d\u1405\u1559\u14da\u1405\u1550\u1450\u1593 \u140a\u14c8\u14c7\u1466\u14ef\u140a\u14c4\u1466 \u1431\u1405\u14c2\u1550\u1438\u1405\u14f2\u148d\u14bb\u14aa\u148e\u1585 \u1403\u14da\u1593\u14d0\u14c2 \u14c8\u14bb\u14aa\u1583\u144e\u148c\u1483\u146b\u1559\u14ea\u14d7\u14c2 \u140a\u14a1\u1490\u14a5\u14c2\u1483 \u140a\u1450\u1546\u140a\u1585 \u144c\u14aa\u1595\u1593\u1450\u1403\u14d0\u14c7\u1585 \u1403\u14f1\u14aa\u1490\u14f1\u140a\u1450\u1403\u14d0\u14c7\u1548\u14d0\u14c0\u14d7\u14c2. \u140a\u14a1\u1491\u146d\u1483 \u1403\u14d5\u14d0\u14c2\u1483 \u14aa\u14a5\u1466\u144e\u14ef\u148d\u14d0\u14c7\u1451\u1483, \u157f\u1472\u1450\u1403\u14d0\u14c7\u1547\u1483\u146f\u144e\u148b\u14d7\u148b\u1483, \u144c\u14aa \u1472\u144e\u1550\u14f1\u1403\u14ef\u14aa\u152a\u1593 \u1583\u14ea\u14d7\u14c8\u1550\u1455\u14c2\u1483 \u140a\u1550\u154c\u148d\u14c2 \u140a\u14a5\u14f1\u14c2 \u140a\u1405\u14ef\u14aa\u1466\u14f1\u1593 \u14c7\u14a7\u1450\u1403\u14d0\u14c7\u1585.&#8221; \u1583\u1405\u1528\u1550\u1583\u14a5\u1585 \u140a\u146d\u14d0\u14c7\u14a5\u1405\u1455\u14d5\u140a\u1555\u14c2\u1550\u14a5\u14c2\u1483 \u140a\u144e\u14d5\u14bb\u14a5\u1483 &#8216;\u1470\u1555\u1466 \u1583\u14c2\u14aa\u14d0\u14c7\u1405\u1449 \u1456\u14c2\u14ef\u1548\u14ef\u1593&#8217; \u1403\u14d5\u1593\u152a\u1585 \u1431\u14c7\u14f1\u1490\u1550\u14a7\u1466 <a href=\"https:\/\/nunavikstta.com\/%e1%93%b4%e1%93%87%e1%93%90%e1%96%91%e1%90%8a%e1%91%8f%e1%91%a6\/%e1%90%85%e1%94%ae%e1%90%b3-%e1%92%8d%e1%90%8a%e1%91%a6\/\" target=\"_blank\" rel=\"noreferrer noopener\">\u14f4\u14c7\u1595\u1591\u140a\u14c2\u144e\u148d\u1466 \u14aa\u146d\u1455\u1583\u144e\u148c\u14d0\u14c2\u14a7\u1466<\/a> \u140a\u1450\u1403\u14d0\u14c7\u1405\u14d5\u1546\u140a\u1593\u14c2\u1483 \u1455\u146f\u1466\u14f4\u1405\u148d\u14d0\u14c7\u14ef\u14ef\u14aa\u14d5\u1550\u14f1\u14c2 \u1583\u1546\u1455\u1405\u152d\u1483\u146f\u1466 \u157f\u14a5\u1550\u1548\u144e\u1466\u14ef\u1555\u14bb\u14a5. \u1456\u14d0\u14c7 \u1431\u14c7\u14f1\u140a\u1550\u14ef\u14aa\u152d\u1593 \u1431\u1405\u152b\u1466\u14f1\u14c2 \u1406\u1466\u1450\u154b\u1405\u144e\u1405\u14ef\u14aa\u152a\u1585 \u1583\u14c4\u1585 \u14f4\u14c7\u1595\u1591\u140a\u14c2\u1585 \u1431\u1559\u14ea\u14d6\u14ef\u140a\u1548\u14d0\u14c7\u14aa\u1594\u1466 \u1583\u14c4\u1403\u1595\u158f\u14ef\u140a\u1550\u14c2\u14a5\u1483. <br> \u1405\u1555\u1483\u1472\u14c2\u1483 \u1450\u14f4\u1550\u144e\u14ef\u148d\u14aa\u152a\u1585 \u1403\u14c2\u1550\u14ef\u14ef\u144e\u1405\u14bb\u14aa\u1455 \u1431\u14ef\u14aa\u1490\u14a5\u1483 \u1403\u14c4\u14d0\u14c2\u1466 \u1403\u14c2\u1550\u14ef\u14ef\u144e\u14c2\u1466 \u140a\u14bb\u14aa\u14d7 \u14c4\u1456\u14c2\u1483 \u140a\u1451\u144e\u14da\u1405\u1550\u14ef\u14aa\u1595\u158f\u1455\u14a5\u14c2\u1483 \u140a\u1451\u144e\u148b\u140a\u1550\u1438\u1581\u1466\u14f1\u148b\u1466.<br><\/p>\n\n\n\n<p class=\"has-background has-very-light-gray-background-color\"> Robbie Watt est un artiste originaire de Kuujjuaq au Nunavik. Il fait du chant de gorge et diff\u00e9rents types d&#8217;arts comme des tapisseries murales.<br> Robbie raconte qu&#8217;il a appris ces techniques de sa m\u00e8re et de sa grand-m\u00e8re qui l&#8217;ont fa\u00e7onn\u00e9 pour \u00eatre la personne qu&#8217;il est aujourd&#8217;hui. Sa grand-m\u00e8re lui a appris \u00e0 chasser et \u00e0 pi\u00e9ger, ainsi que diverses connaissances n\u00e9cessaires lorsqu\u2019on sort dans le territoire. Il se souvient de sa m\u00e8re comme quelqu&#8217;un qui avait toujours un projet en cours, elle tannait de la fourrure par exemple. Les deux l&#8217;ont inspir\u00e9 \u00e0 \u00eatre cr\u00e9atif et \u00e0 toujours avoir quelque chose \u00e0 faire.<br> Robbie a appris le chant de gorge d\u00e8s son plus jeune \u00e2ge : \u00ab Quand j&#8217;\u00e9tais petit, j&#8217;ai entendu le chant de gorge pour la premi\u00e8re fois alors que j&#8217;\u00e9tais malade. Mon grand-p\u00e8re m&#8217;avait d\u00e9pos\u00e9 au camp d\u2019une vieille dame car il fallait qu\u2019il parte pour Inukjuak, pour revenir avec de la nourriture et de l\u2019essence. Je suis rest\u00e9 avec cette vieille dame, je l&#8217;entendais faire ces sons et j&#8217;ai appris qu&#8217;elle faisait des chants de gorge. J&#8217;ai commenc\u00e9 \u00e0 essayer et \u00e0 m&#8217;entra\u00eener, et j&#8217;allais chanter \u00e0 la station de radio locale pour divertir la communaut\u00e9. Robbie est l&#8217;un des rares hommes \u00e0 pratiquer le chant de gorge.<br> Robbie aime aussi faire des tapisseries murales : \u00ab ma grand-m\u00e8re m&#8217;a toujours dit qu&#8217;il y a des moments o\u00f9 la meilleure fa\u00e7on d&#8217;\u00eatre en \u00e9quilibre est de travailler avec ses mains plut\u00f4t que de penser tout le temps. Vos mains provoqueront la gu\u00e9rison, vous occuperont; je collectionne donc les tissus depuis de nombreuses ann\u00e9es \u00e0 travers mes voyages. \u00bb Il a r\u00e9cemment r\u00e9alis\u00e9 un tapisserie intitul\u00e9e \u00ab Covid Dance \u00bb pour le projet<a href=\"https:\/\/nunavikstta.com\/artistes\/robert-robbie-watt\/\" target=\"_blank\" rel=\"noreferrer noopener\"> Sanannguanitigut Makitaqatigiinniq (Tenir debout ensemble \u00e0 travers l&#8217;art)<\/a>, une exposition pr\u00e9sent\u00e9e en ligne. Ce projet d\u00e9montre un bon exemple de l&#8217;influence positive de l&#8217;art sur son bien-\u00eatre.<br> Le message qu\u2019il d\u00e9sire livrer aux jeunes est qu&#8217;ils sont cr\u00e9atifs puisqu&#8217;ils proviennent de gens cr\u00e9atifs, et qu&#8217;ils doivent continuer et essayer de nouvelles choses.<br><\/p>\n\n\n\n<p class=\"has-background has-very-light-gray-background-color\"> Robbie Watt is an artist originally from Kuujjuaq, Nunavik.  He throat sings and do different type of arts like wall hanging.<br> Robbie shares that he has learned those skills from his mother and grandmother who shaped him to be the person he is today. His grandmother taught him how to hunt and trap, and diverse skills needed in the land. He remembers his mother as someone who always had a project on progress, she would be tanning fur for example. Both inspired him to be creative and have always something ongoing.<br> Robbie also learned how to throat sing at a very young age: \u201cWhen I was a boy, I first heard throat singing when I was sick. My grandpa dropped me off at the old lady\u2019s camp and he left for Inukjuak, to come back with food and gas. I got stuck with this old lady, I would hear her make these sounds, and learned she was throat signing. I started trying and practicing, and I would go to the local radio station to entertain the community.\u201d Robbie is one of the rare men who practices throat singing. <br> Robbie also likes to make wall hanging: \u2018\u2019I&#8217;ve always been told by granny that there are times the best way to be in balance is to work with your hands and not just think all the time. Your hands will do the healing, keep you busy, so I have been collecting fabric for many years through my travels.\u2019\u2019 He recently realised a wall hanging called \u2018Covid Dance\u2019 for the project <a href=\"https:\/\/nunavikstta.com\/artists\/robert-robbie-watt\/\" target=\"_blank\" rel=\"noreferrer noopener\">Sanannguanitigut Makitaqatigiinniq (Standing Together Through Art)<\/a>, an online exhibition. This project was a good example on how art as a positive influence on his well being.<br> His message to the youth is that they are creative since they come from creative people, and to go on and try new things. <br><\/p>\n\n\n<div class=\"rl-gallery-container splide rl-loading\" id=\"rl-gallery-container-1\" data-gallery_id=\"3637\"> <div class=\"rl-gallery rl-basicslider-gallery splide__track \" id=\"rl-gallery-1\" data-gallery_no=\"1\"> <ul class=\"splide__list\"> <li class=\"rl-gallery-item splide__slide\" data-thumb=\"https:\/\/tarqitamaat.ca\/wp-content\/uploads\/2022\/04\/rsz_1covid_dance-scaled.jpg\"> <a href=\"https:\/\/tarqitamaat.ca\/wp-content\/uploads\/2022\/04\/rsz_1covid_dance-scaled.jpg\" title=\"\" data-rl_title=\"\" class=\"rl-gallery-link\" data-rl_caption=\"\" data-rel=\"lightbox-gallery-1\"><img src=\"https:\/\/tarqitamaat.ca\/wp-content\/uploads\/2022\/04\/rsz_1covid_dance-scaled.jpg\" width=\"921\" height=\"2560\" alt=\"\" \/><\/a> <\/li> <\/ul> <\/div> <\/div>\n\n\n<p>\u140a\u14ea\u14da\u1450\u1585 | Texte de | Text by: Olivia Lya Thomassie<\/p>\n","protected":false},"excerpt":{"rendered":"<p>\u144e\u1546\u14ea\u14d7\u14d5\u1405\u1466 | Avril | April \u1405\u152e\u1431 \u1557\u140a\u1466 \u1455\u146f\u14a5\u14c7\u1550\u1450\u14d5\u1405\u1550\u144e \u1470\u1466\u152a\u140a\u14a5\u1405\u1466\u14f4\u152d\u1585, \u14c4\u14c7\u1555\u14bb\u14a5. \u1472\u1455\u1466\u152d\u14f2\u1585 \u140a\u14bb\u14aa\u14d7 \u1583\u14c4\u1403\u1466\u1450\u1450\u1403\u14d0\u14c7\u14c2\u1483 \u140a\u1466\u1528\u148c\u1595\u158f\u1450\u14c2\u1483 \u14f4\u14c7\u1595\u1591\u140a\u14f2\u148d\u1466\u14f1\u14c2 \u1406\u1466\u1451\u144e\u148b\u1466\u14f1\u148b\u1466 \u140a\u146d\u14d0\u14c7\u14a5\u1405\u1455\u14c2\u1483. \u1405\u152d\u1431 \u1403\u14d5\u1466\u14ef\u14ef\u14aa\u14c2\u154b\u1550\u1450\u1585 \u1456\u1483\u146f\u14c2\u1593 \u1431\u152a\u14d0\u14c7\u14ef\u140a\u1548\u14d0\u14c7\u14d5\u1550\u1455\u14a5\u14c2\u1483 \u140a\u14c8\u14c7\u14a5\u14c2\u1466 \u140a\u14bb\u14aa\u14d7 \u140a\u14c8\u14c7\u1466\u14ef\u140a\u14a5\u14c2\u1466 \u1405\u14ea\u14d7\u14a5 \u146d\u14c7\u1405\u14d5\u1550\u14c2\u1593\u14c2\u1483 \u140b\u1550\u157f\u14f1\u1403\u14ef\u14aa\u152b\u14d0\u14c2\u1483. \u140a\u14c8\u14c7\u1466\u14ef\u140a\u14a5\u14c4\u1466 \u1403\u14d5\u14d0\u14c2\u140a\u144e\u1455\u1405\u14ef\u14aa\u152a\u1585 \u14aa\u166f\u14d0\u14c2\u14a5\u1483 \u140a\u14bb\u14aa\u14d7 \u14a5\u146d\u148b\u140a\u1550\u14c2\u140a\u14c2\u1550\u14a5\u1483 \u140a\u14bb\u14aa\u14d7 \u140a\u14a5\u14f1\u1403\u14c2\u1483 \u1431\u152a\u14d0\u14c7\u14ef\u140a\u1548\u144e\u14c2\u1483 \u146d\u1595\u1592\u14aa\u14c7\u14f2\u14c2\u1483 \u14c4\u14c7\u14a6\u14ea\u14d7\u14c2. \u140a\u1405\u14da\u1528\u152a\u1585 \u140a\u14c8\u14c7\u14a5\u14c2\u1483 \u144c\u14aa\u1595\u1593\u1466 \u1431\u14c7\u14f1\u140a\u154b\u1466\u14f4\u1583\u1550\u1438\u14da\u1405\u1550\u14aa\u1466 \u1431\u1559\u14ea\u14d5\u140a\u144e\u1466\u14ef\u158f\u14d0\u14c7\u14f1\u14c2, \u140a\u14a5\u1550\u14c2\u14d7 \u157f\u1450\u14aa\u1550\u14ed\u14f2\u148d\u1466\u14f1\u14c2 \u1406\u1466\u1451\u144e\u148b\u1466\u14f1\u148d. \u1455\u14aa\u158f\u1483 \u1431\u152a\u1466\u14f4\u1405\u152e\u14da\u1580\u14ef\u14aa\u152b\u1483 \u1403\u14c2\u1550\u14ef\u14ef\u140a\u1548\u14d0\u14c7\u14da\u157f\u1466\u14f1\u148d \u140a\u14bb\u14aa\u14d7 \u144c\u14aa\u1595\u1593\u1466 \u14f1\u152d\u1466\u14f4\u166f\u14d0\u14c7\u14f1\u14c2. \u1405\u152e\u1431 \u1472\u1455\u1466\u152d\u1546\u1405\u1550\u14ef\u14aa\u14bb\u14a5\u152a\u1585 \u1472\u1483\u1472\u14db\u154c\u1431\u1405\u1466\u14f1\u14c2: &#8220;\u1450\u1548\u14ef\u1405\u1466\u14f1\u1593, &hellip; <a href=\"https:\/\/tarqitamaat.ca\/?page_id=3621\" class=\"more-link\">Continue reading <span class=\"screen-reader-text\">\u1405\u152e\u1431 \u1557\u140a\u1466 | Robbie Watt<\/span> <span class=\"meta-nav\">&rarr;<\/span><\/a><\/p>\n","protected":false},"author":1,"featured_media":3622,"parent":0,"menu_order":0,"comment_status":"closed","ping_status":"closed","template":"","meta":[],"_links":{"self":[{"href":"https:\/\/tarqitamaat.ca\/index.php?rest_route=\/wp\/v2\/pages\/3621"}],"collection":[{"href":"https:\/\/tarqitamaat.ca\/index.php?rest_route=\/wp\/v2\/pages"}],"about":[{"href":"https:\/\/tarqitamaat.ca\/index.php?rest_route=\/wp\/v2\/types\/page"}],"author":[{"embeddable":true,"href":"https:\/\/tarqitamaat.ca\/index.php?rest_route=\/wp\/v2\/users\/1"}],"replies":[{"embeddable":true,"href":"https:\/\/tarqitamaat.ca\/index.php?rest_route=%2Fwp%2Fv2%2Fcomments&post=3621"}],"version-history":[{"count":8,"href":"https:\/\/tarqitamaat.ca\/index.php?rest_route=\/wp\/v2\/pages\/3621\/revisions"}],"predecessor-version":[{"id":114844,"href":"https:\/\/tarqitamaat.ca\/index.php?rest_route=\/wp\/v2\/pages\/3621\/revisions\/114844"}],"wp:featuredmedia":[{"embeddable":true,"href":"https:\/\/tarqitamaat.ca\/index.php?rest_route=\/wp\/v2\/media\/3622"}],"wp:attachment":[{"href":"https:\/\/tarqitamaat.ca\/index.php?rest_route=%2Fwp%2Fv2%2Fmedia&parent=3621"}],"curies":[{"name":"wp","href":"https:\/\/api.w.org\/{rel}","templated":true}]}}