{"id":3004,"date":"2021-08-30T12:41:21","date_gmt":"2021-08-30T12:41:21","guid":{"rendered":"https:\/\/tarqitamaat.ca\/?page_id=3004"},"modified":"2026-04-14T14:13:42","modified_gmt":"2026-04-14T14:13:42","slug":"%e1%90%8a%e1%92%a5%e1%95%83%e1%94%ad%e1%90%85%e1%91%a6-septembre-september-2","status":"publish","type":"page","link":"https:\/\/tarqitamaat.ca\/?page_id=3004","title":{"rendered":"\u140a\u14a5\u1543\u152d\u1405\u1466 | Septembre | September"},"content":{"rendered":"\n<h2 class=\"wp-block-heading\">\u14c2\u146f\u14da \u1432\u1550\u144e-\u1450\u1431\u14d6\u14f0  | Nicolas Pirti-Duplessis<\/h2>\n\n\n\n<p class=\"has-background has-very-light-gray-background-color\">  \u14c2\u146f\u14da \u1432\u1550\u144e-\u1450\u1431\u14d6\u14f0, \u140a\u146f\u14d5\u1555\u14bb\u14a5\u1405\u152d\u1585 \u140a\u14bb\u14aa\u14d7 \u1455\u1490\u1455\u1490 \u14c4\u14c7\u1583\u14d5\u1550\u1450\u1585 \u14aa\u14d0\u1450\u1528\u140a\u14da\u14a5, \u1450\u14f4\u1550\u14c2\u152e\u1550\u144e\u14ef\u1528\u1405\u1557\u1585 \u1581\u1555\u140a\u148b\u152d\u1583\u1550\u14f1\u14c2 \u1403\u14d5\u148b\u140a\u14a5\u1483 \u14c4\u1456\u14c2\u1483 \u14f1\u14c7\u1450\u1403\u14d0\u14c7\u14c2\u1483 \u1583\u1405\u1455\u14ab\u1466 \u14c7\u14ea\u14d5\u140a\u148e\u1490\u14d7\u140a\u1550\u1438\u1466 \u1431\u14c7\u14f1\u1466\u1455\u14a5\u14c2\u1405\u1449\u1438\u1466 \u140a\u1559\u1455\u1585 \u1431\u1405\u14ef\u1450\u1583\u14d5\u1546\u1555\u14bb\u14a5 \u1405\u1483\u1559\u14d8\u14d0\u14c3\u1466 \u140a\u14ef\u140a\u14c2\u1405\u1490\u14d7\u140a\u1585.  \u14c2\u146f\u14da \u14c4\u1583\u1550\u14f5\u1559\u14ea\u14d3\u152d\u1405\u144e\u14a7\u1466 \u1431\u14d0\u1591\u140a\u14f2\u148d\u14ef\u152a\u1555\u14c2\u1585 \u1405\u146d\u1405\u1583\u14d5\u1550\u14f1\u14c2 \u1455\u14ea\u14d5\u14aa\u1405\u152a\u1550\u1450\u1466 \u14ef\u1455\u14aa\u14ea\u14d7\u14c2\u1483.  \u140a\u1405\u152d\u1405\u14c2\u1593\u14c2 \u1431\u14c7\u14f1\u14da\u1405\u1550\u1450\u148b\u1405\u1550\u14c2\u1550\u14a5\u1455 \u146d\u1591\u14c2\u1593\u148d\u1466 \u140a\u146f\u14d5\u1555\u14bb\u14a5, \u1583\u14ea\u14d7\u14c8\u14d5\u140a\u14d5\u1550\u1450\u1555\u14c2\u1585 \u1455\u146f\u152d\u1550\u1450\u14f1\u14c2 \u140a\u1456\u1455\u14a5\u14c2\u1483 \u1403\u14d5\u14f4\u1550\u14c7\u14ef\u14d0\u158f\u14c2\u1593\u14c2.  \u144c\u14aa\u14d5 \u14aa\u14d0\u1450\u1528\u140a\u14da\u14a8\u154b\u14a5, \u1403\u14f1\u14aa\u1583\u1550\u1450\u1555\u14c2\u1585 \u14c2\u1405\u1555\u1548\u14ab\u1550\u14c2\u140a\u14f1\u14c2 \u1450\u146b\u14db\u1490\u1550\u14da\u14a5\u1483 \u144c\u1483\u146f\u14c4\u1593 \u146e\u14c7\u1405\u152d\u14c4\u1466 \u1472\u144e\u1550\u14f1\u1455\u1555\u14c2\u1550\u14a5\u14c4\u1466 \u146d\u14ef\u140a\u14c2 \u140a\u1456\u1455\u1593, \u1455\u146f\u14d5\u1550\u14c2\u154b\u14a5 \u146f\u146d\u1455\u1438\u1405\u14ef\u152d\u1550\u144e\u14d7\u148d \u1431\u1593\u14c4\u1466, \u1401\u144e\u1466\u14ef\u14d5\u1550\u1450\u1555\u14c2\u1585 \u144c\u1483\u146f\u14c4\u1593 Steve\u2019s-\u146f\u14c4\u1466 \u1455\u14ea\u14db\u1548\u144e\u14c2\u1483 \u14c2\u1405\u1555\u1550\u1555\u14a7\u1466.  \u14f1\u14d5 \u140a\u1405\u14da\u1528\u1466\u14f4\u1583\u1405\u1483 \u140a\u152a\u1489\u148b\u14d0\u14c2\u154b\u14a5\u1405\u1483 \u1403\u144e\u1546\u1405\u14d5\u1550\u14f1\u14c2 \u144c\u146f\u1593 \u14c2\u1405\u1555\u1550\u1555\u14a7\u1466 \u140a\u14bb\u14aa\u14d7 \u1455\u146f\u14d5\u1550\u14f1\u14c2 \u1583\u14c4\u1403\u1466\u1450\u1450\u1403\u14d0\u14c8\u14d7\u14d0\u14c2\u1483 \u14c4\u1583\u1550\u14f5\u1559\u14ea\u14d3\u152d\u1405\u144e\u14c2\u1483 \u14c2\u1555\u1593\u152a\u14c2\u1483 \u140a\u146d\u14d0\u14c7\u14a5.  \u146d\u1591\u14c2\u1593\u148d\u1466 \u144c\u146f\u14d0\u1593\u14da\u1405\u1550\u1450\u1555\u14c2\u1405\u1466\u14f1\u14c2, \u144c\u146f\u14d0\u1593\u14d5\u1550\u1450\u1555\u14c2\u1585 \u1450\u146b\u14db\u1490\u1550\u1456\u1555\u14bb\u14a7\u1466 \u14c2\u1405\u1555\u1550\u1555\u14a7\u1466 \u146d\u14ef\u140a\u14c2 \u1403\u14f1\u14aa\u1450\u140a\u1583\u14d5\u1550\u14f1\u14c2 \u14c4\u1583\u1550\u14f5\u1559\u14ea\u14d3\u152d\u1405\u144e\u14c2\u1483, \u1403\u14d5\u154b\u1483\u146f\u144e\u140a\u1431\u14d5\u1550\u1450\u1555\u14c2\u1585 \u140a\u1456\u1455\u14a5\u14c4\u1466 \u14c4\u1583\u1550\u14f5\u1559\u14ea\u14d3\u152d\u1405\u144e\u1456\u1593\u1548\u14aa\u14d5\u1550\u14c2\u14a5\u14c2\u1483.<br> \u14c2\u146f\u14da \u140a\u1456\u1455\u14a5\u14c4\u1466 \u1403\u14d5\u14d0\u14c2\u140a\u144e\u1455\u1555\u14c2\u1585 \u1431\u14d0\u1591\u140a\u1546\u140a\u14a5\u1483 \u144c\u14aa \u1403\u14bb\u14a5\u14c2\u157f\u148b\u1405\u1550\u14f4\u14c2\u140a\u14d5\u154b\u14a5 \u1455\u1490\u14d7 \u1403\u14d0\u158f\u148d\u140a\u1546\u1405\u1550\u14f4\u14d5\u1550\u14a5\u14f1\u14c2\u140a\u14ea\u14db\u1466.  \u1431\u148b\u1405\u1550\u14f4\u1405\u144e\u1583\u1550\u14f1\u14c2 \u1403\u14d0\u158f\u14d7\u1466\u1455\u1405\u14ef\u1550\u14c2\u1483 \u1431\u1466\u14f1\u148b\u1466 Linkin Park-\u14a5\u1466, Metallica, Nirvana \u140a\u14bb\u14aa\u14d7 \u140a\u14ef\u148b\u140a\u14ea\u14db\u14d7\u158f\u14d0\u14c2\u1483.  \u1403\u14d0\u158f\u14d7\u1466\u1455\u1405\u14ef\u14d5\u1405\u1583\u1466\u1455\u14ef\u14d0\u14c2\u14a5\u152a\u1585 \u14c7\u14bb\u14a5\u14c2\u1550\u14f2\u144e\u148b\u1466\u14f1\u148b\u1466 \u14c4\u1456\u14c2\u1483 \u140a\u14bb\u14aa\u14d7 \u14f1\u14d5 \u14f1\u14d5 \u1403\u14d5\u1449\u1438\u14d5\u140a\u1450\u1403\u14d0\u14c7\u14c2\u154b\u1550\u1438\u1405\u1483 \u1583\u1405\u1455\u14ab\u1466 \u1405\u14ea\u14d7\u14a5\u14a7\u1466 \u1431\u152a\u14c2\u1483.  \u1450\u14f4\u1550\u14c2\u152e\u1546\u140a\u14a5\u1483 \u144c\u14aa\u14d0\u1593\u14db\u14c2\u1466 \u140a\u14d5\u140a\u148b\u152d\u1583\u1466\u14ed\u14c7\u1550\u14f1\u14c2 \u14f1\u1583\u1466\u14ef\u144e\u148b\u14d0\u1591\u140a\u14f1\u148b\u1466.  \u201c\u140a\u1405\u14da\u1528\u1557\u1593 \u1431\u14d0\u1591\u140a\u14f1\u1593 \u1403\u14c4\u1403\u1466 \u14ef\u1557\u154c\u14c3\u1466\u14f1\u1593 \u1405\u146d\u1405\u1583\u14d5\u1550\u14f1\u1593 \u1455\u14ea\u14d5\u14aa\u1405\u152a\u1550\u1450\u1466 \u14ef\u1455\u14aa\u14ea\u14d7\u14c2\u1483 \u140a\u146f\u14d5\u1555\u14bb\u14a5.  \u140a\u1550\u14f1\u1548\u1550\u14c7\u1450\u140a\u14d8\u14ef\u14aa\u152a\u1585.  \u14f1\u158f\u1405\u144e\u1559\u14ea\u14d5\u140a\u14ef\u14aa\u152d\u154b \u1455\u14aa\u14d0\u14c7 \u1431\u14d0\u1591\u140a\u1583\u1466\u1455\u1546\u140a\u14ea\u14db\u14d5\u1450\u140a\u154b\u14aa, \u144c\u14aa\u14d7 \u1405\u14ea\u14d7\u14a5, \u140a\u14d5\u140a\u14c7\u1550\u14c2\u1438\u1405\u1557\u1585 \u140a\u1451\u144e\u1466\u14f1\u148d \u1455\u146f\u14d0\u14c7\u1405\u152e\u1550\u1455\u1405\u14f1\u14c2 \u1403\u14c4\u14d0\u14c4\u1466.\u201d.<br> \u1456\u1466\u14f1\u14aa \u14c2\u1466\u152d\u14d7\u1466\u1455\u1405\u14ef\u158f\u1466 \u1583\u1466\u1455\u1405\u152d\u1550\u1559\u14db\u14da\u1472\u14c2\u1483, \u146f\u146d\u1455\u1438\u1405\u14ef\u1450\u1403\u14d0\u14c7\u14a5\u1466 \u1431\u1466\u14f1\u14c2 \u144c\u1483\u146f\u14c4\u1593 \u1583\u1466\u1455\u1405\u152d\u1550\u1559\u14db\u14c4\u14ea\u14d7 \u140b\u14ea\u14db\u1466, \u1403\u14d0\u158f\u14f1\u148b\u1466 \u1431\u1593\u14f1\u1403\u14c2\u1483 \u1405\u1583\u1550\u14ef\u1583\u1550\u14f1\u14c2: \u1403\u14c4\u1483\u1450\u1466, \u1583\u14ea\u14d7\u14c8\u1550\u144e\u1450\u1466 \u144c\u14aa\u14d7 \u1405\u14a5\u14d5\u1466\u144e\u1450\u1466.  Arctistic \u1456\u14d0\u14c7\u1455\u1490 \u140a\u144e\u1550\u14ef\u140a\u1546\u14ef\u14aa\u152d\u1593 \u144c\u1483\u146f\u140a\u148d\u1466\u14f1\u144e\u1466 \u1403\u158f\u1405\u1550\u144e\u148c\u14d5\u154b\u14a5\u1483 \u1403\u14da\u148b\u14f2\u158f\u14ea\u14d7, \u144c\u1466\u14f1\u14a8\u14c7\u1405\u144e\u14ea\u14d7\u148d \u1431\u14d0\u1591\u140a\u1583\u144e\u1583\u1550\u14f1\u14c2 \u1431\u1548\u1550\u14f4\u1583\u144e\u1555\u14c2\u1550\u14a5\u14c2\u1483 \u1403\u14da\u14d0\u14c8\u1546\u1466\u14f1\u148b\u1466 \u140a\u146f\u14d5\u1555\u14bb\u14a5.  \u201c\u144c\u14d0\u14c7\u1455\u1490 \u1405\u1583\u1405\u14ef\u1585 \u1431\u14d0\u1591\u140a\u14c2\u1585: \u140a\u146f\u14d5\u1555\u1483 \u1456\u1559\u14c3\u1449\u1433\u1585 \u1405\u146d\u1405\u1550\u1455\u1451\u1449 \u144e\u1466\u1455\u1593\u1455 \u140a\u1456\u14c3\u1466\u14f1\u14c2 \u14c7\u144e\u1550\u14c8\u14a5, \u144c\u14a3\u14bb\u14aa\u1466 \u1455\u1490 Arctistic-\u148d\u14da\u157f\u1557\u1585\u201d.  \u1456\u1466\u14f1\u14aa\u1405\u1449 \u14c4\u1403\u144e\u148b\u1405\u1550\u1455\u1593 \u1450\u14f5\u1466\u1450\u140a\u1490\u1466\u14f4\u1585, \u1405\u146d\u1405\u1585, \u140a\u1450\u1403\u14d0\u14c7\u1591\u1550\u1450\u1555\u14c2\u1585 \u14c5\u1555\u14bb\u1438 2019\u14a5 \u14ef\u1550\u14d5\u157f\u148d\u144e\u1583\u1550\u14c2\u14a5\u152a\u1585 \u144c\u1472\u14d0\u1593\u1466 \u1583\u14c2\u14bb\u14aa\u14ef\u1550\u14a5\u1466 \u140a\u14bb\u14aa\u14d7 \u14c2\u146f\u14da \u157f\u1472\u1405\u1466\u1528\u148b\u140a\u1583\u14da\u1405\u1550\u14f1\u14c2 \u1450\u14f5\u1490\u1466\u14f4\u14d5\u140a\u14a5\u14c2\u1483.  \u1455\u1490\u1455\u1490\u14d5 \u14c2\u146f\u14da \u157f\u1466\u144c\u1593\u152e\u1548\u144e\u1583\u14d5\u1550\u1450\u1585 \u14ef\u1557\u14a7\u140a\u14ef\u14c2\u1550\u14a5\u1483 \u148b\u140a\u1466\u14ef\u140a\u14d5\u1550\u14f1\u14c2. <br> \u14c2\u146f\u14da \u1405\u1584\u1557\u1585 \u1583\u14c4\u1585 \u1450\u14f4\u1550\u14c2\u152e\u14c2\u1585 \u1431\u1405\u144e\u148b\u14bb\u14aa\u1594\u1466 \u1472\u144e\u14d0\u1591\u140a\u1548\u144e\u148b\u1466\u14f1\u148d: \u201c\u144c\u14aa \u1455\u14ea\u14db\u144f\u1466 \u1450\u14f4\u1550\u14c2\u152e\u1550\u144e\u14ef\u14c2\u1550\u14a7\u1466 \u1472\u144e\u14d5\u1550\u14aa\u1455, \u1431\u1405\u152b\u158f\u14d0\u14c7\u14aa\u1466 \u144c\u14aa\u14d0\u1593\u1466 \u1455\u146f\u148b\u140a\u14a5\u1483 \u1403\u14c4\u14d0\u14c2\u1483 \u14c4\u14c7\u14d5\u14d0\u14c2 \u140a\u14bb\u14aa\u14d7 \u14c7\u146d\u1450\u1403\u14d0\u14c7\u1585 \u1431\u152a\u14c2\u1483 \u1431\u14d0\u1591\u140a\u1546\u140a\u1550\u1450\u14f1\u144e\u1483 \u1405\u1483\u1559\u14d8\u14d0\u14c3\u1466 \u1455\u146f\u14d0\u14c7\u1405\u152e\u1546\u140a\u1550\u1450\u14c2\u1483 \u1431\u14d0\u1591\u140a\u1450\u14c2\u1483.  \u140a\u14a5\u14f1\u1472\u14ea\u14da\u14c2\u1483 \u1431\u148d\u14d0\u14c7\u14ef\u140a\u1550\u1450\u14c2\u1483 \u1403\u14c4\u1466\u1455\u1583\u1550\u14aa\u1466.  \u1431\u152a\u1466\u14f4\u1405\u152e\u1466\u14ef\u140a\u1581\u1528\u1557\u1593 \u14c7\u1405\u14d5\u14ab\u14c2\u1483 \u14f4\u14c7\u14d0\u1591\u140a\u1546\u140a\u14a5, \u1455\u14ea\u14db\u1546\u140a\u14a5\u1483, \u14f4\u14c7\u1405\u1490\u1546\u140a\u14a5\u1483 \u140a\u14bb\u14aa\u14d7 \u14f1\u14d5\u140a\u14d7\u1483 \u140a\u14a5\u14f2\u1557\u1466.  \u1455\u146f\u148b\u140a\u14ea\u14da\u1548\u14aa\u1466\u14c7\u1550\u1450\u1585 \u14f1\u14d5 \u14f4\u14c7\u148d\u14d0\u14c7\u1450\u14c2\u1483 \u14c4\u1403\u14d7\u144e\u1483 \u140a\u14bb\u14aa\u14d7 \u146b\u14a5\u1455\u1405\u14c2\u140a\u1550\u14aa\u1455 \u1405\u1555\u1490\u1550\u14c2\u14ed\u1466 \u1403\u14c5\u152a\u1466 \u14f4\u14c7\u14d0\u1591\u140a\u14c2\u1550\u14a5\u1483.\u201d<br><br> <br> \u1450\u14f4\u1490\u1466\u14f4\u1585: \u14c2\u146f\u14da \u1431\u14d0\u1591\u140a\u1548\u14ab\u1550\u14c2\u140a\u1450\u1585 \u144c\u1472\u14c2 \u1470\u1466\u152a\u140a\u154c\u1431\u14bb\u14a5, \u14ef\u1449\u144e\u14bb\u1438 1-\u14a5 \u1403\u14ea\u14d7\u1583\u1550\u14c2\u1585 \u1405\u14ea\u14d7\u14ef\u1405\u1548\u1455\u1405\u144e\u14ea\u14d7\u148d.  \u140a\u14ef\u1583\u1550\u14c2\u140a\u14a5\u152a\u1585 \u140a\u14a5\u14f1\u14c2\u1483 \u1431\u14d0\u1591\u140a\u144e\u14c2\u1483 \u1455\u146f\u14d0\u14c7\u1546\u140a\u154b\u1466\u14f4\u14c2\u1483.  \u1450\u14f4\u1550\u14c2\u152e\u1550\u14c2\u1585 \u1431\u148b\u140a\u1550\u14d7\u14c2 4:30-\u1591\u1450\u140a\u1550\u1438\u1466 \u140a\u14bb\u14aa\u14d7 \u1450\u14f4\u1550\u14f4\u1405\u148c\u1550\u14d7\u14c2 \u144c\u1470\u14c7 \u1455\u1550\u154b\u14a5\u1405\u1466 \u14c2\u1431\u1593\u1483\u146f\u1466 \u14c8\u14da\u1405\u144e\u1593\u148d\u1466 94.1-\u14a6\u14ea\u14d7\u14c2 \u140a\u14bb\u14aa\u14d7 \u1583\u1546\u1455\u1405\u152d\u14a5 \u1455\u146f\u1466\u14f4\u1405\u1555\u1593\u14c2 \u1456\u1483\u146f\u140a \u1455\u1490 <a href=\"http:\/\/www.tni-rtn.com\" target=\"_blank\" rel=\"noreferrer noopener\">www.tni-rtn.com.<\/a><\/p>\n\n\n\n<p class=\"has-background has-very-light-gray-background-color\"> Nicolas Pirti-Duplessis, originaire d&#8217;Akulivik et r\u00e9sidant maintenant \u00e0 Montr\u00e9al est un musicien qui aime apprendre de nouvelles choses tous les jours, que ce soit \u00e0 son travail \u00e0 l&#8217;Institut culturel Avataq ou ailleurs. Nicolas a commenc\u00e9 \u00e0 jouer de la guitare \u00e0 l&#8217;\u00e2ge de 14 ans. Apr\u00e8s son premier emploi d&#8217;\u00e9t\u00e9 \u00e0 Akulivik, il a voyag\u00e9 dans le sud pour voir son p\u00e8re avant la rentr\u00e9e scolaire. Arriv\u00e9 \u00e0 Montr\u00e9al, il envisageait de s&#8217;acheter un nouveau v\u00e9lo de montagne avec l&#8217;argent qu&#8217;il avait \u00e9conomis\u00e9, mais son p\u00e8re qui le voyait jouer avec sa guitare l&#8217;amena au magasin de musique Steve&#8217;s. Il se souvient encore comment il \u00e9tait \u00e9merveill\u00e9 lorsqu\u2019il est entr\u00e9 au magasin pour la premi\u00e8re fois et qu\u2019il a vu toutes sortes de guitares accroch\u00e9es au mur. Apr\u00e8s cette visite, il est all\u00e9 au magasin de v\u00e9los mais tout ce qu&#8217;il avait en t\u00eate \u00e9tait les guitares, il \u00e9tait un peu embarrass\u00e9 de dire \u00e0 son p\u00e8re qu\u2019il voulait une guitare \u00e0 la place.<br> Son p\u00e8re qui lui a appris \u00e0 jouer puis Nicolas a commenc\u00e9 \u00e0 apprendre par lui-m\u00eame et s\u2019est \u00e9galement exerc\u00e9 au chant. Il a pratiqu\u00e9 des chansons de Linkin Park, Metallica, Nirvana et bien d&#8217;autres. Il a commenc\u00e9 \u00e0 \u00e9crire ses propres chansons et dit qu&#8217;il apprend continuellement, m\u00eame aujourd&#8217;hui. La musique a toujours \u00e9t\u00e9 son passe-temps favori. \u00ab Je me souviens avoir jou\u00e9 devant des gens quand j&#8217;avais 14 ans \u00e0 Akulivik, j&#8217;\u00e9tais vraiment stress\u00e9. J&#8217;ai commenc\u00e9 \u00e0 m&#8217;y habituer au fur et \u00e0 mesure que je jouais, et aujourd&#8217;hui, jouer devant des gens, c\u2019est la meilleure sensation. \u00bb t\u00e9moigne-t-il.<br> Sa musique se compose principalement de rock alternatif, allant de la guitare acoustique au heavy m\u00e9tal, chant\u00e9 en trois langues : inuktitut, anglais et fran\u00e7ais. Arctistic est le nom qu&#8217;il a donn\u00e9 \u00e0 son groupe, \u00e0 l&#8217;\u00e9poque o\u00f9 il jouait avec ses amis d&#8217;enfance \u00e0 Akulivik. \u00ab C&#8217;est un jeu de mots : Akulivik est situ\u00e9 sous le cercle arctique dans la toundra, c&#8217;est donc Arctistic \u00bb. Son premier album, Ukiuq, sorti en novembre 2019, a souffert de la pand\u00e9mie et Nicolas a d\u00fb mettre sa promotion sur la glace pendant plusieurs mois. Maintenant Nicolas est tr\u00e8s excit\u00e9 de reprendre le projet.<br> Pour Nicolas, la musique est un bon moyen de se rassembler : \u00ab Quand il y a des festivals de musique, c&#8217;est toujours bon de voir des gens de la communaut\u00e9 et de n&#8217;importe o\u00f9 venir jouer ou aller voir le festival. Il y a tellement d&#8217;Inuit talentueux. J&#8217;encourage tout le monde \u00e0 faire de l&#8217;art, de la musique, des sculptures et bien d&#8217;autres. J&#8217;aimerais voir plus d&#8217;artistes \u00e9merger et inspirer les jeunes g\u00e9n\u00e9rations \u00e0 faire de l&#8217;art. \u00bb <br> <br> <br> Nouvelle : Nicolas jouera \u00e0 Kuujjuaraapik, le 1er septembre pour la Journ\u00e9e de l\u2019habitation. Il y aura beaucoup d&#8217;autres artistes \u00e0 voir. Le spectacle d\u00e9butera \u00e0 16h30 et sera diffus\u00e9e en direct sur la radio de TNI 94.1 et sur leur site internet<a href=\"http:\/\/www.tni-rtn.com\" target=\"_blank\" rel=\"noreferrer noopener\"> www.tni-rtn.com<\/a>.<\/p>\n\n\n\n<p class=\"has-background has-very-light-gray-background-color\"> Nicolas Pirti-Duplessis, originally from Akulivik and now living in Montreal, is a musician who loves to learn new things everyday either from his work at Avataq Cultural Institute or elsewhere. Nicolas started playing guitar when he was fourteen years old. After his first summer job in Akulivik, he travelled south to see his father before school started. When he got to Montreal, he planned on buying a new mountain bike with the money he saved but his father, who saw him playing with his guitar, brought him to Steve\u2019s Music Store. He still remembers how he was amazed when he first got in the store and saw all kinds of guitars hanging on the wall. After this visit, he went to the bike shop but all he had in mind were the guitars, he was a little embarrassed to tell his dad he wanted a guitar instead.<br> Nicolas\u2019 father taught him how to play and then he started to learn by himself and practiced singing as well. He practiced songs from Linkin Park, Metallica, Nirvana and many more. He started writing his own songs and says that he is continuously learning even today. Music has always been his favorite hobby. \u201cI remember playing in front of people when I was fourteen years old in Akulivik, I was really stressed. I started getting used to it the more I played, and today, it\u2019s the best feeling to play in front of people.\u201d he says.<br> His music mostly consists of Alternative Rock, going from acoustic guitar to heavy metal, sung in three languages: Inuktitut, English, and French. Arctistic is the name he came up with for his band, back when he was playing with his childhood friends in Akulivik. \u201cIt\u2019s a word play: Akulivik is located below the arctic circle in the tundra, so it\u2019s Arctistic\u201d. His debut album, Ukiuq, released in November 2019 suffered from the pandemic and Nicolas had to put its promotion on hold. Now Nicolas is very excited to start moving forward again. <br> Nicolas shares how music is a good way to gather together: \u201cWhen there are music festivals, it\u2019s always good to see people in the community and from anywhere coming in to play or to go watch the festival. There are so many talented Inuit. I encourage everyone to make art, music, sculptures and many more. I would like to see more artists emerge and inspire the younger generations to make art.\u201d <br><br> <br> News: Nicolas will be playing in Kuujjuaraapik, on September 1st for Housing Day. There will be many other artists to watch. The show starts at 4:30pm and will be live on TNI Radio 94.1 and on their website <a href=\"http:\/\/www.tni-rtn.com\" target=\"_blank\" rel=\"noreferrer noopener\">www.tni-rtn.com<\/a>.<\/p>\n\n\n\n<p><p>\u140a\u14ea\u14da\u1450\u1585 | Texte de | Text by: Olivia Lya Thomassie<\/p>\n\n\n\n<\/p>\n<figure class=\"wp-block-embed is-type-video is-provider-youtube wp-block-embed-youtube wp-embed-aspect-16-9 wp-has-aspect-ratio\">\n<div class=\"wp-block-embed__wrapper\">\n<iframe loading=\"lazy\" title=\"Arctistic - Storm\" width=\"700\" height=\"394\" src=\"https:\/\/www.youtube.com\/embed\/pLhZXKFME_A?feature=oembed\" frameborder=\"0\" allow=\"accelerometer; autoplay; clipboard-write; encrypted-media; gyroscope; picture-in-picture; web-share\" referrerpolicy=\"strict-origin-when-cross-origin\" allowfullscreen><\/iframe>\n<\/div>\n<\/figure>\n<p>\n\n\n\n<\/p>\n<figure class=\"wp-block-embed is-type-video is-provider-youtube wp-block-embed-youtube wp-embed-aspect-16-9 wp-has-aspect-ratio\">\n<div class=\"wp-block-embed__wrapper\">\n<iframe loading=\"lazy\" title=\"Arctistic - Kamikaze Music Video\" width=\"700\" height=\"394\" src=\"https:\/\/www.youtube.com\/embed\/0bF3wg1IQUc?feature=oembed\" frameborder=\"0\" allow=\"accelerometer; autoplay; clipboard-write; encrypted-media; gyroscope; picture-in-picture; web-share\" referrerpolicy=\"strict-origin-when-cross-origin\" allowfullscreen><\/iframe>\n<\/div>\n<\/figure>\n<p>\n\n\n<p><!-- \/wp:paragraph --><\/p>\n<p><\/p>\n<p><!-- \/wp:paragraph --><\/p>","protected":false},"excerpt":{"rendered":"<p>\u14c2\u146f\u14da \u1432\u1550\u144e-\u1450\u1431\u14d6\u14f0 | Nicolas Pirti-Duplessis \u14c2\u146f\u14da \u1432\u1550\u144e-\u1450\u1431\u14d6\u14f0, \u140a\u146f\u14d5\u1555\u14bb\u14a5\u1405\u152d\u1585 \u140a\u14bb\u14aa\u14d7 \u1455\u1490\u1455\u1490 \u14c4\u14c7\u1583\u14d5\u1550\u1450\u1585 \u14aa\u14d0\u1450\u1528\u140a\u14da\u14a5, \u1450\u14f4\u1550\u14c2\u152e\u1550\u144e\u14ef\u1528\u1405\u1557\u1585 \u1581\u1555\u140a\u148b\u152d\u1583\u1550\u14f1\u14c2 \u1403\u14d5\u148b\u140a\u14a5\u1483 \u14c4\u1456\u14c2\u1483 \u14f1\u14c7\u1450\u1403\u14d0\u14c7\u14c2\u1483 \u1583\u1405\u1455\u14ab\u1466 \u14c7\u14ea\u14d5\u140a\u148e\u1490\u14d7\u140a\u1550\u1438\u1466 \u1431\u14c7\u14f1\u1466\u1455\u14a5\u14c2\u1405\u1449\u1438\u1466 \u140a\u1559\u1455\u1585 \u1431\u1405\u14ef\u1450\u1583\u14d5\u1546\u1555\u14bb\u14a5 \u1405\u1483\u1559\u14d8\u14d0\u14c3\u1466 \u140a\u14ef\u140a\u14c2\u1405\u1490\u14d7\u140a\u1585. \u14c2\u146f\u14da \u14c4\u1583\u1550\u14f5\u1559\u14ea\u14d3\u152d\u1405\u144e\u14a7\u1466 \u1431\u14d0\u1591\u140a\u14f2\u148d\u14ef\u152a\u1555\u14c2\u1585 \u1405\u146d\u1405\u1583\u14d5\u1550\u14f1\u14c2 \u1455\u14ea\u14d5\u14aa\u1405\u152a\u1550\u1450\u1466 \u14ef\u1455\u14aa\u14ea\u14d7\u14c2\u1483. \u140a\u1405\u152d\u1405\u14c2\u1593\u14c2 \u1431\u14c7\u14f1\u14da\u1405\u1550\u1450\u148b\u1405\u1550\u14c2\u1550\u14a5\u1455 \u146d\u1591\u14c2\u1593\u148d\u1466 \u140a\u146f\u14d5\u1555\u14bb\u14a5, \u1583\u14ea\u14d7\u14c8\u14d5\u140a\u14d5\u1550\u1450\u1555\u14c2\u1585 \u1455\u146f\u152d\u1550\u1450\u14f1\u14c2 \u140a\u1456\u1455\u14a5\u14c2\u1483 \u1403\u14d5\u14f4\u1550\u14c7\u14ef\u14d0\u158f\u14c2\u1593\u14c2. \u144c\u14aa\u14d5 \u14aa\u14d0\u1450\u1528\u140a\u14da\u14a8\u154b\u14a5, \u1403\u14f1\u14aa\u1583\u1550\u1450\u1555\u14c2\u1585 \u14c2\u1405\u1555\u1548\u14ab\u1550\u14c2\u140a\u14f1\u14c2 \u1450\u146b\u14db\u1490\u1550\u14da\u14a5\u1483 \u144c\u1483\u146f\u14c4\u1593 \u146e\u14c7\u1405\u152d\u14c4\u1466 \u1472\u144e\u1550\u14f1\u1455\u1555\u14c2\u1550\u14a5\u14c4\u1466 \u146d\u14ef\u140a\u14c2 \u140a\u1456\u1455\u1593, \u1455\u146f\u14d5\u1550\u14c2\u154b\u14a5 \u146f\u146d\u1455\u1438\u1405\u14ef\u152d\u1550\u144e\u14d7\u148d \u1431\u1593\u14c4\u1466, \u1401\u144e\u1466\u14ef\u14d5\u1550\u1450\u1555\u14c2\u1585 \u144c\u1483\u146f\u14c4\u1593 Steve\u2019s-\u146f\u14c4\u1466 \u1455\u14ea\u14db\u1548\u144e\u14c2\u1483 &hellip; <a href=\"https:\/\/tarqitamaat.ca\/?page_id=3004\" class=\"more-link\">Continue reading <span class=\"screen-reader-text\">\u140a\u14a5\u1543\u152d\u1405\u1466 | Septembre | September<\/span> <span class=\"meta-nav\">&rarr;<\/span><\/a><\/p>\n","protected":false},"author":1,"featured_media":3007,"parent":0,"menu_order":0,"comment_status":"closed","ping_status":"closed","template":"","meta":[],"_links":{"self":[{"href":"https:\/\/tarqitamaat.ca\/index.php?rest_route=\/wp\/v2\/pages\/3004"}],"collection":[{"href":"https:\/\/tarqitamaat.ca\/index.php?rest_route=\/wp\/v2\/pages"}],"about":[{"href":"https:\/\/tarqitamaat.ca\/index.php?rest_route=\/wp\/v2\/types\/page"}],"author":[{"embeddable":true,"href":"https:\/\/tarqitamaat.ca\/index.php?rest_route=\/wp\/v2\/users\/1"}],"replies":[{"embeddable":true,"href":"https:\/\/tarqitamaat.ca\/index.php?rest_route=%2Fwp%2Fv2%2Fcomments&post=3004"}],"version-history":[{"count":15,"href":"https:\/\/tarqitamaat.ca\/index.php?rest_route=\/wp\/v2\/pages\/3004\/revisions"}],"predecessor-version":[{"id":114770,"href":"https:\/\/tarqitamaat.ca\/index.php?rest_route=\/wp\/v2\/pages\/3004\/revisions\/114770"}],"wp:featuredmedia":[{"embeddable":true,"href":"https:\/\/tarqitamaat.ca\/index.php?rest_route=\/wp\/v2\/media\/3007"}],"wp:attachment":[{"href":"https:\/\/tarqitamaat.ca\/index.php?rest_route=%2Fwp%2Fv2%2Fmedia&parent=3004"}],"curies":[{"name":"wp","href":"https:\/\/api.w.org\/{rel}","templated":true}]}}