{"id":2737,"date":"2021-05-04T17:29:07","date_gmt":"2021-05-04T17:29:07","guid":{"rendered":"https:\/\/tarqitamaat.ca\/?page_id=2737"},"modified":"2023-08-07T17:30:37","modified_gmt":"2023-08-07T17:30:37","slug":"%e1%93%84%e1%95%90%e1%95%8b%e1%93%95%e1%90%85%e1%91%a6-mai-may","status":"publish","type":"page","link":"https:\/\/tarqitamaat.ca\/?page_id=2737","title":{"rendered":"\u14c4\u1550\u154b\u14d5\u1405\u1466 | Mai | May"},"content":{"rendered":"\n<h2 class=\"wp-block-heading\">\u152b\u14d5 \u1581\u1528\u14c0 | Julie Grenier<\/h2>\n\n\n\n<p class=\"has-text-color has-background has-very-dark-gray-color has-very-light-gray-background-color\">\n\u152b\u14d5 \u1581\u1528\u14c0 \u1583\u14c4\u14d5\u14ab\u1585 \u1455\u146f\u14a5\u14c7\u1550\u1450\u14d5\u1405\u1550\u144e \u1472\u14aa\u1528\u14bb\u14aa\u1546\u1405\u1466\u14f1\u14c2\u14d7 \u1455\u1550\u154b\u14a5\u1405\u1466 \u14c2\u1431\u1593\u14a5\u1483, \u14c4\u14c7\u1555\u14bb\u14a5 \u14c4\u14c7\u14d5\u14d5\u14ab\u14c2 \u14c8\u14da\u1405\u144e\u14a5\u1483 \u140a\u14bb\u14aa\u14d7 \u1455\u146f\u14d0\u14c7\u154b\u1466\u14f4\u14c2\u1483 \u14c4\u1403\u144e\u1546\u1555\u14bb\u14a5\u1483, \u140a\u14bb\u14aa\u14d7 \u1450\u146d\u14a7\u140a\u1466\u144e\u14ef\u1528\u1405\u1466\u14f1\u14c2 \u14c4\u14c7\u1583\u1550\u1584\u1450\u1555\u14c3\u1466 \u1455\u14da\u1556\u14f4\u1483\u146f\u1466 \u1455\u146f\u1466\u14f4\u1405\u144e\u1466\u14ef\u1555\u1593\u14c2\u1483, (APTN). \u1431\u1581\u14ef\u1405\u14f2\u1585, \u1431\u14c7\u14f1\u140a\u1548\u144e\u1583\u1548\u14d0\u14c7\u14f1\u14c2\u14d7 \u157f\u1555\u1405\u14c2\u1483 \u1405\u14a5\u14bb\u14a3\u1466 \u14a5\u1550\u1581\u1555\u14c2\u158f\u14d0\u14c2\u1483, \u14f4\u1405\u14c2\u1550\u14c2\u1483 \u140a\u14bb\u14aa\u14d7 \u1450\u1491\u14c2\u1483, \u1403\u1555\u1490\u14d5\u1405\u14f2\u148d\u1466\u14f1\u14c2\u14d7 \u140a\u14bb\u14aa\u14d7 \u1450\u1466\u1450\u152d\u14c2\u1483 \u1431\u14c7\u14f1\u140a\u1548\u144e\u1583\u14ef\u1550\u1583\u14a5\u1405\u1466\u14f1\u14c2.<br>\n\u1455\u1550\u154b\u14a5\u1405\u1466 \u14c2\u1431\u1593\u1483\u146f\u144e\u148d\u1466, \u14ef\u14da\u1550\u152a\u140a\u14d5\u14ab\u14a6\u1466\u14ef\u14aa\u14d5\u1550\u1450\u1585 \u1450\u14f4\u154b\u1466\u14f4\u14c2\u140a\u1550\u14f1\u14c2 \u140a\u14a5\u14f1\u1403\u14c2 \u140a\u1451\u144e\u152a\u14c2 \u1403\u14da\u1405\u144e\u14ea\u14d7\u148b\u1466 \u1405\u146d\u1405\u1550\u1455\u1450\u14a5 \u1405\u146d\u1405\u14a5 \u1431\u1595\u1591\u140a\u14c2\u1550\u152a\u140a\u14c2 \u140a\u14bb\u14aa\u14d7 Riddu Riddu \u1450\u14f4\u1550\u14c2\u152e\u1550\u144e\u14ef\u14c2\u1550\u14a5 \u140a\u14bb\u14aa\u14d7 \u1450\u146d\u14a7\u140a\u1466\u144e\u14ef\u14ef\u14aa\u1466\u14f1\u14c2 \u1450\u14f4\u1550\u1455\u1405\u152a\u1466\u14f4\u14d5\u1405\u1550\u14c2\u14a5\u1483 \u14ef\u14da \u1557\u140a\u1466 \u146f\u14d8\u1466\u14ed\u14a5\u1483. \u140a\u1451\u144e\u14ef\u14aa\u152d\u158f\u1466 \u14ef\u14da\u1550\u14a7\u140a\u14d5\u14ab\u14a5 \u1405\u14c2\u1594\u1546\u152d\u1405\u14da\u1580\u14ef\u14aa\u152a\u1466 \u1403\u14c2\u1550\u1455\u1555\u14c2\u158f\u14d0\u14c2\u1483. &#8220;\u1431\u1490\u14f1\u140a\u14f2\u148d\u152a\u1593 \u140a\u14bb\u14aa\u14d7 \u14f4\u14c7\u14f2\u148d\u1466\u14f1\u1593 \u14c4\u1403\u144e\u1546\u148d\u144e\u1583\u1550\u14f1\u1593 \u14ef\u14da\u1550\u152a\u140a\u14a5 \u1455\u146f\u14d0\u14c8\u1455\u1483\u1472\u14c2\u1483. \u140a\u1550\u1581\u144e\u148b\u1466\u14f1\u148b\u1466 \u1403\u14c4\u1403\u1466 \u14f1\u14c7\u14f1\u140a\u1550\u14c2\u158f\u1466, \u140a\u1550\u1581\u144e\u148b\u1466\u14f1\u148b\u1466 \u14ef\u1557\u14ea\u14d5\u1555\u14c2\u1466\u1455 \u1403\u14c2\u1550\u14ef\u14ef\u140a\u1548\u14d0\u14c7\u14c2\u1555\u14c2\u158f\u1466 \u1403\u14f1\u14aa\u14a5\u148d\u1466 \u140a\u14bb\u14aa\u14d7 \u1431\u14d7\u140a\u1550\u1450\u14a5\u1483 \u14c4\u14c7\u1450\u1403\u14d0\u14c7\u14a5\u1483 \u1455\u146f\u14d0\u14c7\u14f1\u1593. \u1403\u1449\u1431\u148d\u14f1\u14da\u1580\u148d\u14d0\u14c7\u1450\u1466 \u1455\u14aa\u1483\u146f\u140a \u1431\u1555\u1466\u14ed\u1466 \u1403\u14f1\u1583\u1595\u158f\u14aa\u1455. \u1403\u14c4\u1403\u1466 \u1403\u14c2\u1550\u14ef\u14ef\u144e\u140a\u14d7\u1403\u1466; \u1403\u14c4\u1403\u1466 \u1455\u146f\u1466\u14f4\u1591\u1550\u144e\u14ef\u14aa\u152d\u158f\u1466 \u1455\u1455\u14a5\u14d0\u14c7\u1450\u1403\u14d0\u14c7\u14aa\u1455. \u140a\u14bb\u14aa\u14d7 \u14c4\u1403\u144e\u1548\u14d0\u14c7\u1455\u144e\u1466 \u1431\u1490\u14f1\u140a\u14d5\u154b\u1555\u1483\u146d\u1466 \u14c4\u1456\u14c2\u1483 \u1403\u14f1\u14aa\u1466\u14f4\u1456\u1550\u14c7\u14f1\u14c2 \u140a\u152a\u1489\u1466\u1450\u14ef\u140a\u14c2\u1483. \u140a\u14bb\u14aa\u14d7 \u1583\u1405\u1528\u14aa\u1466\u14f1\u14c2 \u14c4\u1403\u144e\u1550\u1455\u1557\u1466 \u1403\u1472\u152a\u1550\u14ef\u148d\u14d0\u14c7\u14f2\u148d\u14c2\u158f\u1466 \u1403\u14c4\u14d0\u14c2\u1483 \u140a\u14ef\u1466\u144e\u14c2\u1483 \u14c4\u1403\u144e\u1546\u148d\u14d0\u14c7\u14da\u157f\u1466\u14f1\u148b\u1466 \u1403\u1449\u1431\u14c7\u14f2\u1585 \u1405\u144e\u1550\u1455\u1405\u14ef\u140a\u1550\u14c2\u14a5\u1483&#8221; \u14da\u14da\u1405\u1550\u1450\u1585.<br>\n\u152b\u14d5 \u1431\u14c7\u14f1\u140a\u1583\u144e\u1583\u1550\u14ef\u14aa\u14bb\u14a5\u152a\u1585\u14ef \u1431\u1450\u1546\u1505 \u144e\u140a\u14a5\u1483 \u140a\u14aa\u1405\u144e\u14d5\u1405\u1583\u144e\u148b\u1466\u14f1\u148d, \u1455\u146f\u1466\u14f4\u1405\u14d5\u1550\u1450\u14a5\u1483 \u1583\u1405\u14aa\u152a\u1585 \u1455\u146f\u14a5\u14c7\u1550\u1450\u146f\u1555\u14bb\u14a5 INUA \u1455\u146f\u1466\u14f4\u1405\u144e\u1466\u14ef\u1555\u14bb\u14a5 \u1557\u1403\u14c2\u1431\u140a\u1483 \u1455\u146f\u14a5\u14c7\u1550\u1450\u14c2\u1483 \u157f\u14a5\u1550\u1548\u1555\u14bb\u14a5, \u14ef\u14da\u1550\u152a\u140a\u14d5\u14ab\u14a5 \u1456\u14d0\u14c7 \u140a\u158f\u14c2\u1550\u1439\u1585 \u1403\u14c4\u1403\u1466 \u1455\u146f\u14a5\u14c7\u1550\u1450\u14d5\u140a\u1546\u14ef\u14aa\u152d\u158f\u14d0\u14c2\u1483 \u157f\u14a5\u1550\u1548\u1555\u1483. \u140a\u14aa\u1405\u144e\u14d5\u140a\u1555\u14c2\u1593 \u1456\u1483\u146f\u140a \u1403\u14c7\u1581\u14c7\u1550\u1450\u1585 \u1455\u146f\u144e\u1466\u14ef\u148d\u144e\u1483 \u1403\u14c4\u1403\u1466 \u140a\u14aa\u1405\u144e\u1593\u14c2\u1483 \u140a\u1550\u14c0\u1466 \u140a\u1450\u14f2\u1593\u14c2\u1483 \u1403\u14d7\u14a1\u148d\u14ef\u1550\u14a5\u14c3\u1466\u144e\u14d7\u148d \u1405\u14ea\u14d7\u14a5\u1490\u14f4\u1483 \u140a\u1450\u1550\u1455\u1405\u1559\u14bb\u14aa\u1466 \u14c7\u14ea\u14d5\u1405\u14c2\u1550\u14ef\u1405\u14c2\u1583\u14d5\u1550\u14aa\u1466. \u14c7\u1466\u14ef\u152d\u1585 \u157f\u14ef\u152d\u1585 \u140a\u14bb\u14aa\u14d7 \u1455\u146f\u148b\u1405\u1550\u14c7\u14f1\u14c2, \u1405\u14ea\u14d7\u14a5\u14c2\u1455\u152d\u1585 \u140a\u14aa\u1405\u144e\u1483 \u152b\u14d5\u1405\u1449 \u14f4\u14c7\u14f2\u1593\u144e\u148d\u1466 \u14f4\u14c7\u14ef\u14aa\u152a\u1585; \u1431\u1405\u14ef\u1450\u1583\u1550\u14a5\u1483 \u14c4\u1403\u1455\u144e\u1466\u14ef\u14f1\u14c2 \u140a\u14bb\u14aa\u14d7 \u1405\u14ea\u14d7\u14a5\u14c2\u1455\u1550\u14c2\u1483 \u1403\u14da\u1405\u1550\u1450\u14ef\u14aa\u1466\u14f1\u14c2. \u14c7\u14d7\u14c0\u1550\u14ef\u14f2\u1585 \u14f4\u14c7\u14ef\u14aa\u152d\u14a5\u14c2\u1483 \u140a\u1450\u1550\u1455\u1405\u148d\u14d0\u14c7\u14f1\u144e\u1483 \u14f4\u14c7\u1595\u1591\u140a\u1490\u1405\u148b\u140a\u158f\u14d0\u14c2\u1483, \u14c4\u1456\u152d\u14c2\u1483 \u140a\u14d0\u14c4\u154c\u14c2\u1483 \u140a\u14bb\u14aa\u14d7 \u1455\u146f\u14a5\u14c7\u1550\u1450\u1455\u1583\u1550\u14f1\u144e\u1483 \u157f\u144e\u1593\u148d\u1466 \u140a\u1555\u1466\u14ef\u14aa\u14c2\u14d5\u14d0\u14c2\u1483.<br>\n\u14c7\u146f\u1550\u14f4\u1450\u1585 \u140a\u1451\u144e\u1583\u1466\u1455\u14ef\u14aa\u152d\u14a5\u14c2\u1483 \u140a\u1550\u154c\u148d\u14c2 \u140a\u14a5\u14f2\u1595\u158f\u1450\u14c2 \u146d\u1591\u14c2\u1550\u14a5\u14c2; &#8220;\u140a\u1455\u1405\u1550\u14ef\u1550\u14a5\u1483 \u14c8\u14bb\u14aa\u14f4\u1595\u158f\u1451\u148d\u144e\u1583\u1550\u1450\u1593 \u1456\u1483\u146f\u14c2\u1593 \u1431\u1555\u1466\u14f4\u14ef\u140a\u14c2\u1483 \u140a\u1550\u154c\u148d\u14c2 \u140a\u14a5\u14f2\u1595\u158f\u1450\u14c2 \u146d\u1591\u14c2\u1550\u14c2 \u1583\u1405\u1528\u148b\u1405\u1550\u14ef\u14aa\u1490\u14aa \u14c4\u14c7\u1550\u14da\u14a7\u1466 \u14c5\u1466\u14ef\u14aa\u14d5\u1550\u14f1\u1593 \u146d\u14ef\u140a\u14c2. \u1455\u14aa\u1483\u146f\u140a \u1431\u1555\u1466\u14ed\u1466 \u144c\u14aa\u1595\u1593\u1466 \u14aa\u14c2\u152d\u1405\u14aa\u14f2\u148d\u1595\u158f\u14aa\u1455 \u1403\u14c4\u14d0\u14c4\u1466 \u14c4\u14c7\u14d5\u14d0\u14c3\u1450\u14c4\u1466, \u146d\u14c7\u14d5\u14ab\u1483\u146f\u14c4\u1466 \u144e\u148d\u1466\u14f4\u1405\u144e\u1455\u1405\u148b\u140a\u1583\u154b\u14d7\u140a\u1550\u14f1\u144e\u1483. \u1403\u14f1\u14aa\u14da\u1405\u1550\u14ef\u14aa\u1595\u158f\u1450\u1593, \u1406\u1466\u1451\u144e\u148b\u1466\u14f1\u148d, \u1403\u14da\u1405\u148d\u14d0\u14c7\u14ef\u1490\u152d\u1546\u140a\u1585 Biennale de la sculpture de Saint-Jean-de-Port-Joli&#8211;\u14a7\u1466, \u1583\u14ea\u14d7\u14c8\u1466 \u14c4\u14c7\u1593\u14c2\u14a5\u1405\u14a5\u1483 \u1455\u146f\u14a5\u14c7\u1550\u1450\u14d5\u1405\u1550\u144e\u14a5\u1483 \u1401\u1449\u1438\u1456\u1550\u144e\u1455\u1405\u14da\u1405\u152a\u1490\u14aa \u14f4\u14c7\u1595\u1591\u140a\u1583\u144e\u148b\u14c2\u140a\u1550\u14f1\u148d \u14f1\u14c7\u1450\u1403\u14d0\u14c7\u14a5\u1483 \u140a\u144e\u152d\u1405\u148d\u14d0\u14c7\u1450\u14a5\u1483 \u14f4\u14c7\u14ef\u14aa\u152a\u14a5\u1483, \u144c\u14a3\u1466\u1450\u14c2\u1483 \u1403\u14f1\u14aa\u14c2\u1405\u152d\u1550\u14ef\u14aa\u1595\u158f\u1450\u1593 \u14c4\u1403\u1466\u14ef\u148d\u14d0\u14c7\u154b\u152d\u1546\u140a\u14a5\u1483, \u1456\u14d0\u14c7\u14d7 \u14c7\u146f\u1546\u14bb\u14aa\u1546\u1466\u14ef\u14aa\u1466\u14f1\u148d&#8221; \u14da\u14da\u1405\u1550\u1450\u1585.\n\n\n\n<p class=\"has-text-color has-background has-very-dark-gray-color has-very-light-gray-background-color\">\nJulie Grenier est une artiste multidisciplinaire et \u00e9galement la directrice g\u00e9n\u00e9rale de Taqramiut Nipingat Inc (TNI), le producteur r\u00e9gional de radio et de t\u00e9l\u00e9vision du Nunavik, ainsi que la pr\u00e9sidente de APTN (Aboriginal People\u2019s Television Network). Elle cr\u00e9e des pi\u00e8ces perl\u00e9es, travaille avec le qiviut (la laine de b\u0153uf musqu\u00e9), des os et de l&#8217;ivoire, des tissages de vannerie. Elle s\u2019est aussi r\u00e9cemment mise au touffetage de poils de caribou.<br>\nGr\u00e2ce \u00e0 son travail \u00e0 TNI, elle a voyag\u00e9 \u00e0 l\u2018\u00e9tranger afin de r\u00e9aliser des reportages sur de nombreux \u00e9v\u00e9nements, dont les Jeux d\u2019hiver de l\u2019Arctique et le festival Riddu Riddu, et a r\u00e9alis\u00e9 un long m\u00e9trage documentaire sur Sheila Watt Cloutier. Son exp\u00e9rience \u00e0 l\u2019\u00e9tranger a \u00e9t\u00e9 une source d\u2019inspiration pour ses cr\u00e9ations : \u00ab Je d\u00e9veloppe mon travail d\u2019artiste en m\u2019inspirant du monde qui m&#8217;entoure, en d\u00e9couvrant tout ce que font les autres, les esprits cr\u00e9atifs de nos anc\u00eatres et surtout de la nature. J\u2019ai r\u00e9alis\u00e9 que tout est possible, que je ne dois pas mettre de barri\u00e8re \u00e0 ma cr\u00e9ation. Les gens sont si cr\u00e9atifs; certaines choses qu\u2019ils proposent sont tout simplement incroyables. \u00catre capable d&#8217;alimenter votre propre cr\u00e9ativit\u00e9 en proposant de nouveaux concepts et de nouvelles id\u00e9es est incroyable. Et surtout, de r\u00e9aliser que tout ce que nous cr\u00e9ons contribue \u00e9galement \u00e0 alimenter la cr\u00e9ativit\u00e9 des autres est tellement gratifiant \u00bb dit-elle.<br>\nJulie a \u00e9galement collabor\u00e9 avec Beatrice Deer pour cr\u00e9er un arnauti, qui est actuellement pr\u00e9sent\u00e9 \u00e0 l&#8217;exposition inaugurale INUA du Centre Qaumajuq de la Winnipeg Art Gallery, la plus grande galerie d&#8217;art inuit au monde. La cr\u00e9ation r\u00e9alis\u00e9e par le duo est un bel hommage aux arnauti traditionnels que les femmes portaient et continuent de porter aujourd&#8217;hui lors des c\u00e9r\u00e9monies. R\u00e9alis\u00e9e en peau de phoque color\u00e9e et hors de l\u2019ordinaire, la version moderne de l\u2019arnauti illustre parfaitement le style de Julie; une fusion du style traditionnel avec une touche inattendue de contemporain. Elle d\u00e9crit plusieurs de ses cr\u00e9ations comme des sculptures portables, o\u00f9 la mode et l&#8217;art se rencontrent.\nElle est reconnaissante des exp\u00e9riences qu&#8217;elle a v\u00e9cues au cours des derni\u00e8res ann\u00e9es : \u00ab Une chose que je trouve triste, c\u2019est que ces occasions r\u00e9centes ne sont apparues qu\u2019apr\u00e8s mon d\u00e9m\u00e9nagement en ville. Ces occasions ne sont pas n\u00e9cessairement toujours ouvertes ou disponibles pour les personnes vivant dans les communaut\u00e9s, mais elles devraient \u00eatre accessibles \u00e0 tous. Jamais je n&#8217;aurais imagin\u00e9, par exemple, pouvoir participer \u00e0 la Biennale de la sculpture de Saint-Jean-de-Port-Joli, o\u00f9 j&#8217;ai \u00e9t\u00e9 jumel\u00e9 avec un artiste du sud pour cr\u00e9er \u0153uvre, une sculpture portable, qui \u00e9tait compl\u00e8tement au-del\u00e0 de tout ce que j&#8217;aurais m\u00eame pu imaginer faire, mais pour laquelle je suis extr\u00eamement reconnaissante \u00bb ajoute-t-elle.<br>\n\n\n\n<p class=\"has-text-color has-background has-very-dark-gray-color has-very-light-gray-background-color\">\nJulie Grenier is a multidisciplinary artist who is also Director General at Taqramiut Nipingat Inc (TNI), Nunavik \u2018s regional radio and television producer, as well as chairperson at the Aboriginal People\u2019s Television Network, (APTN).  She creates beaded pieces, works with qiviut which is muskox wool, bones and ivory, basket weaves, and recently started caribou tufting.<br>\nThrough her work at TNI, she has travelled internationally to report on the many events including the Arctic Winter Games and the Riddu Riddu festival, and she has directed a feature documentary about Sheila Watt Cloutier. Her experience has allowed her to gain worldwide inspiration for her creations. \u201cI drive and build my own creativity through the world around me, through whatever other people are doing, through our ancestors\u2019 creative minds and especially from nature. It really makes you realize that the sky is the limit. People are so creative; some of the things that people come up with are just amazing. And being able to fuel your own creativity by coming up with new concepts and ideas is amazing.  And knowing that whatever we create also helps fuel other people\u2019s creativity is so rewarding\u201d she says.<br>\nJulie also collaborated with Beatrice Deer to create an arnauti, which is currently being showcased at the Qaumajuq Art Center\u2019s INUA inaugurating exhibit of the Winnipeg Art Gallery, which is the largest Inuit art gallery in the world. The creation made by the duo is a beautiful tribute to the traditional arnauti that women wore traditionally and continue to wear today during ceremonies. Made with coloured sealskin and out of the ordinary, the modern version of the arnauti illustrates perfectly Julie\u2019s style; a fusion of traditional mixed with an unexpected twist of contemporary. She describes many of her creations as wearable sculptures, where fashion and art meet in the middle. <br>\nShe feels grateful for the experiences she has been given over the last few years; \u201cOne thing I find sad is that these opportunities I\u2019ve had over the last few years came only after I moved to the city. Those opportunities are not necessarily always open or available to people living in the communities, but they should be accessible to everyone. Never would I have imagined, for example, being able to take part in the Biennale de la sculpture de Saint-Jean-de-Port-Joli, where I was paired with a southern artist to create something, a wearable sculpture, that was completely outside of anything I could have even thought of doing, but for which I am extremely grateful\u201d she says.<br>\n\n\n\n<p>\u140a\u14ea\u14da\u1450\u1585 | Texte de | Text by: Olivia Lya Thomassie<\/p>\n\n\n\n<p class=\"has-medium-font-size\">\u1431\u152d\u1466\u14f4\u14ef\u140a\u1581\u144e\u1593 \/ Projet sp\u00e9cial \/ Special Project<\/p>\n\n\n<div class=\"rl-gallery-container splide rl-loading\" id=\"rl-gallery-container-1\" data-gallery_id=\"2991\"> <div class=\"rl-gallery rl-basicslider-gallery splide__track \" id=\"rl-gallery-1\" data-gallery_no=\"1\"> <ul class=\"splide__list\"> <li class=\"rl-gallery-item splide__slide\" data-thumb=\"https:\/\/tarqitamaat.ca\/wp-content\/uploads\/2021\/08\/JGrenier1_lr.jpg\"> <a href=\"https:\/\/tarqitamaat.ca\/wp-content\/uploads\/2021\/08\/JGrenier1_lr.jpg\" title=\"\" data-rl_title=\"\" class=\"rl-gallery-link\" data-rl_caption=\"\" data-rel=\"lightbox-gallery-1\"><img src=\"https:\/\/tarqitamaat.ca\/wp-content\/uploads\/2021\/08\/JGrenier1_lr.jpg\" width=\"1000\" height=\"667\" alt=\"\" \/><\/a> <\/li> <li class=\"rl-gallery-item splide__slide\" data-thumb=\"https:\/\/tarqitamaat.ca\/wp-content\/uploads\/2021\/08\/JGrenier2_lr.jpg\"> <a href=\"https:\/\/tarqitamaat.ca\/wp-content\/uploads\/2021\/08\/JGrenier2_lr.jpg\" title=\"\" data-rl_title=\"\" class=\"rl-gallery-link\" data-rl_caption=\"\" data-rel=\"lightbox-gallery-1\"><img src=\"https:\/\/tarqitamaat.ca\/wp-content\/uploads\/2021\/08\/JGrenier2_lr.jpg\" width=\"1000\" height=\"667\" alt=\"\" \/><\/a> <\/li> <li class=\"rl-gallery-item splide__slide\" data-thumb=\"https:\/\/tarqitamaat.ca\/wp-content\/uploads\/2021\/08\/JGrenier3_lr.jpg\"> <a href=\"https:\/\/tarqitamaat.ca\/wp-content\/uploads\/2021\/08\/JGrenier3_lr.jpg\" title=\"\" data-rl_title=\"\" class=\"rl-gallery-link\" data-rl_caption=\"\" data-rel=\"lightbox-gallery-1\"><img src=\"https:\/\/tarqitamaat.ca\/wp-content\/uploads\/2021\/08\/JGrenier3_lr.jpg\" width=\"1000\" height=\"667\" alt=\"\" \/><\/a> <\/li> <li class=\"rl-gallery-item splide__slide\" data-thumb=\"https:\/\/tarqitamaat.ca\/wp-content\/uploads\/2021\/08\/JGrenier4_lr.jpg\"> <a href=\"https:\/\/tarqitamaat.ca\/wp-content\/uploads\/2021\/08\/JGrenier4_lr.jpg\" title=\"\" data-rl_title=\"\" class=\"rl-gallery-link\" data-rl_caption=\"\" data-rel=\"lightbox-gallery-1\"><img src=\"https:\/\/tarqitamaat.ca\/wp-content\/uploads\/2021\/08\/JGrenier4_lr.jpg\" width=\"1000\" height=\"667\" alt=\"\" \/><\/a> <\/li> <li class=\"rl-gallery-item splide__slide\" data-thumb=\"https:\/\/tarqitamaat.ca\/wp-content\/uploads\/2021\/08\/JGrenier5_lr.jpg\"> <a href=\"https:\/\/tarqitamaat.ca\/wp-content\/uploads\/2021\/08\/JGrenier5_lr.jpg\" title=\"\" data-rl_title=\"\" class=\"rl-gallery-link\" data-rl_caption=\"\" data-rel=\"lightbox-gallery-1\"><img src=\"https:\/\/tarqitamaat.ca\/wp-content\/uploads\/2021\/08\/JGrenier5_lr.jpg\" width=\"1000\" height=\"667\" alt=\"\" \/><\/a> <\/li> <\/ul> <\/div> <\/div>\n<div class=\"rl-gallery-container splide rl-loading\" id=\"rl-gallery-container-2\" data-gallery_id=\"2748\"> <div class=\"rl-gallery rl-basicslider-gallery splide__track \" id=\"rl-gallery-2\" data-gallery_no=\"2\"> <ul class=\"splide__list\"> <li class=\"rl-gallery-item splide__slide\" data-thumb=\"https:\/\/tarqitamaat.ca\/wp-content\/uploads\/2021\/05\/0220c3_96983a8c58ea491096c2f8359bb99617_mv2.jpg\"> <a href=\"https:\/\/tarqitamaat.ca\/wp-content\/uploads\/2021\/05\/0220c3_96983a8c58ea491096c2f8359bb99617_mv2.jpg\" title=\"\" data-rl_title=\"\" class=\"rl-gallery-link\" data-rl_caption=\"\" data-rel=\"lightbox-gallery-2\"><img src=\"https:\/\/tarqitamaat.ca\/wp-content\/uploads\/2021\/05\/0220c3_96983a8c58ea491096c2f8359bb99617_mv2.jpg\" width=\"640\" height=\"960\" alt=\"\" \/><\/a> <\/li> <li class=\"rl-gallery-item splide__slide\" data-thumb=\"https:\/\/tarqitamaat.ca\/wp-content\/uploads\/2021\/05\/Arnauti_BeatriceDeer_JulieGrenier_11inches300dpi.jpg\"> <a href=\"https:\/\/tarqitamaat.ca\/wp-content\/uploads\/2021\/05\/Arnauti_BeatriceDeer_JulieGrenier_11inches300dpi.jpg\" title=\"\" data-rl_title=\"\" class=\"rl-gallery-link\" data-rl_caption=\"\" data-rel=\"lightbox-gallery-2\"><img src=\"https:\/\/tarqitamaat.ca\/wp-content\/uploads\/2021\/05\/Arnauti_BeatriceDeer_JulieGrenier_11inches300dpi.jpg\" width=\"925\" height=\"1470\" alt=\"\" \/><\/a> <\/li> <li class=\"rl-gallery-item splide__slide\" data-thumb=\"https:\/\/tarqitamaat.ca\/wp-content\/uploads\/2021\/05\/FB_IMG_1613677845144.jpg\"> <a href=\"https:\/\/tarqitamaat.ca\/wp-content\/uploads\/2021\/05\/FB_IMG_1613677845144.jpg\" title=\"\" data-rl_title=\"\" class=\"rl-gallery-link\" data-rl_caption=\"\" data-rel=\"lightbox-gallery-2\"><img src=\"https:\/\/tarqitamaat.ca\/wp-content\/uploads\/2021\/05\/FB_IMG_1613677845144.jpg\" width=\"960\" height=\"696\" alt=\"\" \/><\/a> <\/li> <li class=\"rl-gallery-item splide__slide\" data-thumb=\"https:\/\/tarqitamaat.ca\/wp-content\/uploads\/2021\/05\/IMG_20180623_163736_097.jpg\"> <a href=\"https:\/\/tarqitamaat.ca\/wp-content\/uploads\/2021\/05\/IMG_20180623_163736_097.jpg\" title=\"\" data-rl_title=\"\" class=\"rl-gallery-link\" data-rl_caption=\"\" data-rel=\"lightbox-gallery-2\"><img src=\"https:\/\/tarqitamaat.ca\/wp-content\/uploads\/2021\/05\/IMG_20180623_163736_097.jpg\" width=\"720\" height=\"720\" alt=\"\" \/><\/a> <\/li> <li class=\"rl-gallery-item splide__slide\" data-thumb=\"https:\/\/tarqitamaat.ca\/wp-content\/uploads\/2021\/05\/PXL_20210116_183700732-scaled.jpg\"> <a href=\"https:\/\/tarqitamaat.ca\/wp-content\/uploads\/2021\/05\/PXL_20210116_183700732-scaled.jpg\" title=\"\" data-rl_title=\"\" class=\"rl-gallery-link\" data-rl_caption=\"\" data-rel=\"lightbox-gallery-2\"><img src=\"https:\/\/tarqitamaat.ca\/wp-content\/uploads\/2021\/05\/PXL_20210116_183700732-scaled.jpg\" width=\"2560\" height=\"1440\" alt=\"\" \/><\/a> <\/li> <li class=\"rl-gallery-item splide__slide\" data-thumb=\"https:\/\/tarqitamaat.ca\/wp-content\/uploads\/2021\/05\/PXL_20210201_124924380.jpg\"> <a href=\"https:\/\/tarqitamaat.ca\/wp-content\/uploads\/2021\/05\/PXL_20210201_124924380.jpg\" title=\"\" data-rl_title=\"\" class=\"rl-gallery-link\" data-rl_caption=\"\" data-rel=\"lightbox-gallery-2\"><img src=\"https:\/\/tarqitamaat.ca\/wp-content\/uploads\/2021\/05\/PXL_20210201_124924380.jpg\" width=\"1509\" height=\"1470\" alt=\"\" \/><\/a> <\/li> <li class=\"rl-gallery-item splide__slide\" data-thumb=\"https:\/\/tarqitamaat.ca\/wp-content\/uploads\/2021\/05\/PXL_20210319_171150342-1.jpg\"> <a href=\"https:\/\/tarqitamaat.ca\/wp-content\/uploads\/2021\/05\/PXL_20210319_171150342-1.jpg\" title=\"\" data-rl_title=\"\" class=\"rl-gallery-link\" data-rl_caption=\"\" data-rel=\"lightbox-gallery-2\"><img src=\"https:\/\/tarqitamaat.ca\/wp-content\/uploads\/2021\/05\/PXL_20210319_171150342-1.jpg\" width=\"1884\" height=\"1470\" alt=\"\" \/><\/a> <\/li> <li class=\"rl-gallery-item splide__slide\" data-thumb=\"https:\/\/tarqitamaat.ca\/wp-content\/uploads\/2021\/05\/Contact_Arnauti_28jan_HiRez-6-1.jpg\"> <a href=\"https:\/\/tarqitamaat.ca\/wp-content\/uploads\/2021\/05\/Contact_Arnauti_28jan_HiRez-6-1.jpg\" title=\"\" data-rl_title=\"\" class=\"rl-gallery-link\" data-rl_caption=\"\" data-rel=\"lightbox-gallery-2\"><img src=\"https:\/\/tarqitamaat.ca\/wp-content\/uploads\/2021\/05\/Contact_Arnauti_28jan_HiRez-6-1.jpg\" width=\"1000\" height=\"667\" alt=\"\" \/><\/a> <\/li> <li class=\"rl-gallery-item splide__slide\" data-thumb=\"https:\/\/tarqitamaat.ca\/wp-content\/uploads\/2021\/05\/Juliecrop.jpg\"> <a href=\"https:\/\/tarqitamaat.ca\/wp-content\/uploads\/2021\/05\/Juliecrop.jpg\" title=\"\" data-rl_title=\"\" class=\"rl-gallery-link\" data-rl_caption=\"\" data-rel=\"lightbox-gallery-2\"><img src=\"https:\/\/tarqitamaat.ca\/wp-content\/uploads\/2021\/05\/Juliecrop.jpg\" width=\"827\" height=\"982\" alt=\"\" \/><\/a> <\/li> <\/ul> <\/div> <\/div>\n<p><!-- \/wp:paragraph --><\/p>","protected":false},"excerpt":{"rendered":"<p>\u152b\u14d5 \u1581\u1528\u14c0 | Julie Grenier \u152b\u14d5 \u1581\u1528\u14c0 \u1583\u14c4\u14d5\u14ab\u1585 \u1455\u146f\u14a5\u14c7\u1550\u1450\u14d5\u1405\u1550\u144e \u1472\u14aa\u1528\u14bb\u14aa\u1546\u1405\u1466\u14f1\u14c2\u14d7 \u1455\u1550\u154b\u14a5\u1405\u1466 \u14c2\u1431\u1593\u14a5\u1483, \u14c4\u14c7\u1555\u14bb\u14a5 \u14c4\u14c7\u14d5\u14d5\u14ab\u14c2 \u14c8\u14da\u1405\u144e\u14a5\u1483 \u140a\u14bb\u14aa\u14d7 \u1455\u146f\u14d0\u14c7\u154b\u1466\u14f4\u14c2\u1483 \u14c4\u1403\u144e\u1546\u1555\u14bb\u14a5\u1483, \u140a\u14bb\u14aa\u14d7 \u1450\u146d\u14a7\u140a\u1466\u144e\u14ef\u1528\u1405\u1466\u14f1\u14c2 \u14c4\u14c7\u1583\u1550\u1584\u1450\u1555\u14c3\u1466 \u1455\u14da\u1556\u14f4\u1483\u146f\u1466 \u1455\u146f\u1466\u14f4\u1405\u144e\u1466\u14ef\u1555\u1593\u14c2\u1483, (APTN). \u1431\u1581\u14ef\u1405\u14f2\u1585, \u1431\u14c7\u14f1\u140a\u1548\u144e\u1583\u1548\u14d0\u14c7\u14f1\u14c2\u14d7 \u157f\u1555\u1405\u14c2\u1483 \u1405\u14a5\u14bb\u14a3\u1466 \u14a5\u1550\u1581\u1555\u14c2\u158f\u14d0\u14c2\u1483, \u14f4\u1405\u14c2\u1550\u14c2\u1483 \u140a\u14bb\u14aa\u14d7 \u1450\u1491\u14c2\u1483, \u1403\u1555\u1490\u14d5\u1405\u14f2\u148d\u1466\u14f1\u14c2\u14d7 \u140a\u14bb\u14aa\u14d7 \u1450\u1466\u1450\u152d\u14c2\u1483 \u1431\u14c7\u14f1\u140a\u1548\u144e\u1583\u14ef\u1550\u1583\u14a5\u1405\u1466\u14f1\u14c2. \u1455\u1550\u154b\u14a5\u1405\u1466 \u14c2\u1431\u1593\u1483\u146f\u144e\u148d\u1466, \u14ef\u14da\u1550\u152a\u140a\u14d5\u14ab\u14a6\u1466\u14ef\u14aa\u14d5\u1550\u1450\u1585 \u1450\u14f4\u154b\u1466\u14f4\u14c2\u140a\u1550\u14f1\u14c2 \u140a\u14a5\u14f1\u1403\u14c2 \u140a\u1451\u144e\u152a\u14c2 \u1403\u14da\u1405\u144e\u14ea\u14d7\u148b\u1466 \u1405\u146d\u1405\u1550\u1455\u1450\u14a5 \u1405\u146d\u1405\u14a5 \u1431\u1595\u1591\u140a\u14c2\u1550\u152a\u140a\u14c2 \u140a\u14bb\u14aa\u14d7 Riddu Riddu \u1450\u14f4\u1550\u14c2\u152e\u1550\u144e\u14ef\u14c2\u1550\u14a5 \u140a\u14bb\u14aa\u14d7 \u1450\u146d\u14a7\u140a\u1466\u144e\u14ef\u14ef\u14aa\u1466\u14f1\u14c2 \u1450\u14f4\u1550\u1455\u1405\u152a\u1466\u14f4\u14d5\u1405\u1550\u14c2\u14a5\u1483 \u14ef\u14da \u1557\u140a\u1466 &hellip; <a href=\"https:\/\/tarqitamaat.ca\/?page_id=2737\" class=\"more-link\">Continue reading <span class=\"screen-reader-text\">\u14c4\u1550\u154b\u14d5\u1405\u1466 | Mai | May<\/span> <span class=\"meta-nav\">&rarr;<\/span><\/a><\/p>\n","protected":false},"author":1,"featured_media":2771,"parent":0,"menu_order":0,"comment_status":"closed","ping_status":"closed","template":"","meta":[],"_links":{"self":[{"href":"https:\/\/tarqitamaat.ca\/index.php?rest_route=\/wp\/v2\/pages\/2737"}],"collection":[{"href":"https:\/\/tarqitamaat.ca\/index.php?rest_route=\/wp\/v2\/pages"}],"about":[{"href":"https:\/\/tarqitamaat.ca\/index.php?rest_route=\/wp\/v2\/types\/page"}],"author":[{"embeddable":true,"href":"https:\/\/tarqitamaat.ca\/index.php?rest_route=\/wp\/v2\/users\/1"}],"replies":[{"embeddable":true,"href":"https:\/\/tarqitamaat.ca\/index.php?rest_route=%2Fwp%2Fv2%2Fcomments&post=2737"}],"version-history":[{"count":10,"href":"https:\/\/tarqitamaat.ca\/index.php?rest_route=\/wp\/v2\/pages\/2737\/revisions"}],"predecessor-version":[{"id":6945,"href":"https:\/\/tarqitamaat.ca\/index.php?rest_route=\/wp\/v2\/pages\/2737\/revisions\/6945"}],"wp:featuredmedia":[{"embeddable":true,"href":"https:\/\/tarqitamaat.ca\/index.php?rest_route=\/wp\/v2\/media\/2771"}],"wp:attachment":[{"href":"https:\/\/tarqitamaat.ca\/index.php?rest_route=%2Fwp%2Fv2%2Fmedia&parent=2737"}],"curies":[{"name":"wp","href":"https:\/\/api.w.org\/{rel}","templated":true}]}}