{"id":1881,"date":"2020-10-01T12:19:02","date_gmt":"2020-10-01T12:19:02","guid":{"rendered":"https:\/\/tarqitamaat.ca\/?page_id=1881"},"modified":"2026-04-14T13:29:46","modified_gmt":"2026-04-14T13:29:46","slug":"%e1%90%8a%e1%95%90%e1%93%87%e1%93%95%e1%93%90%e1%96%92%e1%91%8e%e1%95%95%e1%92%83-octobre-october","status":"publish","type":"page","link":"https:\/\/tarqitamaat.ca\/?page_id=1881","title":{"rendered":"\u140a\u1550\u14c7\u14d5\u14d0\u1592\u144e\u1555\u1483 | Octobre | October"},"content":{"rendered":"\n<h2 class=\"wp-block-heading\">Grilled Cheese<\/h2>\n\n\n\n<p class=\"has-background has-very-light-gray-background-color\">\n\u140a\u1550\u154c\u14c2, \u1472\u1483\u1472\u14db\u1466 \u157f\u14a5\u1550\u1548\u1591\u140a\u14d5\u1405\u1550\u144e\u158f\u1466 Grilled Cheese \u1405\u1584\u1555\u1583\u14da\u1405\u152b\u1466 \u140a\u1405\u14bb\u14ab\u148c\u155d\u1555\u14a5\u1483, \u14c4\u14c7\u1555\u14bb\u14a5 \u1455\u146f\u14a5\u14c7\u1550\u1450\u14d5\u1405\u1550\u144e\u14c2\u1483 \u146d\u14a1\u1490\u1450\u1550\u1555\u14a5\u1483, \u1403\u14c4\u14d0\u14c2\u1483 \u1455\u146f\u14a5\u14c7\u1550\u1450\u14d5\u1405\u1550\u144e\u14c2\u1483 \u1450\u14c2\u1550\u1548\u14ef\u1581\u1528\u1466\u14f1\u144e\u1483 \u1455\u146f\u1490\u1466\u14f4\u14d5\u140a\u1546\u14da\u1593\u152d\u14a5\u14c2\u1483. \u1472\u1455\u1547\u14d0 \u1405\u1403\u14d5\u140a\u1466-\u1472\u14a5\u1595 \u140a\u14bb\u14aa\u14d7 \u152a\u14d5\u140a\u14d0 \u1433\u140a\u14f1, \u157f\u14a5\u1550\u1548\u1591\u140a\u14c2\u1483 \u14c4\u1403\u1466\u14ef\u14ef\u14aa\u152b\u1483 \u1403\u14a3\u14d5\u14da\u1405\u152b\u1483: &#8220;\u140a\u14a5\u14f2\u1466\u14f1\u144e\u1483 \u140a\u1466\u1528\u148c\u1595\u158f\u1451\u1559\u1466\u1451\u1490\u14d7\u140a\u1466 \u1403\u1472\u152a\u1550\u144e\u148b\u1559\u1466\u1455\u1557\u1466, \u14c4\u14c7\u1583\u1550\u1584\u1450\u1555\u14c2\u1550\u14c2\u1483 \u1455\u146f\u14a5\u14c7\u1550\u1450\u14d5\u1405\u1550\u144e\u14c2\u1483 \u1431\u14c7\u14f1\u140a\u1583\u144e\u1583\u14da\u1405\u1550\u14ef\u14aa\u1595\u158f\u1450\u148d\u1466. \u1450\u154c\u1490\u1593 \u1456\u1466\u14f1\u14aa \u1431\u148b\u140a\u1550\u144e\u1455\u1405\u14ef\u14aa\u152b\u1449 \u14c4\u1403\u1466\u14ef\u14c2\u1585 \u1431\u1450\u1466\u14ef\u14aa\u1583\u1455\u1405\u148d\u144e\u1593\u14c2\u1483 \u14c4\u14c7\u1555\u1405\u1449 \u1455\u146f\u14a5\u14c7\u1550\u1450\u14d5\u1405\u1550\u144e\u158f\u1466\u1455 \u1403\u1472\u152a\u1583\u1455\u1405\u1583\u1466\u1455\u14c2\u140a\u1550\u144e\u14d7\u148b\u1466 \u157f\u14a5\u1550\u1548\u1591\u140a\u14d5\u1405\u1550\u1450\u14c2\u1483 \u140a\u14bb\u14aa\u14d7 \u140a\u14d5\u140a\u14f2\u14bb\u14a5\u14d5\u14da\u1405\u152a\u1466\u14f1\u1455!&#8221; \u144c\u14a3\u14bb\u14aa\u1466, \u1450\u1595\u1593\u14f1\u1466\u144e\u14ef\u14d5\u14da\u1405\u152b\u1466 \u1451\u14aa\u14ef \u14aa\u158f\u1405\u1550\u14a5\u1483 \u140a\u1405\u14da\u1466\u14ef\u14da\u1593\u144e\u14ea\u14d7\u148d \u1403\u14d7\u14d5\u158f\u14d0\u14c2\u1483 \u14c4\u14c7\u1555\u14bb\u14a7\u140a\u1593\u152a\u1466. \u144e\u14d5\u1405\u1546\u14da\u1405\u152b\u1585 \u140a\u14ea\u14da\u144e\u14c2\u1483 \u140a\u14bb\u14aa\u14d7 \u140a\u14ea\u14da\u1591\u140a\u1550\u144e\u14c2\u1483 \u1403\u14d5\u1593\u152a\u14c2\u1483 \u1472\u1483\u1472\u14db\u14c4\u1466 \u1405\u146d\u1405\u14d5\u14d0\u14c4\u1466 \u14aa\u1550\u1549\u14c2\u1466 \u14ef\u1455\u14aa\u14c4\u1466 \u140a\u14bb\u14aa\u14d7 \u1455\u14ea\u14d5\u14aa\u14c2\u1466 \u1455\u14ea\u14d5\u14aa\u1405\u152a\u1550\u1450\u14c4\u1466 \u1405\u146d\u1405\u14d5\u14d0\u14c4\u1466, \u14c7\u146f\u1550\u14a6\u1483 \u14aa\u146d\u155d\u1555\u146f\u1466 \u140a\u14bb\u14aa\u14d7 \u1472\u144e\u1555\u1483 \u1403\u14d5\u14f4\u1550\u14c2\u14d5\u1546\u14c2\u1585, \u1472\u1483\u1472\u14db\u14d5\u14ab\u1466 \u1455\u14ea\u14d5\u14aa\u1405\u152a\u1550\u1450\u1466 \u14ef\u1455\u14aa\u14ea\u14d8\u14c2 \u14c4\u14c7\u14d5\u158f\u14d0\u14c2 \u14c4\u14c7\u1555\u1405\u1449 \u140a\u1466\u1528\u158f\u14d0\u14c2\u1483 \u1401\u1466\u1450\u1455\u1405\u14db\u14d5\u1550\u1450\u1466. &#8220;\u1431\u14c7\u14f1\u140a\u1548\u14aa\u14ef\u14aa\u152a\u1593 \u14c4\u1403\u144e\u1550\u14d7\u148b\u1466 \u1403\u14d7\u14a1\u148d\u14ef\u14a7\u140a\u1593\u152a\u1466 \u1403\u14d7\u14d5\u158f\u1466 \u140a\u14bb\u14aa\u14d7 \u1455\u146f\u144e\u14d7\u148b\u1466 \u146d\u14c7\u14d5\u14ab\u1483\u146f\u1466 \u144c\u14ab\u1466\u14ed\u14c7\u1548\u14d0\u14c7\u14aa\u1455, \u1431\u152a\u1466\u14f4\u1405\u152e\u14da\u157f\u144e\u1455\u1405\u14ef\u14aa\u14d5\u1550\u1450\u1593 \u140a\u14bb\u14aa\u14d7 \u1431\u1405\u14c2\u1550\u14f4\u14c2\u1483 \u14c4\u1403\u1466\u14ef\u148d\u14d0\u14c7\u1546\u140a\u14a5\u1483 \u1583\u1405\u1528\u14ef\u14aa\u14d5\u1550\u14f1\u1593 \u1431\u14c7\u14f1\u140a\u1550\u1455\u1405\u14ef\u14aa\u152a\u1466 \u140a\u14d0\u14c2\u1546\u152d\u1405\u1583\u1466\u1455\u14d5\u1550\u14aa\u1455 \u140a\u14bb\u14aa\u14d7 \u140a\u14d5\u140a\u148b\u152d\u1405\u1466\u14f1\u144e\u1483\u2026\u14c8\u14bb\u14aa\u148b\u1405\u144e\u14c2\u1585, \u1431\u1405\u14c2\u158f\u1466 \u14f1\u14c7\u14d5\u14ab\u1466 \u14c4\u1403\u1455\u1405\u1583\u1466\u1455\u1450\u1466 \u1403\u1550\u166f\u148d\u144e\u148b\u1583\u1466\u1455\u14d5\u1550\u1455\u1472 \u1403\u14f1\u14aa\u1483\u146f\u1466 \u14f4\u14c7\u1450\u152a\u1466 \u140a\u14a5\u14f2\u14c2\u158f\u14d0\u14c2\u1483 \u14c4\u14c7\u14d5\u14d5\u14ab\u1466\u144e\u14c2.&#8221;<br>\n\u14c4\u1403\u144e\u1550\u14d7\u148b\u1466 \u1472\u1483\u1472\u14db\u1466 \u140a\u1450\u140a\u154b\u1466\u14f4\u158f\u1466 \u140a\u14bb\u14aa\u14d7 \u1403\u14d7\u14a1\u148d\u14ef\u1550\u14a5\u1483 \u140a\u1555\u1583\u144e\u148c\u148d\u144e\u1583\u1550\u14d7\u1455 \u140a\u1550\u1581\u144e\u148b\u14d7\u148b\u1466 \u1456\u1483\u146f\u14ed\u14d0\u14c7\u1450\u1403\u14d0\u14c7\u1405\u158f\u1466\u1450\u14c2\u1483 \u1455\u146f\u152d\u1405\u144e\u1466\u14ef\u14c3\u1466 \u146d\u1591\u14c2\u1466\u144e\u14c2 \u1403\u14c5\u1583\u1466\u1455\u14da\u1593\u152a\u1466 \u1431\u148d\u1466\u1528\u152d\u1405\u148d\u14aa\u14c2\u1583\u1583\u1466\u1455\u1450\u1466 \u140a\u1466\u1528\u148c\u1595\u158f\u1450\u14c4\u1466 \u1455\u146f\u14a5\u14c7\u1550\u1450\u14d5\u1405\u1550\u144e\u14c4\u1466 \u14c4\u14c7\u1555\u14bb\u14a5. \u14c2\u146f\u14da\u1505 \u1432\u1550\u144e-\u1450\u1431\u14d5\u140a\u14ef\u1505, \u140a\u14ea\u14da\u144e, \u1405\u1583\u14da\u1405\u1550\u1450\u1585: &#8220;\u1405\u14c2\u1483\u1473\u1591\u140a\u14c2\u1483 \u140a\u14ea\u14da\u14f1\u1593, \u1403\u14f1\u14aa\u1595\u1591\u140a\u1583\u1466\u1455\u14da\u1405\u1550\u1450\u1593 \u1472\u1483\u1472\u14db\u148d\u148b\u140a\u14a5\u1483 \u140a\u14bb\u14aa\u14d7 \u144c\u14a3\u1466\u1450\u14c2\u1483 \u1450\u14f5\u148b\u140a\u14a5\u1483 \u140a\u14d5\u140a\u14bb\u14aa\u1546\u1583\u1466\u1455\u154b\u152d\u1550\u1450\u1555\u14c2\u1405\u148b\u140a\u1585\u2026\u1403\u14d7\u14a1\u148d\u14ef\u1557\u1466 \u14f1\u14c7\u14d5\u14ab\u1466\u14ef\u140a\u1455\u1583\u1550\u14aa\u1466 \u1405\u14c2\u1483\u1473\u14c2\u1483 \u140a\u14bb\u14aa\u14d7 \u1583\u1405\u1528\u152d\u1405\u144e\u1490\u1466\u14f4\u14c2\u1483 \u1455\u1455\u1466\u14f1\u14c2, \u157f\u1450\u1550\u1593\u1455 \u140a\u1450\u140a\u1550\u14ef\u148b\u1405\u1548\u14aa\u14c2\u158f\u1466 \u1405\u1583\u1405\u14ef\u1550\u1455 \u140a\u14ea\u14da\u14ef\u14aa\u148d\u144e\u158f\u14d0\u14c2\u1483 \u1456\u1557\u1593\u14d5\u14ab\u14da\u157f\u148d\u14d0\u14c7\u14aa\u1455.&#8221; \u157c\u140a\u14c7 \u1450\u1483\u1450, \u1455\u146f\u1490\u1466\u14f4\u14d5\u1405\u1550\u14ef\u14aa\u152a\u1585 \u140a\u14a5\u140a\u158f\u14d0\u14c2 \u1455\u14aa\u158f\u14d0\u14c3\u1450\u14c2\u1483 \u1403\u14ab\u1483 \u1450\u146d\u14ef\u144e\u1466\u14ef\u14da\u1405\u1550\u1450\u1585: &#8220;\u1455\u14aa\u1450\u14a5\u1593 \u140a\u1451\u144e\u148b\u140a\u14a5\u1483 \u140a\u14d5\u140a\u14bb\u14aa\u1546\u14da\u1405\u1550\u1450\u1593, \u1405\u14c2\u1483\u1473\u14c2\u1483 \u140a\u1450\u140a\u1550\u14ef\u148b\u140a\u1585 \u140a\u14bb\u14aa\u14d7 \u1450\u146d\u14ef\u1490\u14f1\u140a\u1546\u140a\u1585 \u140a\u14ea\u14da\u1450\u1555\u14c2\u1405\u1449 \u1583\u1405\u1528\u152d\u1405\u1581\u152d\u158f\u14d0\u14c2\u1483\u2026\u140a\u14d5\u140a\u1449\u1433\u1593 \u1472\u1483\u1472\u14db\u1466 \u140a\u1450\u1403\u14d0\u14c7\u1583\u1550\u14c2\u140a\u14d5\u1550\u14aa\u1455 \u1405\u14c2\u1483\u1473\u14c2\u1483 \u140a\u14ea\u14da\u1455\u1405\u152a\u1555\u14c2\u1550\u14c2\u1483 \u1403\u14c4\u14d0\u14c4\u1466 \u1450\u154c\u1550\u144e\u14d7\u148b\u1466 \u1403\u14c4\u14d0\u14c4\u1466!&#8221; \u1451\u14aa\u14ef \u14aa\u158f\u1405\u1585 \u1403\u14a3\u14d5\u148b\u140a\u14ea\u14da\u14da\u1405\u1550\u1450\u1585 &#8220;\u14f2\u14f1\u148b\u152d\u1405\u14c2\u1550\u14a5\u1483 \u1403\u1449\u1431\u148d\u14f1\u1449\u1433\u1593 \u1431\u1555\u1466\u14f4\u1583\u1550\u144e\u1455\u1405\u14ef\u14aa\u1490\u14aa \u1403\u14c5\u14ef\u158f\u14d0\u14c2 \u1583\u14c4\u1403\u14d5\u1595\u1670\u14da\u157f\u1405\u1455\u1405\u148d\u14d0\u14c7\u1450\u14c2\u1483; \u144c\u14a3\u1466\u1450\u14c2\u1483 \u1431\u1405\u1483\u146f\u144e\u1583\u1546\u140a\u1583\u1550\u14aa\u1455. \u1472\u1483\u1472\u14db\u1466 \u1581\u1555\u140a\u14f2\u144e\u1583\u1546\u140a\u14d6\u1466 \u146d\u14c7\u1405\u14c2\u1550\u14a5\u14c2\u1483; \u1403\u1449\u1431\u148d\u14f1\u148b\u140a\u14d6\u1466 \u140a\u14bb\u14aa\u14d7 \u1583\u1405\u1528\u14aa\u14d7\u144e\u1483 \u1455\u146f\u14d0\u14c7\u1583\u1466\u1455\u14d7\u144e\u1483 \u140a\u14ef\u14a5\u14c2\u1483 \u140a\u1466\u1528\u14a5\u14c2\u1483 \u1450\u14f4\u1550\u14f4\u1405\u144e\u1466\u14ef\u1405\u144e\u14c3\u1466\u1450\u14c2\u1483.&#8221; \u140a\u14bb\u14aa\u14d7 \u140a\u14d5\u140a\u1466\u14f1\u14c2 \u157f\u14a5\u1550\u1548\u1591\u140a\u1466 \u140a\u1450\u1403\u14d0\u14c7\u1405\u1583\u1466\u1455\u14c2\u140a\u14d5\u1550\u14c2\u158f\u14d0\u14c2\u1483 \u1405\u1583\u1405\u14ef\u144e\u148d\u1466 \u1431\u1593\u14f1\u1403\u144e\u148e\u1550\u14d7\u144e\u1483 \u140a\u1450\u1550\u1455\u1405\u14f2\u148d\u1466\u14f1\u144e\u1483 \u14c4\u14c7\u1555\u14bb\u14a5.\n\u140a\u1405\u14bb\u14ab\u148c\u155d\u1555\u1405\u1449 \u1431\u14c7\u14f1\u1466\u144e\u158f\u14d0\u14c4\u1466, \u1455\u146f\u14d0\u14c7\u1546\u140a\u14a5\u1483 \u1431\u14c7\u14f1\u1490\u1550\u14a5\u1483 \u14c4\u1403\u152a\u14a5\u1483 \u140a\u14bb\u14aa\u14d7 \u1431\u1559\u14ea\u14d5\u140a\u14ef\u1466\u14f1\u14c2 \u157f\u14da\u14c8\u1550\u14c2\u14a5\u1483 \u1403\u1449\u1431\u148d\u14f1\u14d0\u14c7\u14da\u1405\u1550\u1450\u1585 \u140a\u14bb\u14aa\u14d7 \u1431\u152a\u1466\u14f4\u1405\u152e\u1466\u14ef\u140a\u14c2\u1550\u14a5\u1483 \u1405\u1431\u14aa\u14c2\u1550\u14a5\u14d7 \u1403\u14d5\u1466\u14ef\u14c2\u1483 \u1455\u146f\u14db\u1581\u1528\u1557\u148d\u1466 \u1456\u1483\u146f\u14c2\u1593 \u1403\u14d5\u1483\u1470\u1450\u14c2\u1483 \u14c4\u14c7\u1555\u14bb\u14a7\u140a\u1593\u1466\u14f1\u144e\u1483 \u14c4\u1403\u1455\u1405\u1449\u1438\u1455.<br>\n\u1455\u146f\u14a5\u14c7\u1550\u1450\u14d5\u1405\u1550\u144f\u1466 \u1403\u14da\u1405\u152a\u1466: \u1451\u14aa\u14ef \u14aa\u158f\u1405\u1585 (\u1403\u14d7\u14d5\u158f\u14d0\u14c2\u1483 \u140a\u1405\u14da\u1466\u14ef\u1528, \u140a\u14ea\u14da\u144e \u140a\u14bb\u14aa\u14d7 \u140a\u14ea\u14da\u1591\u140a\u1550\u144e\u1405\u14f1\u14c2), \u157c\u140a\u14c7 \u1450\u1483\u1450 (\u140a\u14ea\u14da\u1591\u140a\u1550\u144e), \u140a\u1550\u14f4\u14c2\u1585 \u144e\u140a (\u140a\u14ea\u14da\u1591\u140a\u1550\u144e), \u14ab\u146d \u14c7\u1439\u1550\u1450\u1585 (\u140a\u14ea\u14da\u1591\u140a\u1550\u144e), \u14a5\u140a\u1528 \u1438\u14c2\u1593\u152d\u1483 (\u140a\u14ea\u14da\u1591\u140a\u1550\u144e), \u1438\u14f4 \u14aa\u158f\u1405\u1483 (\u140a\u14ea\u14da\u1591\u140a\u1550\u144e), \u1439\u14f4 \u14aa\u146d\u1405\u1483 (\u140a\u14ea\u14da\u1591\u140a\u1550\u144e \u140a\u14bb\u14aa\u14d7 \u1405\u14c2\u1483\u1473\u14d5\u1405\u1550\u144e), \u1456\u14d0\u152d \u14a5\u140a\u14f1 (\u140a\u14ea\u14da\u1591\u140a\u1550\u144e), \u14c2\u146f\u14da\u1505 \u1432\u1550\u144e-\u1450\u1431\u14d5\u140a\u14ef\u155d (\u1405\u14c2\u1483\u1473\u14d5\u1405\u1550\u144e), \u14d5\u14ef \u1403\u1466\u1450\u1585 (\u1405\u14c2\u1483\u1473\u14d5\u1405\u1550\u144e), \u1431\u1450\u1546\u1505 \u144e\u140a (\u1405\u14c2\u1483\u1473\u14d5\u1405\u1550\u144e), \u14ef\u140a\u152d \u140b\u14d7\u1438 (\u1405\u1583\u1405\u14ef\u1405\u1449 \u140a\u14ef\u140a\u148e\u14d5\u1550\u144e\u1546\u1528).<br>\n\n\n\n<p class=\"has-background has-very-light-gray-background-color\">\nL\u2019an dernier, le magazine jeunesse Grilled Cheese a fait appel \u00e0 Aumaaggiivik, le Secr\u00e9tariat des arts du Nunavik, afin d\u2019inviter des artistes inuits \u00e0 participer \u00e0 leurs publications. Catherine Ouellet-Cumming et Julien Boisseau, les cr\u00e9ateurs derri\u00e8re le magazine, partageaient : \u00ab Malgr\u00e9 la diversit\u00e9 de nos collaborateurs, nous n\u2019avons jamais eu la chance de travailler avec des artistes autochtones. L\u2019objectif de cette initiative est de cr\u00e9er des liens avec des artistes du Nunavik pour qu\u2019ils deviennent des collaborateurs du magazine et nous ne sommes vraiment pas d\u00e9\u00e7us ! \u00bb. Ils ont ainsi invit\u00e9 l\u2019artiste Thomassie Mangiok \u00e0 \u00eatre responsable du contenu d\u2019une \u00e9dition sp\u00e9ciale Nunavik. Celui-ci a jumel\u00e9 avec ing\u00e9niosit\u00e9 des auteurs et illustrateurs pour ces num\u00e9ros destin\u00e9s \u00e0 des lecteurs de deux \u00e0 quatre ans et de cinq \u00e0 dix ans qui, gr\u00e2ce au soutien de Makivik et de Kativik Ilisarniliriniq, seront distribu\u00e9s \u00e0 tous les enfants \u00e0 travers les 14 villages du Nunavik. \u00ab J\u2019ai consacr\u00e9 mon travail \u00e0 cr\u00e9er du contenu culturel et montrer que n\u2019importe qui peut le faire \u00e9galement. Je me sens valoris\u00e9 et mieux lorsque je vois notre travail mis de l\u2019avant et appr\u00e9ci\u00e9\u2026 La qualit\u00e9 de ce qui a \u00e9t\u00e9 cr\u00e9\u00e9 m&#8217;a rappel\u00e9, avec modestie, que les esprits cr\u00e9atifs sont abondants dans notre r\u00e9gion. \u00bb<br>\nCr\u00e9er de la litt\u00e9rature jeunesse et partager la culture sous une forme non-traditionnelle pour les prochaines g\u00e9n\u00e9rations est un devoir ressenti par beaucoup d\u2019artistes \u00e0 travers le Nunavik. Nicolas Pirti-Duplessis, auteur, mentionne : \u00ab Lorsque j\u2019\u00e9crivais les histoires, je m\u2019imaginais comment en tant qu\u2019enfant j\u2019aurais aim\u00e9 lire des histoires comme \u00e7a\u2026 Notre culture est si riche en histoires et anecdotes, les possibilit\u00e9s d\u2019int\u00e9resser nos enfants \u00e0 la lecture et \u00e0 notre langue sont infinies \u00bb. Hannah Tooktoo, artiste visuelle derri\u00e8re la cr\u00e9ation des deux couvertures, souligne : \u00ab J\u2019ai ador\u00e9 cette exp\u00e9rience, lire les histoires et tenter de capturer ce que l\u2019auteur voulais transmettre\u2026 Je suis heureuse que les enfants aient acc\u00e8s \u00e0 des histoires cr\u00e9\u00e9es par des Inuits pour les Inuits ! \u00bb Thomassie Mangiok rajoute : \u00ab Je me sens honor\u00e9 d\u2019avoir l\u2019occasion de cr\u00e9er un impact que les enfants m\u00e9ritent dans leurs vies. Les enfants devraient c\u00e9l\u00e9brer leur identit\u00e9, ils devraient sentir qu\u2019ils peuvent se retrouver \u00e0 travers les autres dans les m\u00e9dias. \u00bb et il est heureux que le magazine sera disponible dans les trois langues parl\u00e9es au Nunavik.<br>\nPour l\u2019\u00e9quipe d\u2019Aumaaggiivik, voir na\u00eetre et \u00e9voluer ce projet fut particuli\u00e8rement excitant et c\u2019est avec beaucoup d\u2019enthousiasme et de fiert\u00e9 que nous vous invitons \u00e0 d\u00e9couvrir ces num\u00e9ros sp\u00e9ciaux. \nArtistes participants : Thomassie Mangiok (responsable du contenu, auteur et illustrateur), Hannah Tooktoo (illustratrice), Arsaniq Deer (illustratrice), Maggie Napartuk (illustratrice), Mary Paningajak (illustratrice), Pasa Mangiok (illustratrice), Passa Mangiuk (illustratrice et auteure), Tanya Mesher (illustratrice), Nicolas Pirti-Duplessis (auteur), Lisi Etok (auteure), Beatrice Deer (auteure), Sarah Aloupa (traductrice).<br>\n\n\n\n<p class=\"has-background has-very-light-gray-background-color\">\nLast year, the children magazine Grilled Cheese contacted Aumaaggiivik, the Nunavik Arts Secretariat, to invite Inuit artists to contribute to their publications. Catherine Ouellet-Cumming and Julien Boisseau, the creators behind the magazine shared: \u201cAlthough the diversity of our collaborators, we never had a chance to work with indigenous artists. The goal of this initiative is to create a connection with the artists of Nunavik so they could become collaborators of the magazine and we are not disappointed!\u201d. Therefore, they invited artist Thomassie Mangiok to manage the content for a special Nunavik edition. He assigned writers and illustrators for theses numbers intended for children ages two to four years old and to five to ten years old that, thanks to Makivik and Kativik Ilisarniliriq, will be distributed to all children across the fourteen villages of Nunavik. \u201cI\u2019ve dedicated my work to create cultural content and to show that anyone can do the same, I feel empowered and better when I see our work being valued and enjoyed\u2026 Humbling, the quality of everything created reminded me that creative minds are plentiful in our region.\u201d<br>\nCreate children literature and share the culture through a non-traditional form for the next generations is a duty felt among various artists in Nunavik. Nicolas Pirti-Duplessis, writer, mentions: \u201cWhen I was writing the stories, I imagined myself as a child and how I would have loved to ear stories of this kind\u2026 Our culture is so rich in stories and anecdotes, the possibility to make our children interested in reading and in our language is infinite\u201d. Hannah Tooktoo, visual artist behind both of the covers highlights: \u201cI loved this experience, reading the stories and trying to capture what the writer wanted to transmit\u2026 I am happy that children will have access to stories written by Inuit for Inuit!\u201d Thomassie Mangiok added that \u2018\u2019I feel honored to have an opportunity to have an impact in their life; they deserve such material. Children should celebrate their identity; they should feel that they can relate by seeing others like them in media.\u2019\u2019 and he is happy that the magazine will be available in the three languages spoken in Nunavik.<br>\nFor Aumaaggiivik staff, to witness the project come up and evolve was particularly exciting and it is with great enthusiasm and pride that we invite you to discover these special editions.\nParticipating artists: Thomassie Mangiok (content manager, writer and illustrator), Hannah Tooktoo (illustrator), Arsaniq Deer (illustrator), Maggie Napartuk (illustrator), Mary Paningajak (illustrator), Pasa Mangiok (illustrator), Passa Mangiuk (illustrator and author), Tanya Mesher (illustrator), Nicolas Pirti-Duplessis (author), Lisi Etok (author), Beatrice Deer (author), Sarah Aloupa (translator).<br>\n\n\n\n<p class=\"has-background\" style=\"background-color:#e5f5f5\">\n\u14c7\u14bb\u14a5\u14c2\u1550\u1456\u1548\u14aa\u148d\u1555\u1466, \u1583\u1546\u1455\u1405\u152d\u1483\u146f\u1466 \u1455\u146f\u1546\u140a\u148b\u1466 Grilled Cheese \u1455\u146f\u1546\u140a\u1550\u1555\u1593\u14c2<br>\nPour vous procurer une copie, visiter le site internet de Grilled Cheese. (une copie sera envoy\u00e9 aux enfants du Nunavik)<br>\nTo get a copy, visit Grilled Cheese Website (a copy will be sent to all Nunavik children)<br><a rel=\"noreferrer noopener\" href=\"https:\/\/grilledcheesemag.com\" target=\"_blank\">https:\/\/grilledcheesemag.com<\/a><\/p>\n\n\n\n<p>\u140a\u14ea\u14da\u1450\u1585 | Texte de | Text by: Olivia Lya Thomassie<\/p>\n\n\n<div class=\"rl-gallery-container splide rl-loading\" id=\"rl-gallery-container-1\" data-gallery_id=\"1952\"> <div class=\"rl-gallery rl-basicslider-gallery splide__track \" id=\"rl-gallery-1\" data-gallery_no=\"1\"> <ul class=\"splide__list\"> <li class=\"rl-gallery-item splide__slide\" data-thumb=\"https:\/\/tarqitamaat.ca\/wp-content\/uploads\/2020\/10\/entry-1.cgi_.png\"> <a href=\"https:\/\/tarqitamaat.ca\/wp-content\/uploads\/2020\/10\/entry-1.cgi_.png\" title=\"\" data-rl_title=\"\" class=\"rl-gallery-link\" data-rl_caption=\"\" data-rel=\"lightbox-gallery-1\"><img src=\"https:\/\/tarqitamaat.ca\/wp-content\/uploads\/2020\/10\/entry-1.cgi_.png\" width=\"830\" height=\"1063\" alt=\"\" \/><\/a> <\/li> <li class=\"rl-gallery-item splide__slide\" data-thumb=\"https:\/\/tarqitamaat.ca\/wp-content\/uploads\/2020\/10\/entry.cgi_.png\"> <a href=\"https:\/\/tarqitamaat.ca\/wp-content\/uploads\/2020\/10\/entry.cgi_.png\" title=\"\" data-rl_title=\"\" class=\"rl-gallery-link\" data-rl_caption=\"\" data-rel=\"lightbox-gallery-1\"><img src=\"https:\/\/tarqitamaat.ca\/wp-content\/uploads\/2020\/10\/entry.cgi_.png\" width=\"811\" height=\"1071\" alt=\"\" \/><\/a> <\/li> <\/ul> <\/div> <\/div>\n<p><iframe loading=\"lazy\" style=\"border: none; overflow: hidden;\" src=\"https:\/\/www.facebook.com\/plugins\/video.php?height=314&amp;href=https%3A%2F%2Fwww.facebook.com%2Faumaaggiivik.nunavikartssecretariat%2Fvideos%2F261700828590628%2F&amp;show_text=false&amp;width=560\" width=\"560\" height=\"314\" frameborder=\"0\" scrolling=\"no\" allowfullscreen=\"allowfullscreen\"><\/iframe><\/p>\n\n\n<p>\u14c7\u146f\u1550\u14a6\u1455\u1557\u1466 \/ Merci \u00e0 \/ Thanks to<\/p>\n\n\n\n<figure class=\"wp-block-image size-large\"><img decoding=\"async\" loading=\"lazy\" width=\"925\" height=\"335\" src=\"https:\/\/tarqitamaat.ca\/wp-content\/uploads\/2020\/11\/logos.jpg\" alt=\"\" class=\"wp-image-2100\" srcset=\"https:\/\/tarqitamaat.ca\/wp-content\/uploads\/2020\/11\/logos.jpg 925w, https:\/\/tarqitamaat.ca\/wp-content\/uploads\/2020\/11\/logos-300x109.jpg 300w, https:\/\/tarqitamaat.ca\/wp-content\/uploads\/2020\/11\/logos-768x278.jpg 768w, https:\/\/tarqitamaat.ca\/wp-content\/uploads\/2020\/11\/logos-700x254.jpg 700w\" sizes=\"(max-width: 925px) 100vw, 925px\" \/><\/figure>\n\n\n\n<p><\/p>\n","protected":false},"excerpt":{"rendered":"<p>Grilled Cheese \u140a\u1550\u154c\u14c2, \u1472\u1483\u1472\u14db\u1466 \u157f\u14a5\u1550\u1548\u1591\u140a\u14d5\u1405\u1550\u144e\u158f\u1466 Grilled Cheese \u1405\u1584\u1555\u1583\u14da\u1405\u152b\u1466 \u140a\u1405\u14bb\u14ab\u148c\u155d\u1555\u14a5\u1483, \u14c4\u14c7\u1555\u14bb\u14a5 \u1455\u146f\u14a5\u14c7\u1550\u1450\u14d5\u1405\u1550\u144e\u14c2\u1483 \u146d\u14a1\u1490\u1450\u1550\u1555\u14a5\u1483, \u1403\u14c4\u14d0\u14c2\u1483 \u1455\u146f\u14a5\u14c7\u1550\u1450\u14d5\u1405\u1550\u144e\u14c2\u1483 \u1450\u14c2\u1550\u1548\u14ef\u1581\u1528\u1466\u14f1\u144e\u1483 \u1455\u146f\u1490\u1466\u14f4\u14d5\u140a\u1546\u14da\u1593\u152d\u14a5\u14c2\u1483. \u1472\u1455\u1547\u14d0 \u1405\u1403\u14d5\u140a\u1466-\u1472\u14a5\u1595 \u140a\u14bb\u14aa\u14d7 \u152a\u14d5\u140a\u14d0 \u1433\u140a\u14f1, \u157f\u14a5\u1550\u1548\u1591\u140a\u14c2\u1483 \u14c4\u1403\u1466\u14ef\u14ef\u14aa\u152b\u1483 \u1403\u14a3\u14d5\u14da\u1405\u152b\u1483: &#8220;\u140a\u14a5\u14f2\u1466\u14f1\u144e\u1483 \u140a\u1466\u1528\u148c\u1595\u158f\u1451\u1559\u1466\u1451\u1490\u14d7\u140a\u1466 \u1403\u1472\u152a\u1550\u144e\u148b\u1559\u1466\u1455\u1557\u1466, \u14c4\u14c7\u1583\u1550\u1584\u1450\u1555\u14c2\u1550\u14c2\u1483 \u1455\u146f\u14a5\u14c7\u1550\u1450\u14d5\u1405\u1550\u144e\u14c2\u1483 \u1431\u14c7\u14f1\u140a\u1583\u144e\u1583\u14da\u1405\u1550\u14ef\u14aa\u1595\u158f\u1450\u148d\u1466. \u1450\u154c\u1490\u1593 \u1456\u1466\u14f1\u14aa \u1431\u148b\u140a\u1550\u144e\u1455\u1405\u14ef\u14aa\u152b\u1449 \u14c4\u1403\u1466\u14ef\u14c2\u1585 \u1431\u1450\u1466\u14ef\u14aa\u1583\u1455\u1405\u148d\u144e\u1593\u14c2\u1483 \u14c4\u14c7\u1555\u1405\u1449 \u1455\u146f\u14a5\u14c7\u1550\u1450\u14d5\u1405\u1550\u144e\u158f\u1466\u1455 \u1403\u1472\u152a\u1583\u1455\u1405\u1583\u1466\u1455\u14c2\u140a\u1550\u144e\u14d7\u148b\u1466 \u157f\u14a5\u1550\u1548\u1591\u140a\u14d5\u1405\u1550\u1450\u14c2\u1483 \u140a\u14bb\u14aa\u14d7 \u140a\u14d5\u140a\u14f2\u14bb\u14a5\u14d5\u14da\u1405\u152a\u1466\u14f1\u1455!&#8221; \u144c\u14a3\u14bb\u14aa\u1466, \u1450\u1595\u1593\u14f1\u1466\u144e\u14ef\u14d5\u14da\u1405\u152b\u1466 \u1451\u14aa\u14ef \u14aa\u158f\u1405\u1550\u14a5\u1483 \u140a\u1405\u14da\u1466\u14ef\u14da\u1593\u144e\u14ea\u14d7\u148d \u1403\u14d7\u14d5\u158f\u14d0\u14c2\u1483 \u14c4\u14c7\u1555\u14bb\u14a7\u140a\u1593\u152a\u1466. \u144e\u14d5\u1405\u1546\u14da\u1405\u152b\u1585 \u140a\u14ea\u14da\u144e\u14c2\u1483 \u140a\u14bb\u14aa\u14d7 \u140a\u14ea\u14da\u1591\u140a\u1550\u144e\u14c2\u1483 \u1403\u14d5\u1593\u152a\u14c2\u1483 \u1472\u1483\u1472\u14db\u14c4\u1466 \u1405\u146d\u1405\u14d5\u14d0\u14c4\u1466 &hellip; <a href=\"https:\/\/tarqitamaat.ca\/?page_id=1881\" class=\"more-link\">Continue reading <span class=\"screen-reader-text\">\u140a\u1550\u14c7\u14d5\u14d0\u1592\u144e\u1555\u1483 | Octobre | October<\/span> <span class=\"meta-nav\">&rarr;<\/span><\/a><\/p>\n","protected":false},"author":1,"featured_media":1941,"parent":0,"menu_order":0,"comment_status":"closed","ping_status":"closed","template":"","meta":[],"_links":{"self":[{"href":"https:\/\/tarqitamaat.ca\/index.php?rest_route=\/wp\/v2\/pages\/1881"}],"collection":[{"href":"https:\/\/tarqitamaat.ca\/index.php?rest_route=\/wp\/v2\/pages"}],"about":[{"href":"https:\/\/tarqitamaat.ca\/index.php?rest_route=\/wp\/v2\/types\/page"}],"author":[{"embeddable":true,"href":"https:\/\/tarqitamaat.ca\/index.php?rest_route=\/wp\/v2\/users\/1"}],"replies":[{"embeddable":true,"href":"https:\/\/tarqitamaat.ca\/index.php?rest_route=%2Fwp%2Fv2%2Fcomments&post=1881"}],"version-history":[{"count":22,"href":"https:\/\/tarqitamaat.ca\/index.php?rest_route=\/wp\/v2\/pages\/1881\/revisions"}],"predecessor-version":[{"id":114755,"href":"https:\/\/tarqitamaat.ca\/index.php?rest_route=\/wp\/v2\/pages\/1881\/revisions\/114755"}],"wp:featuredmedia":[{"embeddable":true,"href":"https:\/\/tarqitamaat.ca\/index.php?rest_route=\/wp\/v2\/media\/1941"}],"wp:attachment":[{"href":"https:\/\/tarqitamaat.ca\/index.php?rest_route=%2Fwp%2Fv2%2Fmedia&parent=1881"}],"curies":[{"name":"wp","href":"https:\/\/api.w.org\/{rel}","templated":true}]}}